{"id":68553,"date":"2017-10-20T09:41:21","date_gmt":"2017-10-20T07:41:21","guid":{"rendered":"https:\/\/ikuchyne.sk\/eshop\/?page_id=68553"},"modified":"2020-10-15T21:41:38","modified_gmt":"2020-10-15T19:41:38","slug":"lustre-triedenie-podla-farby","status":"publish","type":"page","link":"https:\/\/www.ikuchyne.sk\/eshop\/lustre-triedenie-podla-farby\/","title":{"rendered":"Lustre &#8211; triedenie pod\u013ea farby"},"content":{"rendered":"<h2>Lustre<\/h2>\n<p>[vc_row disable_element=&#8221;yes&#8221; el_class=&#8221;oddiely_row&#8221;][vc_column][vc_column_text]<\/p>\n<h4 class=\"kat_nadpis\">Triedenie pod\u013ea <span style=\"color: #ea1d5c;\">farby:<\/span><\/h4>\n<p>[\/vc_column_text][\/vc_column][\/vc_row][vc_row el_class=&#8221;oddiely_row&#8221;]<a href=\"\/eshop\/kategoria\/lustre-zlate\">[vc_column width=&#8221;1\/4&#8243;][vc_column_text el_class=&#8221;oddiely_info_4&#8243; el_id=&#8221;lustre_zlate&#8221;]<\/p>\n<div class=\"oddiely_text\"><span class=\"oddiely_nadpis\">Zlat\u00e9 lustre<\/span><br \/>\n<span class=\"oddiely_link\">vst\u00fapi\u0165 do kateg\u00f3rie &gt;<\/span><\/div>\n<p>[\/vc_column_text][\/vc_column]<\/a><a href=\"\/eshop\/kategoria\/lustre-medene\">[vc_column width=&#8221;1\/4&#8243;][vc_column_text el_class=&#8221;oddiely_info_4&#8243; el_id=&#8221;lustre_medene&#8221;]<\/p>\n<div class=\"oddiely_text\"><span class=\"oddiely_nadpis\">Meden\u00e9 lustre<\/span><br \/>\n<span class=\"oddiely_link\">vst\u00fapi\u0165 do kateg\u00f3rie &gt;<\/span><\/div>\n<p>[\/vc_column_text][\/vc_column]<\/a><a href=\"\/eshop\/kategoria\/lustre-chromove\">[vc_column width=&#8221;1\/4&#8243;][vc_column_text el_class=&#8221;oddiely_info_4&#8243; el_id=&#8221;lustre_chromove&#8221;]<\/p>\n<div class=\"oddiely_text\"><span class=\"oddiely_nadpis\">Chr\u00f3mov\u00e9 lustre<\/span><br \/>\n<span class=\"oddiely_link\">vst\u00fapi\u0165 do kateg\u00f3rie &gt;<\/span><\/div>\n<p>[\/vc_column_text][\/vc_column]<\/a><a href=\"\/eshop\/kategoria\/lustre-betonove-sede\">[vc_column width=&#8221;1\/4&#8243;][vc_column_text el_class=&#8221;oddiely_info_4&#8243; el_id=&#8221;lustre_sede&#8221;]<\/p>\n<div class=\"oddiely_text\"><span class=\"oddiely_nadpis\">Bet\u00f3nov\u00e9 \/ \u0160ed\u00e9 lustre<\/span><br \/>\n<span class=\"oddiely_link\">vst\u00fapi\u0165 do kateg\u00f3rie &gt;<\/span><\/div>\n<p>[\/vc_column_text][\/vc_column]<\/a><a href=\"\/eshop\/kategoria\/lustre-biele\">[vc_column width=&#8221;1\/4&#8243;][vc_column_text el_class=&#8221;oddiely_info_4&#8243; el_id=&#8221;lustre_biele&#8221;]<\/p>\n<div class=\"oddiely_text\"><span class=\"oddiely_nadpis\">Biele lustre<\/span><br \/>\n<span class=\"oddiely_link\">vst\u00fapi\u0165 do kateg\u00f3rie &gt;<\/span><\/div>\n<p>[\/vc_column_text][\/vc_column]<\/a><a href=\"\/eshop\/kategoria\/lustre-cierne\">[vc_column width=&#8221;1\/4&#8243;][vc_column_text el_class=&#8221;oddiely_info_4&#8243; el_id=&#8221;lustre_cierne&#8221;]<\/p>\n<div class=\"oddiely_text\"><span class=\"oddiely_nadpis\">\u010cierne lustre<\/span><br \/>\n<span class=\"oddiely_link\">vst\u00fapi\u0165 do kateg\u00f3rie &gt;<\/span><\/div>\n<p>[\/vc_column_text][\/vc_column]<\/a>[\/vc_row]<\/p>\n","protected":false},"excerpt":{"rendered":"<p>Lustre [vc_row disable_element=&#8221;yes&#8221; el_class=&#8221;oddiely_row&#8221;][vc_column][vc_column_text] Triedenie pod\u013ea farby: [\/vc_column_text][\/vc_column][\/vc_row][vc_row el_class=&#8221;oddiely_row&#8221;][vc_column width=&#8221;1\/4&#8243;][vc_column_text el_class=&#8221;oddiely_info_4&#8243; el_id=&#8221;lustre_zlate&#8221;] Zlat\u00e9 lustre vst\u00fapi\u0165 do kateg\u00f3rie &gt; [\/vc_column_text][\/vc_column][vc_column width=&#8221;1\/4&#8243;][vc_column_text el_class=&#8221;oddiely_info_4&#8243; el_id=&#8221;lustre_medene&#8221;] Meden\u00e9 lustre vst\u00fapi\u0165 do kateg\u00f3rie &gt; [\/vc_column_text][\/vc_column][vc_column width=&#8221;1\/4&#8243;][vc_column_text<\/p>\n","protected":false},"author":1,"featured_media":0,"parent":0,"menu_order":0,"comment_status":"closed","ping_status":"closed","template":"","meta":{"footnotes":""},"yoast_head":"<!-- This site is optimized with the Yoast SEO plugin v22.1 - https:\/\/yoast.com\/wordpress\/plugins\/seo\/ -->\n<title>Lustre - triedenie pod\u013ea farby &#187; iKuchyne iSHOP s n\u00e1bytkom<\/title>\n<meta name=\"description\" content=\"Lustre ka\u017edej farby, tvaru, \u0161t\u00fdlu. U n\u00e1s n\u00e1jdete naozaj \u0161irok\u00fd v\u00fdber z\u00e1vesn\u00fdch a in\u00fdch svietidiel. Vst\u00fapte do eshopu iKuchyne.sk a objavte vysn\u00edvan\u00fd luster.\" \/>\n<meta name=\"robots\" content=\"index, follow, max-snippet:-1, max-image-preview:large, max-video-preview:-1\" \/>\n<link rel=\"canonical\" href=\"https:\/\/www.ikuchyne.sk\/eshop\/lustre-triedenie-podla-farby\/\" \/>\n<meta property=\"og:locale\" content=\"sk_SK\" \/>\n<meta property=\"og:type\" content=\"article\" \/>\n<meta property=\"og:title\" content=\"Lustre - triedenie pod\u013ea farby &#187; iKuchyne iSHOP s n\u00e1bytkom\" \/>\n<meta property=\"og:description\" content=\"Lustre ka\u017edej farby, tvaru, \u0161t\u00fdlu. U n\u00e1s n\u00e1jdete naozaj \u0161irok\u00fd v\u00fdber z\u00e1vesn\u00fdch a in\u00fdch svietidiel. Vst\u00fapte do eshopu iKuchyne.sk a objavte vysn\u00edvan\u00fd luster.\" \/>\n<meta property=\"og:url\" content=\"https:\/\/www.ikuchyne.sk\/eshop\/lustre-triedenie-podla-farby\/\" \/>\n<meta property=\"og:site_name\" content=\"iKuchyne iSHOP s n\u00e1bytkom\" \/>\n<meta property=\"article:publisher\" content=\"https:\/\/www.facebook.com\/ikuchyne\/\" \/>\n<meta property=\"article:modified_time\" content=\"2020-10-15T19:41:38+00:00\" \/>\n<meta name=\"twitter:card\" content=\"summary_large_image\" \/>\n<meta name=\"twitter:label1\" content=\"Predpokladan\u00fd \u010das \u010d\u00edtania\" \/>\n\t<meta name=\"twitter:data1\" content=\"1 min\u00fata\" \/>\n<script type=\"application\/ld+json\" class=\"yoast-schema-graph\">{\"@context\":\"https:\/\/schema.org\",\"@graph\":[{\"@type\":\"WebPage\",\"@id\":\"https:\/\/www.ikuchyne.sk\/eshop\/lustre-triedenie-podla-farby\/\",\"url\":\"https:\/\/www.ikuchyne.sk\/eshop\/lustre-triedenie-podla-farby\/\",\"name\":\"Lustre - triedenie pod\u013ea farby &#187; iKuchyne iSHOP s n\u00e1bytkom\",\"isPartOf\":{\"@id\":\"https:\/\/www.ikuchyne.sk\/eshop\/#website\"},\"datePublished\":\"2017-10-20T07:41:21+00:00\",\"dateModified\":\"2020-10-15T19:41:38+00:00\",\"description\":\"Lustre ka\u017edej farby, tvaru, \u0161t\u00fdlu. U n\u00e1s n\u00e1jdete naozaj \u0161irok\u00fd v\u00fdber z\u00e1vesn\u00fdch a in\u00fdch svietidiel. Vst\u00fapte do eshopu iKuchyne.sk a objavte vysn\u00edvan\u00fd luster.\",\"breadcrumb\":{\"@id\":\"https:\/\/www.ikuchyne.sk\/eshop\/lustre-triedenie-podla-farby\/#breadcrumb\"},\"inLanguage\":\"sk-SK\",\"potentialAction\":[{\"@type\":\"ReadAction\",\"target\":[\"https:\/\/www.ikuchyne.sk\/eshop\/lustre-triedenie-podla-farby\/\"]}]},{\"@type\":\"BreadcrumbList\",\"@id\":\"https:\/\/www.ikuchyne.sk\/eshop\/lustre-triedenie-podla-farby\/#breadcrumb\",\"itemListElement\":[{\"@type\":\"ListItem\",\"position\":1,\"name\":\"Home\",\"item\":\"https:\/\/www.ikuchyne.sk\/eshop\/\"},{\"@type\":\"ListItem\",\"position\":2,\"name\":\"Lustre &#8211; triedenie pod\u013ea farby\"}]},{\"@type\":\"WebSite\",\"@id\":\"https:\/\/www.ikuchyne.sk\/eshop\/#website\",\"url\":\"https:\/\/www.ikuchyne.sk\/eshop\/\",\"name\":\"iKuchyne iSHOP s n\u00e1bytkom\",\"description\":\"Jed\u00e1lensk\u00e9 stoly, stoli\u010dky, n\u00e1bytok, svietidl\u00e1...\",\"publisher\":{\"@id\":\"https:\/\/www.ikuchyne.sk\/eshop\/#organization\"},\"potentialAction\":[{\"@type\":\"SearchAction\",\"target\":{\"@type\":\"EntryPoint\",\"urlTemplate\":\"https:\/\/www.ikuchyne.sk\/eshop\/?s={search_term_string}\"},\"query-input\":\"required name=search_term_string\"}],\"inLanguage\":\"sk-SK\"},{\"@type\":\"Organization\",\"@id\":\"https:\/\/www.ikuchyne.sk\/eshop\/#organization\",\"name\":\"ikuchyne!\",\"url\":\"https:\/\/www.ikuchyne.sk\/eshop\/\",\"logo\":{\"@type\":\"ImageObject\",\"inLanguage\":\"sk-SK\",\"@id\":\"https:\/\/www.ikuchyne.sk\/eshop\/#\/schema\/logo\/image\/\",\"url\":\"https:\/\/www.ikuchyne.sk\/eshop\/wp-content\/uploads\/2017\/04\/ikuchyne-logo.jpg\",\"contentUrl\":\"https:\/\/www.ikuchyne.sk\/eshop\/wp-content\/uploads\/2017\/04\/ikuchyne-logo.jpg\",\"width\":200,\"height\":48,\"caption\":\"ikuchyne!\"},\"image\":{\"@id\":\"https:\/\/www.ikuchyne.sk\/eshop\/#\/schema\/logo\/image\/\"},\"sameAs\":[\"https:\/\/www.facebook.com\/ikuchyne\/\",\"https:\/\/www.instagram.com\/ikuchyne.sk\/\",\"https:\/\/sk.pinterest.com\/ikuchynesk\/\"]}]}<\/script>\n<!-- \/ Yoast SEO plugin. -->","yoast_head_json":{"title":"Lustre - triedenie pod\u013ea farby &#187; iKuchyne iSHOP s n\u00e1bytkom","description":"Lustre ka\u017edej farby, tvaru, \u0161t\u00fdlu. U n\u00e1s n\u00e1jdete naozaj \u0161irok\u00fd v\u00fdber z\u00e1vesn\u00fdch a in\u00fdch svietidiel. Vst\u00fapte do eshopu iKuchyne.sk a objavte vysn\u00edvan\u00fd luster.","robots":{"index":"index","follow":"follow","max-snippet":"max-snippet:-1","max-image-preview":"max-image-preview:large","max-video-preview":"max-video-preview:-1"},"canonical":"https:\/\/www.ikuchyne.sk\/eshop\/lustre-triedenie-podla-farby\/","og_locale":"sk_SK","og_type":"article","og_title":"Lustre - triedenie pod\u013ea farby &#187; iKuchyne iSHOP s n\u00e1bytkom","og_description":"Lustre ka\u017edej farby, tvaru, \u0161t\u00fdlu. U n\u00e1s n\u00e1jdete naozaj \u0161irok\u00fd v\u00fdber z\u00e1vesn\u00fdch a in\u00fdch svietidiel. Vst\u00fapte do eshopu iKuchyne.sk a objavte vysn\u00edvan\u00fd luster.","og_url":"https:\/\/www.ikuchyne.sk\/eshop\/lustre-triedenie-podla-farby\/","og_site_name":"iKuchyne iSHOP s n\u00e1bytkom","article_publisher":"https:\/\/www.facebook.com\/ikuchyne\/","article_modified_time":"2020-10-15T19:41:38+00:00","twitter_card":"summary_large_image","twitter_misc":{"Predpokladan\u00fd \u010das \u010d\u00edtania":"1 min\u00fata"},"schema":{"@context":"https:\/\/schema.org","@graph":[{"@type":"WebPage","@id":"https:\/\/www.ikuchyne.sk\/eshop\/lustre-triedenie-podla-farby\/","url":"https:\/\/www.ikuchyne.sk\/eshop\/lustre-triedenie-podla-farby\/","name":"Lustre - triedenie pod\u013ea farby &#187; iKuchyne iSHOP s n\u00e1bytkom","isPartOf":{"@id":"https:\/\/www.ikuchyne.sk\/eshop\/#website"},"datePublished":"2017-10-20T07:41:21+00:00","dateModified":"2020-10-15T19:41:38+00:00","description":"Lustre ka\u017edej farby, tvaru, \u0161t\u00fdlu. U n\u00e1s n\u00e1jdete naozaj \u0161irok\u00fd v\u00fdber z\u00e1vesn\u00fdch a in\u00fdch svietidiel. Vst\u00fapte do eshopu iKuchyne.sk a objavte vysn\u00edvan\u00fd luster.","breadcrumb":{"@id":"https:\/\/www.ikuchyne.sk\/eshop\/lustre-triedenie-podla-farby\/#breadcrumb"},"inLanguage":"sk-SK","potentialAction":[{"@type":"ReadAction","target":["https:\/\/www.ikuchyne.sk\/eshop\/lustre-triedenie-podla-farby\/"]}]},{"@type":"BreadcrumbList","@id":"https:\/\/www.ikuchyne.sk\/eshop\/lustre-triedenie-podla-farby\/#breadcrumb","itemListElement":[{"@type":"ListItem","position":1,"name":"Home","item":"https:\/\/www.ikuchyne.sk\/eshop\/"},{"@type":"ListItem","position":2,"name":"Lustre &#8211; triedenie pod\u013ea farby"}]},{"@type":"WebSite","@id":"https:\/\/www.ikuchyne.sk\/eshop\/#website","url":"https:\/\/www.ikuchyne.sk\/eshop\/","name":"iKuchyne iSHOP s n\u00e1bytkom","description":"Jed\u00e1lensk\u00e9 stoly, stoli\u010dky, n\u00e1bytok, svietidl\u00e1...","publisher":{"@id":"https:\/\/www.ikuchyne.sk\/eshop\/#organization"},"potentialAction":[{"@type":"SearchAction","target":{"@type":"EntryPoint","urlTemplate":"https:\/\/www.ikuchyne.sk\/eshop\/?s={search_term_string}"},"query-input":"required name=search_term_string"}],"inLanguage":"sk-SK"},{"@type":"Organization","@id":"https:\/\/www.ikuchyne.sk\/eshop\/#organization","name":"ikuchyne!","url":"https:\/\/www.ikuchyne.sk\/eshop\/","logo":{"@type":"ImageObject","inLanguage":"sk-SK","@id":"https:\/\/www.ikuchyne.sk\/eshop\/#\/schema\/logo\/image\/","url":"https:\/\/www.ikuchyne.sk\/eshop\/wp-content\/uploads\/2017\/04\/ikuchyne-logo.jpg","contentUrl":"https:\/\/www.ikuchyne.sk\/eshop\/wp-content\/uploads\/2017\/04\/ikuchyne-logo.jpg","width":200,"height":48,"caption":"ikuchyne!"},"image":{"@id":"https:\/\/www.ikuchyne.sk\/eshop\/#\/schema\/logo\/image\/"},"sameAs":["https:\/\/www.facebook.com\/ikuchyne\/","https:\/\/www.instagram.com\/ikuchyne.sk\/","https:\/\/sk.pinterest.com\/ikuchynesk\/"]}]}},"_links":{"self":[{"href":"https:\/\/www.ikuchyne.sk\/eshop\/wp-json\/wp\/v2\/pages\/68553"}],"collection":[{"href":"https:\/\/www.ikuchyne.sk\/eshop\/wp-json\/wp\/v2\/pages"}],"about":[{"href":"https:\/\/www.ikuchyne.sk\/eshop\/wp-json\/wp\/v2\/types\/page"}],"author":[{"embeddable":true,"href":"https:\/\/www.ikuchyne.sk\/eshop\/wp-json\/wp\/v2\/users\/1"}],"replies":[{"embeddable":true,"href":"https:\/\/www.ikuchyne.sk\/eshop\/wp-json\/wp\/v2\/comments?post=68553"}],"version-history":[{"count":6,"href":"https:\/\/www.ikuchyne.sk\/eshop\/wp-json\/wp\/v2\/pages\/68553\/revisions"}],"predecessor-version":[{"id":132981,"href":"https:\/\/www.ikuchyne.sk\/eshop\/wp-json\/wp\/v2\/pages\/68553\/revisions\/132981"}],"wp:attachment":[{"href":"https:\/\/www.ikuchyne.sk\/eshop\/wp-json\/wp\/v2\/media?parent=68553"}],"curies":[{"name":"wp","href":"https:\/\/api.w.org\/{rel}","templated":true}]}}