{"id":76986,"date":"2018-05-24T23:28:54","date_gmt":"2018-05-24T21:28:54","guid":{"rendered":"https:\/\/ikuchyne.sk\/eshop\/?page_id=76986"},"modified":"2019-05-11T16:01:35","modified_gmt":"2019-05-11T14:01:35","slug":"zasady-ochrany-osobnych-udajov","status":"publish","type":"page","link":"https:\/\/www.ikuchyne.sk\/eshop\/zasady-ochrany-osobnych-udajov\/","title":{"rendered":"Z\u00e1sady ochrany osobn\u00fdch \u00fadajov"},"content":{"rendered":"<p>[vc_row][vc_column width=&#8221;1\/2&#8243;][vc_column_text]Tieto z\u00e1sady sprac\u00favania a ochrany osobn\u00fdch \u00fadajov (\u201e<strong>Z\u00e1sady<\/strong>&#8220;) predstavuj\u00fa z\u00e1kladn\u00e9 princ\u00edpy, ktor\u00fdmi sa\u00a0<strong>JOYLY, s.r.o.<\/strong>\u00a0so s\u00eddlom ul. Galvaniho 15\/B, 821 04 Bratislava I\u010cO:48186597 (\u201e<strong>Spolo\u010dnos\u0165<\/strong>&#8220;) riadi pri z\u00edskavan\u00ed a sprac\u00favan\u00ed osobn\u00fdch \u00fadajov ako prev\u00e1dzkovate\u013e osobn\u00fdch \u00fadajov. Tieto Z\u00e1sady vykon\u00e1vaj\u00fa pr\u00e1va a povinnosti Spolo\u010dnosti vypl\u00fdvaj\u00face najm\u00e4 z nasleduj\u00facich v\u0161eobecne z\u00e1v\u00e4zn\u00fdch pr\u00e1vnych predpisov:<\/p>\n<ol>\n<li>nariadenie Eur\u00f3pskeho parlamentu a rady (E\u00da) 2016\/679 o ochrane fyzick\u00fdch os\u00f4b pri sprac\u00favan\u00ed osobn\u00fdch \u00fadajov a o vo\u013enom pohybe tak\u00fdchto \u00fadajov, ktor\u00fdm sa zru\u0161uje smernica 95\/46\/ES (v\u0161eobecn\u00e9 nariadenie o ochrane \u00fadajov) (\u201e<strong>GDPR<\/strong>\u201c);<\/li>\n<\/ol>\n<p>[\/vc_column_text][\/vc_column][vc_column width=&#8221;1\/2&#8243;][vc_single_image image=&#8221;76994&#8243; img_size=&#8221;full&#8221;][\/vc_column][\/vc_row][vc_row][vc_column][vc_text_separator title=&#8221;GDPR ready&#8221; i_icon_fontawesome=&#8221;fa fa-check&#8221; i_color=&#8221;green&#8221; color=&#8221;green&#8221; css_animation=&#8221;fadeInUp&#8221; add_icon=&#8221;true&#8221;][\/vc_column][\/vc_row][vc_row][vc_column][vc_column_text]<\/p>\n<p style=\"text-align: left;\"><strong>Osobn\u00fd rozsah<\/strong><\/p>\n<p style=\"text-align: left;\">Tieto Z\u00e1sady sa uplatnia na v\u0161etky osoby nav\u0161tevuj\u00face webov\u00e9 str\u00e1nky Spolo\u010dnosti <a href=\"http:\/\/www.ikuchyne.sk\/\" data-saferedirecturl=\"https:\/\/www.google.com\/url?hl=sk&amp;q=http:\/\/www.ikuchyne.sk&amp;source=gmail&amp;ust=1527283199513000&amp;usg=AFQjCNGPjHiMSY4vKbRqEHMa2Sl9SO0xig\">www.ikuchyne.sk<\/a> a\u00a0<a href=\"http:\/\/www.ikuchyne.sk\/eshop\" data-saferedirecturl=\"https:\/\/www.google.com\/url?hl=sk&amp;q=http:\/\/www.ikuchyne.sk\/eshop&amp;source=gmail&amp;ust=1527283199513000&amp;usg=AFQjCNE-G0vI147gxPScUoGjL_U-Xtxxpw\">www.ikuchyne.sk\/eshop<\/a> (\u201e<strong>Webov\u00e9 str\u00e1nky<\/strong>&#8220;) a v\u0161etk\u00fdch z\u00e1kazn\u00edkov Spolo\u010dnosti (\u201e<strong>Dotknut\u00e9 osoby<\/strong>&#8220;)<strong>.<\/strong><\/p>\n<p style=\"text-align: left;\">Pou\u017e\u00edvan\u00edm Webov\u00fdch str\u00e1nok Spolo\u010dnosti beriete na vedomie tieto Z\u00e1sady a s\u00fahlas\u00edte s ich uplatnen\u00edm.<\/p>\n<p style=\"text-align: left;\">Osobn\u00fdmi \u00fadajmi v s\u00falade s GDPR s\u00fa v\u0161etky inform\u00e1cie o identifikovanej alebo identifikovate\u013enej fyzickej osobe (nie teda pr\u00e1vnickej osobe). V z\u00e1sade sa teda jedn\u00e1 o ak\u00e9ko\u013evek inform\u00e1cie, ktor\u00e9 \u010di u\u017e samostatne, alebo v s\u00fahrne s \u010fal\u0161\u00edmi inform\u00e1ciami m\u00f4\u017eu sl\u00fa\u017ei\u0165 na identifik\u00e1ciu konkr\u00e9tnej fyzickej osoby (<strong>&#8220;Osobn\u00fd \u00fadaj<\/strong>&#8220;).<\/p>\n<p style=\"text-align: left;\"><strong>Ak\u00e9 kateg\u00f3rie osobn\u00fdch \u00fadajov s\u00fa sprac\u00favan\u00e9 ?<\/strong><\/p>\n<p style=\"text-align: left;\">Spolo\u010dnos\u0165 sprac\u00fava identifika\u010dn\u00e9 \u00fadaje, kontaktn\u00e9 \u00fadaje, opisn\u00e9 \u00fadaje, platobn\u00e9 \u00fadaje, faktura\u010dn\u00e9 \u00fadaje, pr\u00edstupov\u00e9 \u00fadaje, \u00fadaje o pr\u00edstupoch a opr\u00e1vneniach, \u00fadaje o po\u017eiadavk\u00e1ch na slu\u017ebu (v. s\u00faborov cookies), \u00fadaje o skladoch, dodacie \u00fadaje, \u00fadaje o objedn\u00e1vke a \u00fadaje o obchodnej spolupr\u00e1ci.<\/p>\n<p style=\"text-align: left;\"><strong>ochrana osobn\u00fdch \u00fadajov<\/strong><\/p>\n<p style=\"text-align: left;\">Osobn\u00e9 \u00fadaje Spolo\u010dnos\u0165 sprac\u00fava za nasleduj\u00facimi \u00fa\u010delmi:<\/p>\n<ol style=\"text-align: left;\">\n<li>poskytovanie produktov a slu\u017eieb Spolo\u010dnosti, \u010di u\u017e v r\u00e1mci Webov\u00fdch str\u00e1nok alebo prostredn\u00edctvom \u0161tandardn\u00fdch dod\u00e1vate\u013esko-odberate\u013esk\u00fdch vz\u0165ahov;<\/li>\n<li>intern\u00e9 vyhodnotenie poskytovan\u00fdch produktov a slu\u017eieb a pr\u00edpadn\u00e9 zlep\u0161enie ich poskytovania; a<\/li>\n<li>ochrana opr\u00e1vnen\u00fdch z\u00e1ujmov Spolo\u010dnosti (napr. na \u00fa\u010dely bezpe\u010dnosti a funk\u010dnosti webov\u00fdch str\u00e1nok, na \u00fa\u010dely marketingu alebo s\u00fadnych sporov).<\/li>\n<\/ol>\n<p style=\"text-align: left;\"><strong>Marketingov\u00e9 ozn\u00e1menia<\/strong><\/p>\n<p>Ak ste z\u00e1kazn\u00edkom Spolo\u010dnosti alebo ste k tomu udelili s\u00fahlas, Spolo\u010dnos\u0165 je opr\u00e1vnen\u00e1 vyu\u017e\u00edva\u0165 Va\u0161e Osobn\u00e9 \u00fadaje za \u00fa\u010delom zasielania noviniek zo sveta n\u00e1bytku, \u0161peci\u00e1lnych akci\u00ed a \u010fal\u0161ie obchodn\u00e9 ozn\u00e1menia. Zasielanie obchodn\u00fdch inform\u00e1ci\u00ed je mo\u017en\u00e9 kedyko\u013evek odvola\u0165, a to bu\u010f\u00a0 jednoduch\u00fdm odhl\u00e1sen\u00edm prostredn\u00edctvom zasielan\u00fdch obchodn\u00fdch ozn\u00e1men\u00ed, alebo prostredn\u00edctvom e-mailovej adresy:\u00a0<a href=\"mailto:info@ikuchyne.sk\" target=\"_blank\" rel=\"noopener\">info@ikuchyne.sk<\/a><\/p>\n<p style=\"text-align: left;\"><strong>Prenos osobn\u00fdch \u00fadajov<\/strong><\/p>\n<p style=\"text-align: left;\">Osobn\u00e9 \u00fadaje, ktor\u00e9 Spolo\u010dnos\u0165 z\u00edska o Dotknut\u00fdch osob\u00e1ch, s\u00fa \u010falej pren\u00e1\u0161an\u00e9:<\/p>\n<ol style=\"text-align: left;\">\n<li>v r\u00e1mci skupiny ikuchyne!, t.j. prepojen\u00fdm osob\u00e1m Spolo\u010dnosti;<\/li>\n<li>obchodn\u00fdm partnerom Spolo\u010dnosti, napr. dopravcom, fulfillment centr\u00e1m, bank\u00e1m, pois\u0165ovniam, marketingov\u00fdm agent\u00faram, poskytovate\u013eom IT infra\u0161trukt\u00fary (napr. Webov\u00fdch str\u00e1nok), ktor\u00ed potom sprac\u00favaj\u00fa Osobn\u00e9 \u00fadaje pre Spolo\u010dnos\u0165 alebo samostatne v s\u00falade s \u00fa\u010delom ich poskytnutia, ale i na z\u00e1klade opr\u00e1vnen\u00fdch z\u00e1ujmov Spolo\u010dnosti (napr. v s\u00favislosti s kryt\u00edm kreditn\u00e9ho rizika); a<\/li>\n<li>\u010fal\u0161\u00edm tret\u00edm osob\u00e1m, ktor\u00fdm je Spolo\u010dnos\u0165 opr\u00e1vnen\u00e1 (napr\u00edklad v\u0161eobecn\u00e9mu s\u00fadu v pr\u00edpade sporu) \u010di povinn\u00e1 (napr\u00edklad org\u00e1nom \u010dinn\u00fdm v trestnom konan\u00ed) Osobn\u00e9 \u00fadaje poskytn\u00fa\u0165 v s\u00falade so v\u0161eobecne z\u00e1v\u00e4zn\u00fdmi pr\u00e1vnymi predpismi.<\/li>\n<\/ol>\n<p style=\"text-align: left;\"><strong>Prostriedky ochrany osobn\u00fdch \u00fadajov<\/strong><\/p>\n<p style=\"text-align: left;\">Na ochranu a minimaliz\u00e1ciu rizika neopr\u00e1vnen\u00e9ho pr\u00edstupu k Osobn\u00fdm \u00fadajom prijala Spolo\u010dnos\u0165 organiza\u010dn\u00e9 a technick\u00e9 opatrenia.<\/p>\n<p style=\"text-align: left;\">Medzi tieto opatrenia patr\u00ed najm\u00e4 technick\u00e9 zabezpe\u010denie serverov a Webov\u00fdch str\u00e1nok Spolo\u010dnosti proti neopr\u00e1vnen\u00fdm pr\u00edstupom.<\/p>\n<p style=\"text-align: left;\">Osoby prich\u00e1dzaj\u00face do styku s Osobn\u00fdmi \u00fadajmi s\u00fa tie\u017e viazan\u00e9 ml\u010danlivos\u0165ou v s\u00falade s \u010dl\u00e1nkom 28 ods. 3 p\u00edsm. b) GDPR.<\/p>\n<p style=\"text-align: left;\"><strong>Cookies<\/strong><\/p>\n<p style=\"text-align: left;\">Spolo\u010dnos\u0165 vyu\u017e\u00edva pri prev\u00e1dzke svojich Webov\u00fdch str\u00e1nok tzv. cookies, \u010do je textov\u00fd s\u00fabor mal\u00e9ho rozsahu (\u201e<strong>Cookies<\/strong>&#8220;), ktor\u00fd je odosielan\u00fd zo servera Spolo\u010dnosti do prehliada\u010da\/zariadenia Dotknutej osoby a ktor\u00fd pri op\u00e4tovnej n\u00e1v\u0161teve Webov\u00fdch str\u00e1nok Spolo\u010dnosti je zaslan\u00fd sp\u00e4\u0165 na server Spolo\u010dnosti, \u010do umo\u017e\u0148uje Spolo\u010dnosti lep\u0161ie prisp\u00f4sobi\u0165 obsah webovej str\u00e1nky jednotliv\u00fdm Dotknut\u00fdm osob\u00e1m. Pomocou Cookies tak Spolo\u010dnos\u0165:<\/p>\n<ol style=\"text-align: left;\">\n<li>m\u00e1 o Dotknutej osobe k dispoz\u00edcii inform\u00e1cie o predo\u0161lom vyh\u013ead\u00e1van\u00ed;<\/li>\n<li>uklad\u00e1 prihlasovacie \u00fadaje Dotknut\u00fdch os\u00f4b; a<\/li>\n<li>prisp\u00f4sobuje Dotknutej osobe obsah Webov\u00fdch str\u00e1nok.<\/li>\n<\/ol>\n<p style=\"text-align: left;\">Spolo\u010dnos\u0165 Cookies:<\/p>\n<ol style=\"text-align: left;\">\n<li>technick\u00e9 Cookies, ktor\u00e9 umo\u017e\u0148uj\u00fa z\u00e1kladn\u00fa prev\u00e1dzku Webov\u00fdch str\u00e1nok;<\/li>\n<li>rela\u010dn\u00e9 Cookies, ktor\u00e9 s\u00fa potrebn\u00e9 na spr\u00e1vne zobrazenie Webov\u00fdch str\u00e1nok a s\u00fa automaticky zmazan\u00e9 v okamihu, kedy Dotknut\u00e1 osoba opust\u00ed Webov\u00e9 str\u00e1nky;<\/li>\n<li>permanentn\u00e9 Cookies, ktor\u00e9 umo\u017e\u0148uj\u00fa identifik\u00e1ciu Dotknutej osoby, jej pr\u00edstup na Webov\u00e9 str\u00e1nky a jej spr\u00e1vanie na nich. Na z\u00e1klade permanentn\u00fdch Cookies je potom rozpoznan\u00e1 konkr\u00e9tna Dotknut\u00e1 osoba pri opakovanej n\u00e1v\u0161teve Webov\u00fdch str\u00e1nok. Permanentn\u00e9 Cookies sa m\u00f4\u017eu \u010falej pou\u017e\u00edva\u0165 najm\u00e4 na meranie a reklamu aktivity Dotknut\u00fdch os\u00f4b na Webov\u00fdch str\u00e1nkach; a<\/li>\n<li>reklamn\u00e9 Cookies, ktor\u00e9 umo\u017e\u0148uj\u00fa jednotliv\u00fdm Dotknut\u00fdm osob\u00e1m zobrazova\u0165 cielen\u00fa reklamu, a to na z\u00e1klade pr\u00edslu\u0161nosti jednotliv\u00fdch Cookies do dan\u00e9ho reklamn\u00e9ho syst\u00e9mu.<\/li>\n<\/ol>\n<p style=\"text-align: left;\">M\u00e1te samozrejme mo\u017enos\u0165 vyu\u017e\u00edvania Cookies jednorazovo, vymaza\u0165 \u010di dlhodobo blokova\u0165, a to prostredn\u00edctvom svojho prehliada\u010da. V takom pr\u00edpade je v\u0161ak pravdepodobn\u00e9, \u017ee ur\u010dit\u00e9 slu\u017eby a funkcie Webov\u00fdch str\u00e1nok Spolo\u010dnosti nebud\u00fa plne funk\u010dn\u00e9 alebo dostupn\u00e9.<\/p>\n<p style=\"text-align: left;\"><strong>Google analytics<\/strong><\/p>\n<p style=\"text-align: left;\">Spolo\u010dnos\u0165 na Webov\u00fdch str\u00e1nkach vyu\u017e\u00edva slu\u017eby Google Analytics poskytovan\u00e9 spolo\u010dnos\u0165ou Google LLC. Google Analytics umo\u017e\u0148uje Spolo\u010dnosti zber, spracovanie a vyhodnotenie d\u00e1t (o.i. aj Osobn\u00fdch \u00fadajov) o n\u00e1v\u0161tevnosti Webov\u00fdch str\u00e1nok.<\/p>\n<p style=\"text-align: left;\">Slu\u017eba Google Analytics vyu\u017e\u00edva tie\u017e s\u00fabory Cookies, ktor\u00e9 s\u00fa v\u0161ak ulo\u017een\u00e9 na serveroch spolo\u010dnosti Google LLC a Spolo\u010dnos\u0165 k nim nem\u00e1 pr\u00edstup. Na ochranu osobn\u00fdch \u00fadajov spolo\u010dnos\u0165ou Google LLC vi\u010f\u00a0<a href=\"https:\/\/policies.google.com\/privacy?hl=cs\" data-saferedirecturl=\"https:\/\/www.google.com\/url?hl=sk&amp;q=https:\/\/policies.google.com\/privacy?hl%3Dcs&amp;source=gmail&amp;ust=1527283199513000&amp;usg=AFQjCNECzDhjEMRlZLyc3SgjzCeLuByV_g\">https:\/\/policies.google.com\/privacy?hl=sk.<\/a><\/p>\n<p style=\"text-align: left;\"><strong>Kontaktn\u00e9 \u00fadaje<\/strong><\/p>\n<p style=\"text-align: left;\">Pre \u010fal\u0161ie inform\u00e1cie o ochrane a sprac\u00favan\u00ed osobn\u00fdch \u00fadajov, ako aj pre Va\u0161e \u017eiadosti m\u00f4\u017eete vyu\u017ei\u0165 nasleduj\u00facu e-mailov\u00fa adresu:\u00a0<u><a href=\"mailto:info@ikuchyne.sk\">info@ikuchyne.sk<\/a><\/u><\/p>\n<p style=\"text-align: left;\"><strong>Pr\u00e1va dotknutej osoby<\/strong><\/p>\n<p style=\"text-align: left;\">Dotknut\u00e9 osoby maj\u00fa v s\u00favislosti s ochranou ich Osobn\u00fdch \u00fadajov nasleduj\u00face pr\u00e1va:<\/p>\n<ol>\n<li style=\"text-align: left;\">pr\u00e1vo odvola\u0165 s\u00fahlas so sprac\u00favan\u00edm Osobn\u00fdch \u00fadajov, ak je sprac\u00favanie zalo\u017een\u00e9 na jeho z\u00e1klade;<\/li>\n<li style=\"text-align: left;\">pr\u00e1vo po\u017eadova\u0165 pr\u00edstup k Osobn\u00fdm \u00fadajom a k inform\u00e1ci\u00e1m \u0161pecifikovan\u00fdm v \u010dl\u00e1nku 15 ods. 1 GDPR;<\/li>\n<li style=\"text-align: left;\">pr\u00e1vo na opravu nepresn\u00fdch Osobn\u00fdch \u00fadajov a pr\u00edpadne tie\u017e na doplnenie ne\u00fapln\u00fdch Osobn\u00fdch \u00fadajov;<\/li>\n<li style=\"text-align: left;\">pr\u00e1vo pod\u013ea podmienok stanoven\u00fdch v \u010dl\u00e1nku 17 GDPR na vymazanie Osobn\u00fdch \u00fadajov;<\/li>\n<li style=\"text-align: left;\">pr\u00e1vo pod\u013ea podmienok stanoven\u00fdch v \u010dl\u00e1nku 18 GDPR na obmedzenie sprac\u00favania Osobn\u00fdch \u00fadajov;<\/li>\n<li style=\"text-align: left;\">pr\u00e1vo pod\u013ea podmienok stanoven\u00fdch v \u010dl\u00e1nku 20 GDPR z\u00edska\u0165 Osobn\u00e9 \u00fadaje, ktor\u00e9 sa jej t\u00fdkaj\u00fa, a ktor\u00e9 poskytla Spolo\u010dnosti, v \u0161trukt\u00farovanom, be\u017ene pou\u017e\u00edvanom a strojovo \u010ditate\u013enom form\u00e1te, a pr\u00e1vo odovzda\u0165 tieto \u00fadaje inej osobe;<\/li>\n<li style=\"text-align: left;\">pr\u00e1vo by\u0165 pod\u013ea podmienok stanoven\u00fdch v \u010dl\u00e1nku 34 GDPR informovan\u00fd o poru\u0161en\u00ed bezpe\u010dnosti Osobn\u00fdch \u00fadajov;<\/li>\n<li style=\"text-align: left;\">pr\u00e1vo pod\u013ea podmienok stanoven\u00fdch v \u010dl\u00e1nku 21 GDPR namieta\u0165 proti sprac\u00favaniu Osobn\u00fdch \u00fadajov; a<\/li>\n<li style=\"text-align: left;\">pr\u00e1vo poda\u0165 s\u0165a\u017enos\u0165 na dozorn\u00fd \u00farad<\/li>\n<\/ol>\n<p>&nbsp;<\/p>\n<p>[\/vc_column_text][\/vc_column][\/vc_row]<\/p>\n","protected":false},"excerpt":{"rendered":"<p>[vc_row][vc_column width=&#8221;1\/2&#8243;][vc_column_text]Tieto z\u00e1sady sprac\u00favania a ochrany osobn\u00fdch \u00fadajov (\u201eZ\u00e1sady&#8220;) predstavuj\u00fa z\u00e1kladn\u00e9 princ\u00edpy, ktor\u00fdmi sa\u00a0JOYLY, s.r.o.\u00a0so s\u00eddlom ul. Galvaniho 15\/B, 821 04 Bratislava I\u010cO:48186597 (\u201eSpolo\u010dnos\u0165&#8220;) riadi pri z\u00edskavan\u00ed a sprac\u00favan\u00ed osobn\u00fdch<\/p>\n","protected":false},"author":1,"featured_media":76994,"parent":0,"menu_order":0,"comment_status":"closed","ping_status":"closed","template":"","meta":{"footnotes":""},"yoast_head":"<!-- This site is optimized with the Yoast SEO plugin v22.1 - https:\/\/yoast.com\/wordpress\/plugins\/seo\/ -->\n<title>Z\u00e1sady ochrany osobn\u00fdch \u00fadajov &#187; iKuchyne iSHOP s n\u00e1bytkom<\/title>\n<meta name=\"robots\" content=\"index, follow, max-snippet:-1, max-image-preview:large, max-video-preview:-1\" \/>\n<link rel=\"canonical\" href=\"https:\/\/www.ikuchyne.sk\/eshop\/zasady-ochrany-osobnych-udajov\/\" \/>\n<meta property=\"og:locale\" content=\"sk_SK\" \/>\n<meta property=\"og:type\" content=\"article\" \/>\n<meta property=\"og:title\" content=\"Z\u00e1sady ochrany osobn\u00fdch \u00fadajov &#187; iKuchyne iSHOP s n\u00e1bytkom\" \/>\n<meta property=\"og:description\" content=\"[vc_row][vc_column width=&#8221;1\/2&#8243;][vc_column_text]Tieto z\u00e1sady sprac\u00favania a ochrany osobn\u00fdch \u00fadajov (\u201eZ\u00e1sady&#8220;) predstavuj\u00fa z\u00e1kladn\u00e9 princ\u00edpy, ktor\u00fdmi sa\u00a0JOYLY, s.r.o.\u00a0so s\u00eddlom ul. Galvaniho 15\/B, 821 04 Bratislava I\u010cO:48186597 (\u201eSpolo\u010dnos\u0165&#8220;) riadi pri z\u00edskavan\u00ed a sprac\u00favan\u00ed osobn\u00fdch\" \/>\n<meta property=\"og:url\" content=\"https:\/\/www.ikuchyne.sk\/eshop\/zasady-ochrany-osobnych-udajov\/\" \/>\n<meta property=\"og:site_name\" content=\"iKuchyne iSHOP s n\u00e1bytkom\" \/>\n<meta property=\"article:publisher\" content=\"https:\/\/www.facebook.com\/ikuchyne\/\" \/>\n<meta property=\"article:modified_time\" content=\"2019-05-11T14:01:35+00:00\" \/>\n<meta property=\"og:image\" content=\"https:\/\/www.ikuchyne.sk\/eshop\/wp-content\/uploads\/2018\/05\/ikuchyne_GDPR-1.png\" \/>\n\t<meta property=\"og:image:width\" content=\"866\" \/>\n\t<meta property=\"og:image:height\" content=\"283\" \/>\n\t<meta property=\"og:image:type\" content=\"image\/png\" \/>\n<meta name=\"twitter:card\" content=\"summary_large_image\" \/>\n<meta name=\"twitter:label1\" content=\"Predpokladan\u00fd \u010das \u010d\u00edtania\" \/>\n\t<meta name=\"twitter:data1\" content=\"7 min\u00fat\" \/>\n<script type=\"application\/ld+json\" class=\"yoast-schema-graph\">{\"@context\":\"https:\/\/schema.org\",\"@graph\":[{\"@type\":\"WebPage\",\"@id\":\"https:\/\/www.ikuchyne.sk\/eshop\/zasady-ochrany-osobnych-udajov\/\",\"url\":\"https:\/\/www.ikuchyne.sk\/eshop\/zasady-ochrany-osobnych-udajov\/\",\"name\":\"Z\u00e1sady ochrany osobn\u00fdch \u00fadajov &#187; iKuchyne iSHOP s n\u00e1bytkom\",\"isPartOf\":{\"@id\":\"https:\/\/www.ikuchyne.sk\/eshop\/#website\"},\"datePublished\":\"2018-05-24T21:28:54+00:00\",\"dateModified\":\"2019-05-11T14:01:35+00:00\",\"breadcrumb\":{\"@id\":\"https:\/\/www.ikuchyne.sk\/eshop\/zasady-ochrany-osobnych-udajov\/#breadcrumb\"},\"inLanguage\":\"sk-SK\",\"potentialAction\":[{\"@type\":\"ReadAction\",\"target\":[\"https:\/\/www.ikuchyne.sk\/eshop\/zasady-ochrany-osobnych-udajov\/\"]}]},{\"@type\":\"BreadcrumbList\",\"@id\":\"https:\/\/www.ikuchyne.sk\/eshop\/zasady-ochrany-osobnych-udajov\/#breadcrumb\",\"itemListElement\":[{\"@type\":\"ListItem\",\"position\":1,\"name\":\"Home\",\"item\":\"https:\/\/www.ikuchyne.sk\/eshop\/\"},{\"@type\":\"ListItem\",\"position\":2,\"name\":\"Z\u00e1sady ochrany osobn\u00fdch \u00fadajov\"}]},{\"@type\":\"WebSite\",\"@id\":\"https:\/\/www.ikuchyne.sk\/eshop\/#website\",\"url\":\"https:\/\/www.ikuchyne.sk\/eshop\/\",\"name\":\"iKuchyne iSHOP s n\u00e1bytkom\",\"description\":\"Jed\u00e1lensk\u00e9 stoly, stoli\u010dky, n\u00e1bytok, svietidl\u00e1...\",\"publisher\":{\"@id\":\"https:\/\/www.ikuchyne.sk\/eshop\/#organization\"},\"potentialAction\":[{\"@type\":\"SearchAction\",\"target\":{\"@type\":\"EntryPoint\",\"urlTemplate\":\"https:\/\/www.ikuchyne.sk\/eshop\/?s={search_term_string}\"},\"query-input\":\"required name=search_term_string\"}],\"inLanguage\":\"sk-SK\"},{\"@type\":\"Organization\",\"@id\":\"https:\/\/www.ikuchyne.sk\/eshop\/#organization\",\"name\":\"ikuchyne!\",\"url\":\"https:\/\/www.ikuchyne.sk\/eshop\/\",\"logo\":{\"@type\":\"ImageObject\",\"inLanguage\":\"sk-SK\",\"@id\":\"https:\/\/www.ikuchyne.sk\/eshop\/#\/schema\/logo\/image\/\",\"url\":\"https:\/\/www.ikuchyne.sk\/eshop\/wp-content\/uploads\/2017\/04\/ikuchyne-logo.jpg\",\"contentUrl\":\"https:\/\/www.ikuchyne.sk\/eshop\/wp-content\/uploads\/2017\/04\/ikuchyne-logo.jpg\",\"width\":200,\"height\":48,\"caption\":\"ikuchyne!\"},\"image\":{\"@id\":\"https:\/\/www.ikuchyne.sk\/eshop\/#\/schema\/logo\/image\/\"},\"sameAs\":[\"https:\/\/www.facebook.com\/ikuchyne\/\",\"https:\/\/www.instagram.com\/ikuchyne.sk\/\",\"https:\/\/sk.pinterest.com\/ikuchynesk\/\"]}]}<\/script>\n<!-- \/ Yoast SEO plugin. -->","yoast_head_json":{"title":"Z\u00e1sady ochrany osobn\u00fdch \u00fadajov &#187; iKuchyne iSHOP s n\u00e1bytkom","robots":{"index":"index","follow":"follow","max-snippet":"max-snippet:-1","max-image-preview":"max-image-preview:large","max-video-preview":"max-video-preview:-1"},"canonical":"https:\/\/www.ikuchyne.sk\/eshop\/zasady-ochrany-osobnych-udajov\/","og_locale":"sk_SK","og_type":"article","og_title":"Z\u00e1sady ochrany osobn\u00fdch \u00fadajov &#187; iKuchyne iSHOP s n\u00e1bytkom","og_description":"[vc_row][vc_column width=&#8221;1\/2&#8243;][vc_column_text]Tieto z\u00e1sady sprac\u00favania a ochrany osobn\u00fdch \u00fadajov (\u201eZ\u00e1sady&#8220;) predstavuj\u00fa z\u00e1kladn\u00e9 princ\u00edpy, ktor\u00fdmi sa\u00a0JOYLY, s.r.o.\u00a0so s\u00eddlom ul. Galvaniho 15\/B, 821 04 Bratislava I\u010cO:48186597 (\u201eSpolo\u010dnos\u0165&#8220;) riadi pri z\u00edskavan\u00ed a sprac\u00favan\u00ed osobn\u00fdch","og_url":"https:\/\/www.ikuchyne.sk\/eshop\/zasady-ochrany-osobnych-udajov\/","og_site_name":"iKuchyne iSHOP s n\u00e1bytkom","article_publisher":"https:\/\/www.facebook.com\/ikuchyne\/","article_modified_time":"2019-05-11T14:01:35+00:00","og_image":[{"width":866,"height":283,"url":"https:\/\/www.ikuchyne.sk\/eshop\/wp-content\/uploads\/2018\/05\/ikuchyne_GDPR-1.png","type":"image\/png"}],"twitter_card":"summary_large_image","twitter_misc":{"Predpokladan\u00fd \u010das \u010d\u00edtania":"7 min\u00fat"},"schema":{"@context":"https:\/\/schema.org","@graph":[{"@type":"WebPage","@id":"https:\/\/www.ikuchyne.sk\/eshop\/zasady-ochrany-osobnych-udajov\/","url":"https:\/\/www.ikuchyne.sk\/eshop\/zasady-ochrany-osobnych-udajov\/","name":"Z\u00e1sady ochrany osobn\u00fdch \u00fadajov &#187; iKuchyne iSHOP s n\u00e1bytkom","isPartOf":{"@id":"https:\/\/www.ikuchyne.sk\/eshop\/#website"},"datePublished":"2018-05-24T21:28:54+00:00","dateModified":"2019-05-11T14:01:35+00:00","breadcrumb":{"@id":"https:\/\/www.ikuchyne.sk\/eshop\/zasady-ochrany-osobnych-udajov\/#breadcrumb"},"inLanguage":"sk-SK","potentialAction":[{"@type":"ReadAction","target":["https:\/\/www.ikuchyne.sk\/eshop\/zasady-ochrany-osobnych-udajov\/"]}]},{"@type":"BreadcrumbList","@id":"https:\/\/www.ikuchyne.sk\/eshop\/zasady-ochrany-osobnych-udajov\/#breadcrumb","itemListElement":[{"@type":"ListItem","position":1,"name":"Home","item":"https:\/\/www.ikuchyne.sk\/eshop\/"},{"@type":"ListItem","position":2,"name":"Z\u00e1sady ochrany osobn\u00fdch \u00fadajov"}]},{"@type":"WebSite","@id":"https:\/\/www.ikuchyne.sk\/eshop\/#website","url":"https:\/\/www.ikuchyne.sk\/eshop\/","name":"iKuchyne iSHOP s n\u00e1bytkom","description":"Jed\u00e1lensk\u00e9 stoly, stoli\u010dky, n\u00e1bytok, svietidl\u00e1...","publisher":{"@id":"https:\/\/www.ikuchyne.sk\/eshop\/#organization"},"potentialAction":[{"@type":"SearchAction","target":{"@type":"EntryPoint","urlTemplate":"https:\/\/www.ikuchyne.sk\/eshop\/?s={search_term_string}"},"query-input":"required name=search_term_string"}],"inLanguage":"sk-SK"},{"@type":"Organization","@id":"https:\/\/www.ikuchyne.sk\/eshop\/#organization","name":"ikuchyne!","url":"https:\/\/www.ikuchyne.sk\/eshop\/","logo":{"@type":"ImageObject","inLanguage":"sk-SK","@id":"https:\/\/www.ikuchyne.sk\/eshop\/#\/schema\/logo\/image\/","url":"https:\/\/www.ikuchyne.sk\/eshop\/wp-content\/uploads\/2017\/04\/ikuchyne-logo.jpg","contentUrl":"https:\/\/www.ikuchyne.sk\/eshop\/wp-content\/uploads\/2017\/04\/ikuchyne-logo.jpg","width":200,"height":48,"caption":"ikuchyne!"},"image":{"@id":"https:\/\/www.ikuchyne.sk\/eshop\/#\/schema\/logo\/image\/"},"sameAs":["https:\/\/www.facebook.com\/ikuchyne\/","https:\/\/www.instagram.com\/ikuchyne.sk\/","https:\/\/sk.pinterest.com\/ikuchynesk\/"]}]}},"_links":{"self":[{"href":"https:\/\/www.ikuchyne.sk\/eshop\/wp-json\/wp\/v2\/pages\/76986"}],"collection":[{"href":"https:\/\/www.ikuchyne.sk\/eshop\/wp-json\/wp\/v2\/pages"}],"about":[{"href":"https:\/\/www.ikuchyne.sk\/eshop\/wp-json\/wp\/v2\/types\/page"}],"author":[{"embeddable":true,"href":"https:\/\/www.ikuchyne.sk\/eshop\/wp-json\/wp\/v2\/users\/1"}],"replies":[{"embeddable":true,"href":"https:\/\/www.ikuchyne.sk\/eshop\/wp-json\/wp\/v2\/comments?post=76986"}],"version-history":[{"count":13,"href":"https:\/\/www.ikuchyne.sk\/eshop\/wp-json\/wp\/v2\/pages\/76986\/revisions"}],"predecessor-version":[{"id":86518,"href":"https:\/\/www.ikuchyne.sk\/eshop\/wp-json\/wp\/v2\/pages\/76986\/revisions\/86518"}],"wp:featuredmedia":[{"embeddable":true,"href":"https:\/\/www.ikuchyne.sk\/eshop\/wp-json\/wp\/v2\/media\/76994"}],"wp:attachment":[{"href":"https:\/\/www.ikuchyne.sk\/eshop\/wp-json\/wp\/v2\/media?parent=76986"}],"curies":[{"name":"wp","href":"https:\/\/api.w.org\/{rel}","templated":true}]}}