{"id":10411,"date":"2018-02-08T15:45:16","date_gmt":"2018-02-08T14:45:16","guid":{"rendered":"http:\/\/potocan.com\/eshop\/produkt\/stolik-venice-zlata-110cm\/"},"modified":"2024-03-10T19:20:09","modified_gmt":"2024-03-10T18:20:09","slug":"zlaty-toaletny-stolik-venice-35-x-110-cm","status":"publish","type":"product","link":"https:\/\/www.ikuchyne.sk\/eshop\/produkt\/zlaty-toaletny-stolik-venice-35-x-110-cm\/","title":{"rendered":"Zlat\u00fd toaletn\u00fd stol\u00edk Venice 35 x 110 cm \u00bb"},"content":{"rendered":"<h1>Zlat\u00fd toaletn\u00fd stol\u00edk Venice 35 x 110 cm<\/h1>\n<p><strong>V\u0161eobecn\u00fd opis stol\u00edka:<\/strong><\/p>\n<p>Toaletn\u00fd stol\u00edk Venice je ur\u010den\u00fd pre n\u00e1ro\u010dnej\u0161ie klientky, ktor\u00e9 ob\u013eubuj\u00fa honosn\u00fd \u0161t\u00fdl b\u00fdvania. Jeho \u00fachvatn\u00e9 spracovanie in\u0161pirovan\u00e9 minulos\u0165ou, dod\u00e1 v\u00e1\u0161mu interi\u00e9ru na exkluzivite. Povrch stol\u00edka je z lakovan\u00e9ho dreva v zlatej farbe. Podno\u017e tvoria elegantne klenut\u00e9 nohy v kombin\u00e1cii s vyrez\u00e1van\u00fdmi ornamentami okolo cel\u00e9ho stol\u00edka lahodia oku. Tieto stol\u00edky n\u00e1jdete v\u00a0bielej, striebornej a\u00a0zlatej farbe. Ide\u00e1lnym doplnkom je vhodn\u00e1 p\u00f4sobiv\u00e1 stoli\u010dka zo zamatu alebo m\u00e4kk\u00e1 taburetka z\u00a0ponuky n\u00e1\u0161ho eshopu. D\u00f4le\u017eitou s\u00fa\u010das\u0165ou toaletn\u00fdch stol\u00edkov je aj\u00a0ve\u013ek\u00e9\u00a0zrkadlo\u00a0a\u00a0kvalitn\u00e9 osvetlenie. Aj ke\u010f je dizajn tohto toaletn\u00e9ho stol\u00edka in\u0161pirovan\u00fd minulos\u0165ou, kr\u00e1sne dolad\u00ed modern\u00fd interi\u00e9r.<\/p>\n<p><strong>Povrch stol\u00edka:<br \/>\n<\/strong>Povrch toaletn\u00e9ho stol\u00edka je tvoren\u00fd drevom, ktor\u00e9 je lakovan\u00e9 v zlatej farbe.<\/p>\n<p><strong>Podno\u017e stol\u00edka:<br \/>\n<\/strong>Podno\u017e stol\u00edka pozost\u00e1va z dreven\u00fdch elegantne klenut\u00fdch n\u00f4h v zlatej farbe.<\/p>\n<p><strong>\u010eal\u0161ie inform\u00e1cie:<br \/>\n<\/strong>Ne\u010distoty o\u010distite handri\u010dkou namo\u010denou v mydlovej vode.<\/p>\n<p><b>Rozmery stol\u00edka<\/b>:<br \/>\n\u0160\u00edrka stol\u00edka: 35 cm<br \/>\nD\u013a\u017eka stol\u00edka: 110 cm<br \/>\nV\u00fd\u0161ka stol\u00edka: 75 cm<\/p>\n<p><strong>Tento stol\u00edk sa vyr\u00e1ba aj v tomto rozmere:<br \/>\n<\/strong>35 x 85 cm<\/p>\n<p><b>Materi\u00e1l: <\/b>drevo, lak<\/p>\n<p><b>Farba:<\/b>\u00a0zlat\u00e1<\/p>\n","protected":false},"excerpt":{"rendered":"<p>Zlat\u00fd toaletn\u00fd stol\u00edk Venice 35 x 110 cm V\u0161eobecn\u00fd opis stol\u00edka: Toaletn\u00fd stol\u00edk Venice je ur\u010den\u00fd pre n\u00e1ro\u010dnej\u0161ie klientky, ktor\u00e9 ob\u013eubuj\u00fa honosn\u00fd \u0161t\u00fdl b\u00fdvania. Jeho \u00fachvatn\u00e9 spracovanie in\u0161pirovan\u00e9 minulos\u0165ou, dod\u00e1<\/p>\n","protected":false},"featured_media":10412,"comment_status":"open","ping_status":"closed","template":"","meta":[],"product_cat":[588],"product_tag":[188],"yoast_head":"<!-- This site is optimized with the Yoast SEO plugin v22.1 - https:\/\/yoast.com\/wordpress\/plugins\/seo\/ -->\n<title>Zlat\u00fd toaletn\u00fd stol\u00edk Venice 35 x 110 cm \u00bb &#187; iKuchyne iSHOP s n\u00e1bytkom<\/title>\n<meta name=\"description\" content=\"K\u00fapte si u n\u00e1s Zlat\u00fd toaletn\u00fd stol\u00edk Venice 35 x 110 cm \u00bb za akciov\u00fa cenu. R\u00fdchle dodanie tovaru, odborn\u00e9 poradenstvo a stovky produktov skladom. Zlat\u00fd toaletn\u00fd stol\u00edk Venice 35 x 110 cm \u00bb sa stane dominantou V\u00e1\u0161ho interi\u00e9ru. Internetov\u00fd obchod ikuchyne! pon\u00faka odber Zlat\u00fd toaletn\u00fd stol\u00edk Venice 35 x 110 cm \u00bb u\u017e od 1 kusu.\" \/>\n<meta name=\"robots\" content=\"index, follow, max-snippet:-1, max-image-preview:large, max-video-preview:-1\" \/>\n<link rel=\"canonical\" href=\"https:\/\/www.ikuchyne.sk\/eshop\/produkt\/zlaty-toaletny-stolik-venice-35-x-110-cm\/\" \/>\n<meta property=\"og:locale\" content=\"sk_SK\" \/>\n<meta property=\"og:type\" content=\"article\" \/>\n<meta property=\"og:title\" content=\"Zlat\u00fd toaletn\u00fd stol\u00edk Venice 35 x 110 cm \u00bb &#187; iKuchyne iSHOP s n\u00e1bytkom\" \/>\n<meta property=\"og:description\" content=\"K\u00fapte si u n\u00e1s Zlat\u00fd toaletn\u00fd stol\u00edk Venice 35 x 110 cm \u00bb za akciov\u00fa cenu. R\u00fdchle dodanie tovaru, odborn\u00e9 poradenstvo a stovky produktov skladom. Zlat\u00fd toaletn\u00fd stol\u00edk Venice 35 x 110 cm \u00bb sa stane dominantou V\u00e1\u0161ho interi\u00e9ru. Internetov\u00fd obchod ikuchyne! pon\u00faka odber Zlat\u00fd toaletn\u00fd stol\u00edk Venice 35 x 110 cm \u00bb u\u017e od 1 kusu.\" \/>\n<meta property=\"og:url\" content=\"https:\/\/www.ikuchyne.sk\/eshop\/produkt\/zlaty-toaletny-stolik-venice-35-x-110-cm\/\" \/>\n<meta property=\"og:site_name\" content=\"iKuchyne iSHOP s n\u00e1bytkom\" \/>\n<meta property=\"article:publisher\" content=\"https:\/\/www.facebook.com\/ikuchyne\/\" \/>\n<meta property=\"article:modified_time\" content=\"2024-03-10T18:20:09+00:00\" \/>\n<meta property=\"og:image\" content=\"https:\/\/www.ikuchyne.sk\/eshop\/wp-content\/uploads\/2017\/04\/Stolik-Venice-zlata-110cm.jpg\" \/>\n\t<meta property=\"og:image:width\" content=\"800\" \/>\n\t<meta property=\"og:image:height\" content=\"533\" \/>\n\t<meta property=\"og:image:type\" content=\"image\/jpeg\" \/>\n<meta name=\"twitter:card\" content=\"summary_large_image\" \/>\n<meta name=\"twitter:label1\" content=\"Predpokladan\u00fd \u010das \u010d\u00edtania\" \/>\n\t<meta name=\"twitter:data1\" content=\"1 min\u00fata\" \/>\n<script type=\"application\/ld+json\" class=\"yoast-schema-graph\">{\"@context\":\"https:\/\/schema.org\",\"@graph\":[{\"@type\":\"WebPage\",\"@id\":\"https:\/\/www.ikuchyne.sk\/eshop\/produkt\/zlaty-toaletny-stolik-venice-35-x-110-cm\/\",\"url\":\"https:\/\/www.ikuchyne.sk\/eshop\/produkt\/zlaty-toaletny-stolik-venice-35-x-110-cm\/\",\"name\":\"Zlat\u00fd toaletn\u00fd stol\u00edk Venice 35 x 110 cm \u00bb &#187; iKuchyne iSHOP s n\u00e1bytkom\",\"isPartOf\":{\"@id\":\"https:\/\/www.ikuchyne.sk\/eshop\/#website\"},\"datePublished\":\"2018-02-08T14:45:16+00:00\",\"dateModified\":\"2024-03-10T18:20:09+00:00\",\"description\":\"K\u00fapte si u n\u00e1s Zlat\u00fd toaletn\u00fd stol\u00edk Venice 35 x 110 cm \u00bb za akciov\u00fa cenu. R\u00fdchle dodanie tovaru, odborn\u00e9 poradenstvo a stovky produktov skladom. Zlat\u00fd toaletn\u00fd stol\u00edk Venice 35 x 110 cm \u00bb sa stane dominantou V\u00e1\u0161ho interi\u00e9ru. Internetov\u00fd obchod ikuchyne! pon\u00faka odber Zlat\u00fd toaletn\u00fd stol\u00edk Venice 35 x 110 cm \u00bb u\u017e od 1 kusu.\",\"breadcrumb\":{\"@id\":\"https:\/\/www.ikuchyne.sk\/eshop\/produkt\/zlaty-toaletny-stolik-venice-35-x-110-cm\/#breadcrumb\"},\"inLanguage\":\"sk-SK\",\"potentialAction\":[{\"@type\":\"ReadAction\",\"target\":[\"https:\/\/www.ikuchyne.sk\/eshop\/produkt\/zlaty-toaletny-stolik-venice-35-x-110-cm\/\"]}]},{\"@type\":\"BreadcrumbList\",\"@id\":\"https:\/\/www.ikuchyne.sk\/eshop\/produkt\/zlaty-toaletny-stolik-venice-35-x-110-cm\/#breadcrumb\",\"itemListElement\":[{\"@type\":\"ListItem\",\"position\":1,\"name\":\"Home\",\"item\":\"https:\/\/www.ikuchyne.sk\/eshop\/\"},{\"@type\":\"ListItem\",\"position\":2,\"name\":\"Obchod\",\"item\":\"https:\/\/www.ikuchyne.sk\/eshop\/obchod\/\"},{\"@type\":\"ListItem\",\"position\":3,\"name\":\"Zlat\u00fd toaletn\u00fd stol\u00edk Venice 35 x 110 cm \u00bb\"}]},{\"@type\":\"WebSite\",\"@id\":\"https:\/\/www.ikuchyne.sk\/eshop\/#website\",\"url\":\"https:\/\/www.ikuchyne.sk\/eshop\/\",\"name\":\"iKuchyne iSHOP s n\u00e1bytkom\",\"description\":\"Jed\u00e1lensk\u00e9 stoly, stoli\u010dky, n\u00e1bytok, svietidl\u00e1...\",\"publisher\":{\"@id\":\"https:\/\/www.ikuchyne.sk\/eshop\/#organization\"},\"potentialAction\":[{\"@type\":\"SearchAction\",\"target\":{\"@type\":\"EntryPoint\",\"urlTemplate\":\"https:\/\/www.ikuchyne.sk\/eshop\/?s={search_term_string}\"},\"query-input\":\"required name=search_term_string\"}],\"inLanguage\":\"sk-SK\"},{\"@type\":\"Organization\",\"@id\":\"https:\/\/www.ikuchyne.sk\/eshop\/#organization\",\"name\":\"ikuchyne!\",\"url\":\"https:\/\/www.ikuchyne.sk\/eshop\/\",\"logo\":{\"@type\":\"ImageObject\",\"inLanguage\":\"sk-SK\",\"@id\":\"https:\/\/www.ikuchyne.sk\/eshop\/#\/schema\/logo\/image\/\",\"url\":\"https:\/\/www.ikuchyne.sk\/eshop\/wp-content\/uploads\/2017\/04\/ikuchyne-logo.jpg\",\"contentUrl\":\"https:\/\/www.ikuchyne.sk\/eshop\/wp-content\/uploads\/2017\/04\/ikuchyne-logo.jpg\",\"width\":200,\"height\":48,\"caption\":\"ikuchyne!\"},\"image\":{\"@id\":\"https:\/\/www.ikuchyne.sk\/eshop\/#\/schema\/logo\/image\/\"},\"sameAs\":[\"https:\/\/www.facebook.com\/ikuchyne\/\",\"https:\/\/www.instagram.com\/ikuchyne.sk\/\",\"https:\/\/sk.pinterest.com\/ikuchynesk\/\"]}]}<\/script>\n<!-- \/ Yoast SEO plugin. -->","yoast_head_json":{"title":"Zlat\u00fd toaletn\u00fd stol\u00edk Venice 35 x 110 cm \u00bb &#187; iKuchyne iSHOP s n\u00e1bytkom","description":"K\u00fapte si u n\u00e1s Zlat\u00fd toaletn\u00fd stol\u00edk Venice 35 x 110 cm \u00bb za akciov\u00fa cenu. R\u00fdchle dodanie tovaru, odborn\u00e9 poradenstvo a stovky produktov skladom. Zlat\u00fd toaletn\u00fd stol\u00edk Venice 35 x 110 cm \u00bb sa stane dominantou V\u00e1\u0161ho interi\u00e9ru. Internetov\u00fd obchod ikuchyne! pon\u00faka odber Zlat\u00fd toaletn\u00fd stol\u00edk Venice 35 x 110 cm \u00bb u\u017e od 1 kusu.","robots":{"index":"index","follow":"follow","max-snippet":"max-snippet:-1","max-image-preview":"max-image-preview:large","max-video-preview":"max-video-preview:-1"},"canonical":"https:\/\/www.ikuchyne.sk\/eshop\/produkt\/zlaty-toaletny-stolik-venice-35-x-110-cm\/","og_locale":"sk_SK","og_type":"article","og_title":"Zlat\u00fd toaletn\u00fd stol\u00edk Venice 35 x 110 cm \u00bb &#187; iKuchyne iSHOP s n\u00e1bytkom","og_description":"K\u00fapte si u n\u00e1s Zlat\u00fd toaletn\u00fd stol\u00edk Venice 35 x 110 cm \u00bb za akciov\u00fa cenu. R\u00fdchle dodanie tovaru, odborn\u00e9 poradenstvo a stovky produktov skladom. Zlat\u00fd toaletn\u00fd stol\u00edk Venice 35 x 110 cm \u00bb sa stane dominantou V\u00e1\u0161ho interi\u00e9ru. Internetov\u00fd obchod ikuchyne! pon\u00faka odber Zlat\u00fd toaletn\u00fd stol\u00edk Venice 35 x 110 cm \u00bb u\u017e od 1 kusu.","og_url":"https:\/\/www.ikuchyne.sk\/eshop\/produkt\/zlaty-toaletny-stolik-venice-35-x-110-cm\/","og_site_name":"iKuchyne iSHOP s n\u00e1bytkom","article_publisher":"https:\/\/www.facebook.com\/ikuchyne\/","article_modified_time":"2024-03-10T18:20:09+00:00","og_image":[{"width":800,"height":533,"url":"https:\/\/www.ikuchyne.sk\/eshop\/wp-content\/uploads\/2017\/04\/Stolik-Venice-zlata-110cm.jpg","type":"image\/jpeg"}],"twitter_card":"summary_large_image","twitter_misc":{"Predpokladan\u00fd \u010das \u010d\u00edtania":"1 min\u00fata"},"schema":{"@context":"https:\/\/schema.org","@graph":[{"@type":"WebPage","@id":"https:\/\/www.ikuchyne.sk\/eshop\/produkt\/zlaty-toaletny-stolik-venice-35-x-110-cm\/","url":"https:\/\/www.ikuchyne.sk\/eshop\/produkt\/zlaty-toaletny-stolik-venice-35-x-110-cm\/","name":"Zlat\u00fd toaletn\u00fd stol\u00edk Venice 35 x 110 cm \u00bb &#187; iKuchyne iSHOP s n\u00e1bytkom","isPartOf":{"@id":"https:\/\/www.ikuchyne.sk\/eshop\/#website"},"datePublished":"2018-02-08T14:45:16+00:00","dateModified":"2024-03-10T18:20:09+00:00","description":"K\u00fapte si u n\u00e1s Zlat\u00fd toaletn\u00fd stol\u00edk Venice 35 x 110 cm \u00bb za akciov\u00fa cenu. R\u00fdchle dodanie tovaru, odborn\u00e9 poradenstvo a stovky produktov skladom. Zlat\u00fd toaletn\u00fd stol\u00edk Venice 35 x 110 cm \u00bb sa stane dominantou V\u00e1\u0161ho interi\u00e9ru. Internetov\u00fd obchod ikuchyne! pon\u00faka odber Zlat\u00fd toaletn\u00fd stol\u00edk Venice 35 x 110 cm \u00bb u\u017e od 1 kusu.","breadcrumb":{"@id":"https:\/\/www.ikuchyne.sk\/eshop\/produkt\/zlaty-toaletny-stolik-venice-35-x-110-cm\/#breadcrumb"},"inLanguage":"sk-SK","potentialAction":[{"@type":"ReadAction","target":["https:\/\/www.ikuchyne.sk\/eshop\/produkt\/zlaty-toaletny-stolik-venice-35-x-110-cm\/"]}]},{"@type":"BreadcrumbList","@id":"https:\/\/www.ikuchyne.sk\/eshop\/produkt\/zlaty-toaletny-stolik-venice-35-x-110-cm\/#breadcrumb","itemListElement":[{"@type":"ListItem","position":1,"name":"Home","item":"https:\/\/www.ikuchyne.sk\/eshop\/"},{"@type":"ListItem","position":2,"name":"Obchod","item":"https:\/\/www.ikuchyne.sk\/eshop\/obchod\/"},{"@type":"ListItem","position":3,"name":"Zlat\u00fd toaletn\u00fd stol\u00edk Venice 35 x 110 cm \u00bb"}]},{"@type":"WebSite","@id":"https:\/\/www.ikuchyne.sk\/eshop\/#website","url":"https:\/\/www.ikuchyne.sk\/eshop\/","name":"iKuchyne iSHOP s n\u00e1bytkom","description":"Jed\u00e1lensk\u00e9 stoly, stoli\u010dky, n\u00e1bytok, svietidl\u00e1...","publisher":{"@id":"https:\/\/www.ikuchyne.sk\/eshop\/#organization"},"potentialAction":[{"@type":"SearchAction","target":{"@type":"EntryPoint","urlTemplate":"https:\/\/www.ikuchyne.sk\/eshop\/?s={search_term_string}"},"query-input":"required name=search_term_string"}],"inLanguage":"sk-SK"},{"@type":"Organization","@id":"https:\/\/www.ikuchyne.sk\/eshop\/#organization","name":"ikuchyne!","url":"https:\/\/www.ikuchyne.sk\/eshop\/","logo":{"@type":"ImageObject","inLanguage":"sk-SK","@id":"https:\/\/www.ikuchyne.sk\/eshop\/#\/schema\/logo\/image\/","url":"https:\/\/www.ikuchyne.sk\/eshop\/wp-content\/uploads\/2017\/04\/ikuchyne-logo.jpg","contentUrl":"https:\/\/www.ikuchyne.sk\/eshop\/wp-content\/uploads\/2017\/04\/ikuchyne-logo.jpg","width":200,"height":48,"caption":"ikuchyne!"},"image":{"@id":"https:\/\/www.ikuchyne.sk\/eshop\/#\/schema\/logo\/image\/"},"sameAs":["https:\/\/www.facebook.com\/ikuchyne\/","https:\/\/www.instagram.com\/ikuchyne.sk\/","https:\/\/sk.pinterest.com\/ikuchynesk\/"]}]}},"_links":{"self":[{"href":"https:\/\/www.ikuchyne.sk\/eshop\/wp-json\/wp\/v2\/product\/10411"}],"collection":[{"href":"https:\/\/www.ikuchyne.sk\/eshop\/wp-json\/wp\/v2\/product"}],"about":[{"href":"https:\/\/www.ikuchyne.sk\/eshop\/wp-json\/wp\/v2\/types\/product"}],"replies":[{"embeddable":true,"href":"https:\/\/www.ikuchyne.sk\/eshop\/wp-json\/wp\/v2\/comments?post=10411"}],"wp:featuredmedia":[{"embeddable":true,"href":"https:\/\/www.ikuchyne.sk\/eshop\/wp-json\/wp\/v2\/media\/10412"}],"wp:attachment":[{"href":"https:\/\/www.ikuchyne.sk\/eshop\/wp-json\/wp\/v2\/media?parent=10411"}],"wp:term":[{"taxonomy":"product_cat","embeddable":true,"href":"https:\/\/www.ikuchyne.sk\/eshop\/wp-json\/wp\/v2\/product_cat?post=10411"},{"taxonomy":"product_tag","embeddable":true,"href":"https:\/\/www.ikuchyne.sk\/eshop\/wp-json\/wp\/v2\/product_tag?post=10411"}],"curies":[{"name":"wp","href":"https:\/\/api.w.org\/{rel}","templated":true}]}}