{"id":10793,"date":"2017-09-20T15:54:13","date_gmt":"2017-09-20T13:54:13","guid":{"rendered":"http:\/\/potocan.com\/eshop\/produkt\/jedalensky-stol-makassar-200cm-sheesham\/"},"modified":"2024-03-10T19:20:19","modified_gmt":"2024-03-10T18:20:19","slug":"dreveny-jedalensky-stol-makassar-sheesham-100-x-200cm","status":"publish","type":"product","link":"https:\/\/www.ikuchyne.sk\/eshop\/produkt\/dreveny-jedalensky-stol-makassar-sheesham-100-x-200cm\/","title":{"rendered":"Dreven\u00fd jed\u00e1lensk\u00fd st\u00f4l Makassar Sheesham 100 x 200cm \u00bb"},"content":{"rendered":"<h1>Dreven\u00fd jed\u00e1lensk\u00fd st\u00f4l Makassar Sheesham 100 x 200cm \u00bb<\/h1>\n<h4><strong>V\u0161eobecn\u00fd popis:<\/strong><\/h4>\n<p>Dreven\u00fd jed\u00e1lensk\u00fd st\u00f4l Makassar Sheesham 100 x 200cm vyroben\u00fd z mas\u00edvneho sheeshamov\u00e9ho dreva. Pohodlne sa m\u00f4\u017ee usadi\u0165 a\u017e 8 os\u00f4b. Lad\u00ed s na\u0161imi mnoh\u00fdmi \u010fal\u0161\u00edmi kusmi n\u00e1bytku z tejto s\u00e9rie. Urobte z va\u0161ej jed\u00e1lne dizajnov\u00fa o\u00e1zu!<\/p>\n<p>Ka\u017ed\u00e1 ve\u010dera sa tu stane z\u00e1\u017eitkom. Sheesham je vysoko kvalitn\u00e9 drevo zo skupiny palisander a je zn\u00e1me svojim p\u00f4sobiv\u00fdm zrnom, v\u010faka ktor\u00e9mu je toto vz\u00e1cne drevo absol\u00fatne jedine\u010dn\u00e9. N\u00e1\u0161 mas\u00edvny dreven\u00fd st\u00f4l MAKASSAR vyroben\u00fd z vysoko kvalitn\u00e9ho pr\u00edrodn\u00e9ho sheeshamov\u00e9ho dreva vy\u017earuje jednoduch\u00fa eleganciu a je hrd\u00fd na svoju d\u013a\u017eku 200 cm. Prirodzenos\u0165 a robustnos\u0165 stola s\u00fa kombinovan\u00e9 s puristick\u00fdm dizajnom a zais\u0165uj\u00fa prirodzen\u00fa a jasn\u00fa atmosf\u00e9ru. V\u010faka ve\u013ek\u00fdm rozmerom je ide\u00e1lnym stolom pre v\u00e4\u010d\u0161ie skupiny.<\/p>\n<p>Skvel\u00fd jedine\u010dn\u00fd k\u00fasok. V\u010faka pr\u00edrodn\u00e9mu drevu m\u00f4\u017eu doch\u00e1dza\u0165 k farebn\u00fdm odch\u00fdlkam a nerovnostiam, ktor\u00e9 robia ka\u017ed\u00fd kus n\u00e1bytku z mas\u00edvneho dreva neomylne jedine\u010dn\u00fdm a dodaj\u00fa miestnosti n\u00e1dych stredomorsk\u00e9ho vkusu. Skombinujte tento dreven\u00fd st\u00f4l s na\u0161im \u00fa\u017easn\u00fdm pr\u00edborn\u00edkom Makassar alebo exkluz\u00edvnym TV stol\u00edkom Makassar.<\/p>\n<h4><strong>Detaily produktu:<\/strong><\/h4>\n<p>Preto\u017ee sa jedn\u00e1 o pr\u00edrodn\u00fd produkt, ka\u017ed\u00e1 doska stola je absol\u00fatne jedine\u010dn\u00e1. Nerovnosti, charizmatick\u00e9 uzly, praskliny alebo dokonca rozmerov\u00e9 rozdiely s\u00fa mo\u017en\u00e9 a vytv\u00e1raj\u00fa originalitu a vytv\u00e1raj\u00fa \u010daro mas\u00edvneho dreva. Existuj\u00face trhliny s\u00fa po\u010das procesu v\u00fdroby spojen\u00e9 a stabilizovan\u00e9 spojovac\u00edmi kusmi z rovnak\u00e9ho dreva. Preto m\u00f4\u017eu existova\u0165 farebn\u00e9 odch\u00fdlky. \u017diadny z t\u00fdchto d\u00f4vodov nie je d\u00f4vod na reklam\u00e1ciu. Vhodn\u00e9 bytov\u00e9 doplnky pre kombinovanie interi\u00e9ru s t\u00fdmto jed\u00e1lensk\u00fdm stolom n\u00e1jdete na na\u0161om e-shope v sekcii Bytov\u00e9 doplnky. Kontaktujte n\u00e1s a my v\u00e1m radi pom\u00f4\u017eeme s v\u00fdberom vhodn\u00fdch dekor\u00e1ci\u00ed.<\/p>\n<p><strong>Povrch stola:<br \/>\n<\/strong>Povrch jed\u00e1lensk\u00e9ho stola tvor\u00ed vysoko kvalitn\u00e9 sheesham drevo. Hr\u00fabka drevenej dosky mu prid\u00e1va na primeranej mas\u00edvnosti.<\/p>\n<p><strong>Podno\u017e stola:<br \/>\n<\/strong>Podno\u017e stola je tvoren\u00e1 klasick\u00fdm dreven\u00fdmi nohami v rovnakej farbe ako je doska stola.<\/p>\n<p><strong>\u010eal\u0161ie inform\u00e1cie:<br \/>\n<\/strong>V\u00fdrazn\u00e1 kresba, ktorou\u00a0 je t\u00e1to drevina charakteristick\u00e1 rob\u00ed z ka\u017ed\u00e9ho kusu unik\u00e1t.\u00a0Na o\u0161etrovanie pou\u017e\u00edvame bavlnen\u00fa handri\u010dku a na udr\u017eanie svie\u017eeho vzh\u013eadu raz za tri mesiace \u013eanov\u00fd olej alebo vosk. Pou\u017e\u00edvame pr\u00edpravky len na \u00fadr\u017ebu dreva.<\/p>\n<p><b>Rozmery stola:<\/b><br \/>\n\u0160\u00edrka stola: 100 cm<br \/>\nD\u013a\u017eka stola: 200 cm<br \/>\nV\u00fd\u0161ka stola: 76 cm<br \/>\n<strong>Nohy stola:<\/strong>\u00a012 x 12 cm<\/p>\n<p><strong>Tento st\u00f4l sa vyr\u00e1ba aj v tejto ve\u013ekosti:<br \/>\n<\/strong>90 x 160 cm<\/p>\n<p><b>Materi\u00e1l:\u00a0<\/b>drevo (mas\u00edv), lakovan\u00fd sheesham<\/p>\n<p><b>Farba:<\/b>\u00a0pr\u00edrodn\u00e1<\/p>\n<p>Dodato\u010dn\u00e9 inform\u00e1cie:<\/p>\n<p>V pr\u00edpade z\u00e1ujmu o in\u00e9 stoly ako toaletn\u00e9, p\u00edsacie, konferen\u010dn\u00e9 stol\u00edky \u010di jed\u00e1lensk\u00e9 stoly, nav\u0161t\u00edvte sekciu stoly na <a href=\"https:\/\/www.ikuchyne.sk\/eshop\/kategoria\/stoly\/\">www.ikuchyne.sk\/eshop<\/a><br \/>\nV pr\u00edpade z\u00e1ujmu o n\u00e1bytok na mieru n\u00e1s kontaktuje na <a href=\"http:\/\/www.ikuchyne.sk\">www.ikuchyne.sk<\/a><\/p>\n","protected":false},"excerpt":{"rendered":"<p>Dreven\u00fd jed\u00e1lensk\u00fd st\u00f4l Makassar Sheesham 100 x 200cm \u00bb V\u0161eobecn\u00fd popis: Dreven\u00fd jed\u00e1lensk\u00fd st\u00f4l Makassar Sheesham 100 x 200cm vyroben\u00fd z mas\u00edvneho sheeshamov\u00e9ho dreva. Pohodlne sa m\u00f4\u017ee usadi\u0165 a\u017e 8<\/p>\n","protected":false},"featured_media":10794,"comment_status":"open","ping_status":"closed","template":"","meta":[],"product_cat":[298,852,845,848,939],"product_tag":[261],"yoast_head":"<!-- This site is optimized with the Yoast SEO plugin v22.1 - https:\/\/yoast.com\/wordpress\/plugins\/seo\/ -->\n<title>Dreven\u00fd jed\u00e1lensk\u00fd st\u00f4l Makassar Sheesham 100 x 200cm &#187; iKuchyne iSHOP s n\u00e1bytkom<\/title>\n<meta name=\"description\" content=\"Dreven\u00fd jed\u00e1lensk\u00fd st\u00f4l Makassar Sheesham 100 x 200cm \u00bb - r\u00fdchle dodanie, poradenstvo, n\u00e1bytok skladom v Bratislave s ikuchyne.sk - kuchyne na mieru.\" \/>\n<meta name=\"robots\" content=\"index, follow, max-snippet:-1, max-image-preview:large, max-video-preview:-1\" \/>\n<link rel=\"canonical\" href=\"https:\/\/www.ikuchyne.sk\/eshop\/produkt\/dreveny-jedalensky-stol-makassar-sheesham-100-x-200cm\/\" \/>\n<meta property=\"og:locale\" content=\"sk_SK\" \/>\n<meta property=\"og:type\" content=\"article\" \/>\n<meta property=\"og:title\" content=\"Dreven\u00fd jed\u00e1lensk\u00fd st\u00f4l Makassar Sheesham 100 x 200cm &#187; iKuchyne iSHOP s n\u00e1bytkom\" \/>\n<meta property=\"og:description\" content=\"Dreven\u00fd jed\u00e1lensk\u00fd st\u00f4l Makassar Sheesham 100 x 200cm \u00bb - r\u00fdchle dodanie, poradenstvo, n\u00e1bytok skladom v Bratislave s ikuchyne.sk - kuchyne na mieru.\" \/>\n<meta property=\"og:url\" content=\"https:\/\/www.ikuchyne.sk\/eshop\/produkt\/dreveny-jedalensky-stol-makassar-sheesham-100-x-200cm\/\" \/>\n<meta property=\"og:site_name\" content=\"iKuchyne iSHOP s n\u00e1bytkom\" \/>\n<meta property=\"article:publisher\" content=\"https:\/\/www.facebook.com\/ikuchyne\/\" \/>\n<meta property=\"article:modified_time\" content=\"2024-03-10T18:20:19+00:00\" \/>\n<meta property=\"og:image\" content=\"https:\/\/www.ikuchyne.sk\/eshop\/wp-content\/uploads\/2017\/04\/jedalensky-stol-combo-prirodna-5.jpg\" \/>\n\t<meta property=\"og:image:width\" content=\"800\" \/>\n\t<meta property=\"og:image:height\" content=\"533\" \/>\n\t<meta property=\"og:image:type\" content=\"image\/jpeg\" \/>\n<meta name=\"twitter:card\" content=\"summary_large_image\" \/>\n<meta name=\"twitter:label1\" content=\"Predpokladan\u00fd \u010das \u010d\u00edtania\" \/>\n\t<meta name=\"twitter:data1\" content=\"2 min\u00faty\" \/>\n<script type=\"application\/ld+json\" class=\"yoast-schema-graph\">{\"@context\":\"https:\/\/schema.org\",\"@graph\":[{\"@type\":\"WebPage\",\"@id\":\"https:\/\/www.ikuchyne.sk\/eshop\/produkt\/dreveny-jedalensky-stol-makassar-sheesham-100-x-200cm\/\",\"url\":\"https:\/\/www.ikuchyne.sk\/eshop\/produkt\/dreveny-jedalensky-stol-makassar-sheesham-100-x-200cm\/\",\"name\":\"Dreven\u00fd jed\u00e1lensk\u00fd st\u00f4l Makassar Sheesham 100 x 200cm &#187; iKuchyne iSHOP s n\u00e1bytkom\",\"isPartOf\":{\"@id\":\"https:\/\/www.ikuchyne.sk\/eshop\/#website\"},\"datePublished\":\"2017-09-20T13:54:13+00:00\",\"dateModified\":\"2024-03-10T18:20:19+00:00\",\"description\":\"Dreven\u00fd jed\u00e1lensk\u00fd st\u00f4l Makassar Sheesham 100 x 200cm \u00bb - r\u00fdchle dodanie, poradenstvo, n\u00e1bytok skladom v Bratislave s ikuchyne.sk - kuchyne na mieru.\",\"breadcrumb\":{\"@id\":\"https:\/\/www.ikuchyne.sk\/eshop\/produkt\/dreveny-jedalensky-stol-makassar-sheesham-100-x-200cm\/#breadcrumb\"},\"inLanguage\":\"sk-SK\",\"potentialAction\":[{\"@type\":\"ReadAction\",\"target\":[\"https:\/\/www.ikuchyne.sk\/eshop\/produkt\/dreveny-jedalensky-stol-makassar-sheesham-100-x-200cm\/\"]}]},{\"@type\":\"BreadcrumbList\",\"@id\":\"https:\/\/www.ikuchyne.sk\/eshop\/produkt\/dreveny-jedalensky-stol-makassar-sheesham-100-x-200cm\/#breadcrumb\",\"itemListElement\":[{\"@type\":\"ListItem\",\"position\":1,\"name\":\"Home\",\"item\":\"https:\/\/www.ikuchyne.sk\/eshop\/\"},{\"@type\":\"ListItem\",\"position\":2,\"name\":\"Obchod\",\"item\":\"https:\/\/www.ikuchyne.sk\/eshop\/obchod\/\"},{\"@type\":\"ListItem\",\"position\":3,\"name\":\"Dreven\u00fd jed\u00e1lensk\u00fd st\u00f4l Makassar Sheesham 100 x 200cm \u00bb\"}]},{\"@type\":\"WebSite\",\"@id\":\"https:\/\/www.ikuchyne.sk\/eshop\/#website\",\"url\":\"https:\/\/www.ikuchyne.sk\/eshop\/\",\"name\":\"iKuchyne iSHOP s n\u00e1bytkom\",\"description\":\"Jed\u00e1lensk\u00e9 stoly, stoli\u010dky, n\u00e1bytok, svietidl\u00e1...\",\"publisher\":{\"@id\":\"https:\/\/www.ikuchyne.sk\/eshop\/#organization\"},\"potentialAction\":[{\"@type\":\"SearchAction\",\"target\":{\"@type\":\"EntryPoint\",\"urlTemplate\":\"https:\/\/www.ikuchyne.sk\/eshop\/?s={search_term_string}\"},\"query-input\":\"required name=search_term_string\"}],\"inLanguage\":\"sk-SK\"},{\"@type\":\"Organization\",\"@id\":\"https:\/\/www.ikuchyne.sk\/eshop\/#organization\",\"name\":\"ikuchyne!\",\"url\":\"https:\/\/www.ikuchyne.sk\/eshop\/\",\"logo\":{\"@type\":\"ImageObject\",\"inLanguage\":\"sk-SK\",\"@id\":\"https:\/\/www.ikuchyne.sk\/eshop\/#\/schema\/logo\/image\/\",\"url\":\"https:\/\/www.ikuchyne.sk\/eshop\/wp-content\/uploads\/2017\/04\/ikuchyne-logo.jpg\",\"contentUrl\":\"https:\/\/www.ikuchyne.sk\/eshop\/wp-content\/uploads\/2017\/04\/ikuchyne-logo.jpg\",\"width\":200,\"height\":48,\"caption\":\"ikuchyne!\"},\"image\":{\"@id\":\"https:\/\/www.ikuchyne.sk\/eshop\/#\/schema\/logo\/image\/\"},\"sameAs\":[\"https:\/\/www.facebook.com\/ikuchyne\/\",\"https:\/\/www.instagram.com\/ikuchyne.sk\/\",\"https:\/\/sk.pinterest.com\/ikuchynesk\/\"]}]}<\/script>\n<!-- \/ Yoast SEO plugin. -->","yoast_head_json":{"title":"Dreven\u00fd jed\u00e1lensk\u00fd st\u00f4l Makassar Sheesham 100 x 200cm &#187; iKuchyne iSHOP s n\u00e1bytkom","description":"Dreven\u00fd jed\u00e1lensk\u00fd st\u00f4l Makassar Sheesham 100 x 200cm \u00bb - r\u00fdchle dodanie, poradenstvo, n\u00e1bytok skladom v Bratislave s ikuchyne.sk - kuchyne na mieru.","robots":{"index":"index","follow":"follow","max-snippet":"max-snippet:-1","max-image-preview":"max-image-preview:large","max-video-preview":"max-video-preview:-1"},"canonical":"https:\/\/www.ikuchyne.sk\/eshop\/produkt\/dreveny-jedalensky-stol-makassar-sheesham-100-x-200cm\/","og_locale":"sk_SK","og_type":"article","og_title":"Dreven\u00fd jed\u00e1lensk\u00fd st\u00f4l Makassar Sheesham 100 x 200cm &#187; iKuchyne iSHOP s n\u00e1bytkom","og_description":"Dreven\u00fd jed\u00e1lensk\u00fd st\u00f4l Makassar Sheesham 100 x 200cm \u00bb - r\u00fdchle dodanie, poradenstvo, n\u00e1bytok skladom v Bratislave s ikuchyne.sk - kuchyne na mieru.","og_url":"https:\/\/www.ikuchyne.sk\/eshop\/produkt\/dreveny-jedalensky-stol-makassar-sheesham-100-x-200cm\/","og_site_name":"iKuchyne iSHOP s n\u00e1bytkom","article_publisher":"https:\/\/www.facebook.com\/ikuchyne\/","article_modified_time":"2024-03-10T18:20:19+00:00","og_image":[{"width":800,"height":533,"url":"https:\/\/www.ikuchyne.sk\/eshop\/wp-content\/uploads\/2017\/04\/jedalensky-stol-combo-prirodna-5.jpg","type":"image\/jpeg"}],"twitter_card":"summary_large_image","twitter_misc":{"Predpokladan\u00fd \u010das \u010d\u00edtania":"2 min\u00faty"},"schema":{"@context":"https:\/\/schema.org","@graph":[{"@type":"WebPage","@id":"https:\/\/www.ikuchyne.sk\/eshop\/produkt\/dreveny-jedalensky-stol-makassar-sheesham-100-x-200cm\/","url":"https:\/\/www.ikuchyne.sk\/eshop\/produkt\/dreveny-jedalensky-stol-makassar-sheesham-100-x-200cm\/","name":"Dreven\u00fd jed\u00e1lensk\u00fd st\u00f4l Makassar Sheesham 100 x 200cm &#187; iKuchyne iSHOP s n\u00e1bytkom","isPartOf":{"@id":"https:\/\/www.ikuchyne.sk\/eshop\/#website"},"datePublished":"2017-09-20T13:54:13+00:00","dateModified":"2024-03-10T18:20:19+00:00","description":"Dreven\u00fd jed\u00e1lensk\u00fd st\u00f4l Makassar Sheesham 100 x 200cm \u00bb - r\u00fdchle dodanie, poradenstvo, n\u00e1bytok skladom v Bratislave s ikuchyne.sk - kuchyne na mieru.","breadcrumb":{"@id":"https:\/\/www.ikuchyne.sk\/eshop\/produkt\/dreveny-jedalensky-stol-makassar-sheesham-100-x-200cm\/#breadcrumb"},"inLanguage":"sk-SK","potentialAction":[{"@type":"ReadAction","target":["https:\/\/www.ikuchyne.sk\/eshop\/produkt\/dreveny-jedalensky-stol-makassar-sheesham-100-x-200cm\/"]}]},{"@type":"BreadcrumbList","@id":"https:\/\/www.ikuchyne.sk\/eshop\/produkt\/dreveny-jedalensky-stol-makassar-sheesham-100-x-200cm\/#breadcrumb","itemListElement":[{"@type":"ListItem","position":1,"name":"Home","item":"https:\/\/www.ikuchyne.sk\/eshop\/"},{"@type":"ListItem","position":2,"name":"Obchod","item":"https:\/\/www.ikuchyne.sk\/eshop\/obchod\/"},{"@type":"ListItem","position":3,"name":"Dreven\u00fd jed\u00e1lensk\u00fd st\u00f4l Makassar Sheesham 100 x 200cm \u00bb"}]},{"@type":"WebSite","@id":"https:\/\/www.ikuchyne.sk\/eshop\/#website","url":"https:\/\/www.ikuchyne.sk\/eshop\/","name":"iKuchyne iSHOP s n\u00e1bytkom","description":"Jed\u00e1lensk\u00e9 stoly, stoli\u010dky, n\u00e1bytok, svietidl\u00e1...","publisher":{"@id":"https:\/\/www.ikuchyne.sk\/eshop\/#organization"},"potentialAction":[{"@type":"SearchAction","target":{"@type":"EntryPoint","urlTemplate":"https:\/\/www.ikuchyne.sk\/eshop\/?s={search_term_string}"},"query-input":"required name=search_term_string"}],"inLanguage":"sk-SK"},{"@type":"Organization","@id":"https:\/\/www.ikuchyne.sk\/eshop\/#organization","name":"ikuchyne!","url":"https:\/\/www.ikuchyne.sk\/eshop\/","logo":{"@type":"ImageObject","inLanguage":"sk-SK","@id":"https:\/\/www.ikuchyne.sk\/eshop\/#\/schema\/logo\/image\/","url":"https:\/\/www.ikuchyne.sk\/eshop\/wp-content\/uploads\/2017\/04\/ikuchyne-logo.jpg","contentUrl":"https:\/\/www.ikuchyne.sk\/eshop\/wp-content\/uploads\/2017\/04\/ikuchyne-logo.jpg","width":200,"height":48,"caption":"ikuchyne!"},"image":{"@id":"https:\/\/www.ikuchyne.sk\/eshop\/#\/schema\/logo\/image\/"},"sameAs":["https:\/\/www.facebook.com\/ikuchyne\/","https:\/\/www.instagram.com\/ikuchyne.sk\/","https:\/\/sk.pinterest.com\/ikuchynesk\/"]}]}},"_links":{"self":[{"href":"https:\/\/www.ikuchyne.sk\/eshop\/wp-json\/wp\/v2\/product\/10793"}],"collection":[{"href":"https:\/\/www.ikuchyne.sk\/eshop\/wp-json\/wp\/v2\/product"}],"about":[{"href":"https:\/\/www.ikuchyne.sk\/eshop\/wp-json\/wp\/v2\/types\/product"}],"replies":[{"embeddable":true,"href":"https:\/\/www.ikuchyne.sk\/eshop\/wp-json\/wp\/v2\/comments?post=10793"}],"wp:featuredmedia":[{"embeddable":true,"href":"https:\/\/www.ikuchyne.sk\/eshop\/wp-json\/wp\/v2\/media\/10794"}],"wp:attachment":[{"href":"https:\/\/www.ikuchyne.sk\/eshop\/wp-json\/wp\/v2\/media?parent=10793"}],"wp:term":[{"taxonomy":"product_cat","embeddable":true,"href":"https:\/\/www.ikuchyne.sk\/eshop\/wp-json\/wp\/v2\/product_cat?post=10793"},{"taxonomy":"product_tag","embeddable":true,"href":"https:\/\/www.ikuchyne.sk\/eshop\/wp-json\/wp\/v2\/product_tag?post=10793"}],"curies":[{"name":"wp","href":"https:\/\/api.w.org\/{rel}","templated":true}]}}