{"id":110000,"date":"2019-08-12T13:18:42","date_gmt":"2019-08-12T11:18:42","guid":{"rendered":"https:\/\/ikuchyne.sk\/eshop\/?post_type=product&#038;p=110000"},"modified":"2021-07-17T09:10:28","modified_gmt":"2021-07-17T07:10:28","slug":"sivy-tv-stolik-iron-craft-170cm","status":"publish","type":"product","link":"https:\/\/www.ikuchyne.sk\/eshop\/produkt\/sivy-tv-stolik-iron-craft-170cm\/","title":{"rendered":"Siv\u00fd TV stol\u00edk Iron Craft 170cm \u00bb"},"content":{"rendered":"<h1>Siv\u00fd TV stol\u00edk Iron Craft 170cm \u00bb<\/h1>\n<h4><strong>V\u0161eobecn\u00fd popis:<\/strong><\/h4>\n<p>Fascinuj\u00faci siv\u00fd TV stol\u00edk Iron Craft 170cm vyroben\u00fd z mas\u00edvneho mangov\u00e9ho dreva. Doska je rafinovan\u00e1 ru\u010dne. Ve\u013ea \u00falo\u017en\u00e9ho priestoru v\u010faka otvoren\u00e9mu \u00falo\u017en\u00e9mu priestoru a trom z\u00e1suvk\u00e1m. Prineste si tento mohutn\u00fd p\u00fata\u010d o\u010d\u00ed do svojho domova!<\/p>\n<p>U\u017eite si pozeranie telev\u00edzie s t\u00fdmto jedine\u010dn\u00fdm TV stol\u00edkom Iron Craft z mangov\u00e9ho dreva. Cez v\u00edkend by nemal ch\u00fdba\u0165 \u00fatuln\u00fd filmov\u00fd ve\u010der na pohovke. Okrem pohodln\u00e9ho gau\u010da je samozrejme najd\u00f4le\u017eitej\u0161ou pom\u00f4ckou telev\u00edzia &#8211; perfektne umiestnen\u00e1. V\u010faka TV stol\u00edku Iron Craft v sivom preveden\u00ed bude nielen vyzera\u0165 skvele, ale aj perfektne zapadne do \u0161t\u00fdlu vybavenia miestnosti a v\u010faka svojmu rozmeru viete ulo\u017ei\u0165 na TV stol\u00edk aj dekor\u00e1cie.<\/p>\n<p>Z TV stol\u00edka Iron Craft vy\u017earuje prirodzen\u00e1 elegancia. TV stol\u00edk je vyroben\u00fd z mas\u00edvneho mangov\u00e9ho dreva so sivou povrchovou \u00fapravou. V\u010faka tomu je doska obzvl\u00e1\u0161\u0165 robustn\u00e1 a \u00fa\u017easne lad\u00ed s trendy priemyslom. Okrem n\u00e1dhern\u00e9ho dizajnu doska \u017eiari tromi priestrann\u00fdmi z\u00e1suvkami, v ktor\u00fdch n\u00e1jdete dostatok \u00falo\u017en\u00e9ho priestoru pre v\u0161etky va\u0161e hi-fi doplnky. \u010cierne, jednoduch\u00e9 kovov\u00e9 \u00fachytky tvoria harmonick\u00fd doplnok priemyseln\u00e9ho vzh\u013eadu dreva.<\/p>\n<p><strong>Detaily produktu:<\/strong><\/p>\n<p>Preto\u017ee sa jedn\u00e1 o pr\u00edrodn\u00fd produkt, ka\u017ed\u00e1 k\u00f3pia je \u00faplne jedine\u010dn\u00e1. Nerovnosti, farebn\u00e9 prechody, charizmatick\u00e9 uzly, praskliny alebo dokonca rozmerov\u00e9 rozdiely s\u00fa mo\u017en\u00e9 a vytv\u00e1raj\u00fa originalitu a vytv\u00e1raj\u00fa \u010daro mas\u00edvneho dreva. \u017diadny z t\u00fdchto d\u00f4vodov nie je d\u00f4vodom na s\u0165a\u017enos\u0165. Vhodn\u00e9 bytov\u00e9 doplnky pre kombinovanie interi\u00e9ru s t\u00fdmto TV stol\u00edkom n\u00e1jdete na na\u0161om e-shope v sekcii Bytov\u00e9 doplnky. Kontaktujte n\u00e1s a my v\u00e1m radi pom\u00f4\u017eeme s v\u00fdberom vhodn\u00fdch dekor\u00e1ci\u00ed a n\u00e1bytku.<\/p>\n<p><b>Rozmery<\/b> (cca): 170cm x 45cm x 45cm (\u0160xVxH)<br \/>\nZ\u00e1suvky: 41cm x 9cm x 36cm (\u0160xVxH)<br \/>\npriehradka: 148cm x 15cm x 45cm (\u0160xVxH)<br \/>\nv\u00fd\u0161ka n\u00f4h: 4cm<br \/>\n<b>Farba:<\/b> siv\u00e1<br \/>\n<b>Materi\u00e1l:<\/b> drevo (mas\u00edv), Mango, kovov\u00e9 r\u00fa\u010dky, lak<br \/>\nIndustri\u00e1lny look.<br \/>\nRu\u010dn\u00e1 pr\u00e1ca.<\/p>\n<p>Dodato\u010dn\u00e9 inform\u00e1cie:<\/p>\n<p>V pr\u00edpade z\u00e1ujmu o in\u00e9 reg\u00e1ly, skrine, TV stol\u00edky \u010di komody, nav\u0161t\u00edvte sekciu n\u00e1bytok na <a href=\"https:\/\/www.ikuchyne.sk\/eshop\/kategoria\/nabytok\/\">www.ikuchyne.sk\/eshop<\/a><br \/>\nV pr\u00edpade z\u00e1ujmu o n\u00e1bytok na mieru n\u00e1s kontaktuje na <a href=\"http:\/\/www.ikuchyne.sk\">www.ikuchyne.sk<\/a><\/p>\n","protected":false},"excerpt":{"rendered":"<p>Siv\u00fd TV stol\u00edk Iron Craft 170cm \u00bb V\u0161eobecn\u00fd popis: Fascinuj\u00faci siv\u00fd TV stol\u00edk Iron Craft 170cm vyroben\u00fd z mas\u00edvneho mangov\u00e9ho dreva. Doska je rafinovan\u00e1 ru\u010dne. Ve\u013ea \u00falo\u017en\u00e9ho priestoru v\u010faka otvoren\u00e9mu<\/p>\n","protected":false},"featured_media":110001,"comment_status":"closed","ping_status":"closed","template":"","meta":[],"product_cat":[293,286,772],"product_tag":[204],"yoast_head":"<!-- This site is optimized with the Yoast SEO plugin v22.1 - https:\/\/yoast.com\/wordpress\/plugins\/seo\/ -->\n<title>Siv\u00fd TV stol\u00edk Iron Craft 170cm \u00bb &#187; iKuchyne iSHOP s n\u00e1bytkom<\/title>\n<meta name=\"description\" content=\"Siv\u00fd TV stol\u00edk Iron Craft 170cm \u00bb - r\u00fdchle dodanie, poradenstvo, n\u00e1bytok skladom v Bratislave s ikuchyne.sk - kuchyne na mieru.\" \/>\n<meta name=\"robots\" content=\"index, follow, max-snippet:-1, max-image-preview:large, max-video-preview:-1\" \/>\n<link rel=\"canonical\" href=\"https:\/\/www.ikuchyne.sk\/eshop\/produkt\/sivy-tv-stolik-iron-craft-170cm\/\" \/>\n<meta property=\"og:locale\" content=\"sk_SK\" \/>\n<meta property=\"og:type\" content=\"article\" \/>\n<meta property=\"og:title\" content=\"Siv\u00fd TV stol\u00edk Iron Craft 170cm \u00bb &#187; iKuchyne iSHOP s n\u00e1bytkom\" \/>\n<meta property=\"og:description\" content=\"Siv\u00fd TV stol\u00edk Iron Craft 170cm \u00bb - r\u00fdchle dodanie, poradenstvo, n\u00e1bytok skladom v Bratislave s ikuchyne.sk - kuchyne na mieru.\" \/>\n<meta property=\"og:url\" content=\"https:\/\/www.ikuchyne.sk\/eshop\/produkt\/sivy-tv-stolik-iron-craft-170cm\/\" \/>\n<meta property=\"og:site_name\" content=\"iKuchyne iSHOP s n\u00e1bytkom\" \/>\n<meta property=\"article:publisher\" content=\"https:\/\/www.facebook.com\/ikuchyne\/\" \/>\n<meta property=\"article:modified_time\" content=\"2021-07-17T07:10:28+00:00\" \/>\n<meta property=\"og:image\" content=\"https:\/\/www.ikuchyne.sk\/eshop\/wp-content\/uploads\/2019\/08\/TV-Board-Iron-Craft-170cm-siva-Mango-39279.jpg\" \/>\n\t<meta property=\"og:image:width\" content=\"800\" \/>\n\t<meta property=\"og:image:height\" content=\"800\" \/>\n\t<meta property=\"og:image:type\" content=\"image\/jpeg\" \/>\n<meta name=\"twitter:card\" content=\"summary_large_image\" \/>\n<meta name=\"twitter:label1\" content=\"Predpokladan\u00fd \u010das \u010d\u00edtania\" \/>\n\t<meta name=\"twitter:data1\" content=\"2 min\u00faty\" \/>\n<script type=\"application\/ld+json\" class=\"yoast-schema-graph\">{\"@context\":\"https:\/\/schema.org\",\"@graph\":[{\"@type\":\"WebPage\",\"@id\":\"https:\/\/www.ikuchyne.sk\/eshop\/produkt\/sivy-tv-stolik-iron-craft-170cm\/\",\"url\":\"https:\/\/www.ikuchyne.sk\/eshop\/produkt\/sivy-tv-stolik-iron-craft-170cm\/\",\"name\":\"Siv\u00fd TV stol\u00edk Iron Craft 170cm \u00bb &#187; iKuchyne iSHOP s n\u00e1bytkom\",\"isPartOf\":{\"@id\":\"https:\/\/www.ikuchyne.sk\/eshop\/#website\"},\"datePublished\":\"2019-08-12T11:18:42+00:00\",\"dateModified\":\"2021-07-17T07:10:28+00:00\",\"description\":\"Siv\u00fd TV stol\u00edk Iron Craft 170cm \u00bb - r\u00fdchle dodanie, poradenstvo, n\u00e1bytok skladom v Bratislave s ikuchyne.sk - kuchyne na mieru.\",\"breadcrumb\":{\"@id\":\"https:\/\/www.ikuchyne.sk\/eshop\/produkt\/sivy-tv-stolik-iron-craft-170cm\/#breadcrumb\"},\"inLanguage\":\"sk-SK\",\"potentialAction\":[{\"@type\":\"ReadAction\",\"target\":[\"https:\/\/www.ikuchyne.sk\/eshop\/produkt\/sivy-tv-stolik-iron-craft-170cm\/\"]}]},{\"@type\":\"BreadcrumbList\",\"@id\":\"https:\/\/www.ikuchyne.sk\/eshop\/produkt\/sivy-tv-stolik-iron-craft-170cm\/#breadcrumb\",\"itemListElement\":[{\"@type\":\"ListItem\",\"position\":1,\"name\":\"Home\",\"item\":\"https:\/\/www.ikuchyne.sk\/eshop\/\"},{\"@type\":\"ListItem\",\"position\":2,\"name\":\"Obchod\",\"item\":\"https:\/\/www.ikuchyne.sk\/eshop\/obchod\/\"},{\"@type\":\"ListItem\",\"position\":3,\"name\":\"Siv\u00fd TV stol\u00edk Iron Craft 170cm \u00bb\"}]},{\"@type\":\"WebSite\",\"@id\":\"https:\/\/www.ikuchyne.sk\/eshop\/#website\",\"url\":\"https:\/\/www.ikuchyne.sk\/eshop\/\",\"name\":\"iKuchyne iSHOP s n\u00e1bytkom\",\"description\":\"Jed\u00e1lensk\u00e9 stoly, stoli\u010dky, n\u00e1bytok, svietidl\u00e1...\",\"publisher\":{\"@id\":\"https:\/\/www.ikuchyne.sk\/eshop\/#organization\"},\"potentialAction\":[{\"@type\":\"SearchAction\",\"target\":{\"@type\":\"EntryPoint\",\"urlTemplate\":\"https:\/\/www.ikuchyne.sk\/eshop\/?s={search_term_string}\"},\"query-input\":\"required name=search_term_string\"}],\"inLanguage\":\"sk-SK\"},{\"@type\":\"Organization\",\"@id\":\"https:\/\/www.ikuchyne.sk\/eshop\/#organization\",\"name\":\"ikuchyne!\",\"url\":\"https:\/\/www.ikuchyne.sk\/eshop\/\",\"logo\":{\"@type\":\"ImageObject\",\"inLanguage\":\"sk-SK\",\"@id\":\"https:\/\/www.ikuchyne.sk\/eshop\/#\/schema\/logo\/image\/\",\"url\":\"https:\/\/www.ikuchyne.sk\/eshop\/wp-content\/uploads\/2017\/04\/ikuchyne-logo.jpg\",\"contentUrl\":\"https:\/\/www.ikuchyne.sk\/eshop\/wp-content\/uploads\/2017\/04\/ikuchyne-logo.jpg\",\"width\":200,\"height\":48,\"caption\":\"ikuchyne!\"},\"image\":{\"@id\":\"https:\/\/www.ikuchyne.sk\/eshop\/#\/schema\/logo\/image\/\"},\"sameAs\":[\"https:\/\/www.facebook.com\/ikuchyne\/\",\"https:\/\/www.instagram.com\/ikuchyne.sk\/\",\"https:\/\/sk.pinterest.com\/ikuchynesk\/\"]}]}<\/script>\n<!-- \/ Yoast SEO plugin. -->","yoast_head_json":{"title":"Siv\u00fd TV stol\u00edk Iron Craft 170cm \u00bb &#187; iKuchyne iSHOP s n\u00e1bytkom","description":"Siv\u00fd TV stol\u00edk Iron Craft 170cm \u00bb - r\u00fdchle dodanie, poradenstvo, n\u00e1bytok skladom v Bratislave s ikuchyne.sk - kuchyne na mieru.","robots":{"index":"index","follow":"follow","max-snippet":"max-snippet:-1","max-image-preview":"max-image-preview:large","max-video-preview":"max-video-preview:-1"},"canonical":"https:\/\/www.ikuchyne.sk\/eshop\/produkt\/sivy-tv-stolik-iron-craft-170cm\/","og_locale":"sk_SK","og_type":"article","og_title":"Siv\u00fd TV stol\u00edk Iron Craft 170cm \u00bb &#187; iKuchyne iSHOP s n\u00e1bytkom","og_description":"Siv\u00fd TV stol\u00edk Iron Craft 170cm \u00bb - r\u00fdchle dodanie, poradenstvo, n\u00e1bytok skladom v Bratislave s ikuchyne.sk - kuchyne na mieru.","og_url":"https:\/\/www.ikuchyne.sk\/eshop\/produkt\/sivy-tv-stolik-iron-craft-170cm\/","og_site_name":"iKuchyne iSHOP s n\u00e1bytkom","article_publisher":"https:\/\/www.facebook.com\/ikuchyne\/","article_modified_time":"2021-07-17T07:10:28+00:00","og_image":[{"width":800,"height":800,"url":"https:\/\/www.ikuchyne.sk\/eshop\/wp-content\/uploads\/2019\/08\/TV-Board-Iron-Craft-170cm-siva-Mango-39279.jpg","type":"image\/jpeg"}],"twitter_card":"summary_large_image","twitter_misc":{"Predpokladan\u00fd \u010das \u010d\u00edtania":"2 min\u00faty"},"schema":{"@context":"https:\/\/schema.org","@graph":[{"@type":"WebPage","@id":"https:\/\/www.ikuchyne.sk\/eshop\/produkt\/sivy-tv-stolik-iron-craft-170cm\/","url":"https:\/\/www.ikuchyne.sk\/eshop\/produkt\/sivy-tv-stolik-iron-craft-170cm\/","name":"Siv\u00fd TV stol\u00edk Iron Craft 170cm \u00bb &#187; iKuchyne iSHOP s n\u00e1bytkom","isPartOf":{"@id":"https:\/\/www.ikuchyne.sk\/eshop\/#website"},"datePublished":"2019-08-12T11:18:42+00:00","dateModified":"2021-07-17T07:10:28+00:00","description":"Siv\u00fd TV stol\u00edk Iron Craft 170cm \u00bb - r\u00fdchle dodanie, poradenstvo, n\u00e1bytok skladom v Bratislave s ikuchyne.sk - kuchyne na mieru.","breadcrumb":{"@id":"https:\/\/www.ikuchyne.sk\/eshop\/produkt\/sivy-tv-stolik-iron-craft-170cm\/#breadcrumb"},"inLanguage":"sk-SK","potentialAction":[{"@type":"ReadAction","target":["https:\/\/www.ikuchyne.sk\/eshop\/produkt\/sivy-tv-stolik-iron-craft-170cm\/"]}]},{"@type":"BreadcrumbList","@id":"https:\/\/www.ikuchyne.sk\/eshop\/produkt\/sivy-tv-stolik-iron-craft-170cm\/#breadcrumb","itemListElement":[{"@type":"ListItem","position":1,"name":"Home","item":"https:\/\/www.ikuchyne.sk\/eshop\/"},{"@type":"ListItem","position":2,"name":"Obchod","item":"https:\/\/www.ikuchyne.sk\/eshop\/obchod\/"},{"@type":"ListItem","position":3,"name":"Siv\u00fd TV stol\u00edk Iron Craft 170cm \u00bb"}]},{"@type":"WebSite","@id":"https:\/\/www.ikuchyne.sk\/eshop\/#website","url":"https:\/\/www.ikuchyne.sk\/eshop\/","name":"iKuchyne iSHOP s n\u00e1bytkom","description":"Jed\u00e1lensk\u00e9 stoly, stoli\u010dky, n\u00e1bytok, svietidl\u00e1...","publisher":{"@id":"https:\/\/www.ikuchyne.sk\/eshop\/#organization"},"potentialAction":[{"@type":"SearchAction","target":{"@type":"EntryPoint","urlTemplate":"https:\/\/www.ikuchyne.sk\/eshop\/?s={search_term_string}"},"query-input":"required name=search_term_string"}],"inLanguage":"sk-SK"},{"@type":"Organization","@id":"https:\/\/www.ikuchyne.sk\/eshop\/#organization","name":"ikuchyne!","url":"https:\/\/www.ikuchyne.sk\/eshop\/","logo":{"@type":"ImageObject","inLanguage":"sk-SK","@id":"https:\/\/www.ikuchyne.sk\/eshop\/#\/schema\/logo\/image\/","url":"https:\/\/www.ikuchyne.sk\/eshop\/wp-content\/uploads\/2017\/04\/ikuchyne-logo.jpg","contentUrl":"https:\/\/www.ikuchyne.sk\/eshop\/wp-content\/uploads\/2017\/04\/ikuchyne-logo.jpg","width":200,"height":48,"caption":"ikuchyne!"},"image":{"@id":"https:\/\/www.ikuchyne.sk\/eshop\/#\/schema\/logo\/image\/"},"sameAs":["https:\/\/www.facebook.com\/ikuchyne\/","https:\/\/www.instagram.com\/ikuchyne.sk\/","https:\/\/sk.pinterest.com\/ikuchynesk\/"]}]}},"_links":{"self":[{"href":"https:\/\/www.ikuchyne.sk\/eshop\/wp-json\/wp\/v2\/product\/110000"}],"collection":[{"href":"https:\/\/www.ikuchyne.sk\/eshop\/wp-json\/wp\/v2\/product"}],"about":[{"href":"https:\/\/www.ikuchyne.sk\/eshop\/wp-json\/wp\/v2\/types\/product"}],"replies":[{"embeddable":true,"href":"https:\/\/www.ikuchyne.sk\/eshop\/wp-json\/wp\/v2\/comments?post=110000"}],"wp:featuredmedia":[{"embeddable":true,"href":"https:\/\/www.ikuchyne.sk\/eshop\/wp-json\/wp\/v2\/media\/110001"}],"wp:attachment":[{"href":"https:\/\/www.ikuchyne.sk\/eshop\/wp-json\/wp\/v2\/media?parent=110000"}],"wp:term":[{"taxonomy":"product_cat","embeddable":true,"href":"https:\/\/www.ikuchyne.sk\/eshop\/wp-json\/wp\/v2\/product_cat?post=110000"},{"taxonomy":"product_tag","embeddable":true,"href":"https:\/\/www.ikuchyne.sk\/eshop\/wp-json\/wp\/v2\/product_tag?post=110000"}],"curies":[{"name":"wp","href":"https:\/\/api.w.org\/{rel}","templated":true}]}}