{"id":110016,"date":"2019-08-12T14:16:20","date_gmt":"2019-08-12T12:16:20","guid":{"rendered":"https:\/\/ikuchyne.sk\/eshop\/?post_type=product&#038;p=110016"},"modified":"2024-01-15T12:33:04","modified_gmt":"2024-01-15T11:33:04","slug":"svetlohneda-stolicka-palermo","status":"publish","type":"product","link":"https:\/\/www.ikuchyne.sk\/eshop\/produkt\/svetlohneda-stolicka-palermo\/","title":{"rendered":"Svetlohned\u00e1 stoli\u010dka Palermo \u00bb"},"content":{"rendered":"<h1>Svetlohned\u00e1 stoli\u010dka Palermo \u00bb<\/h1>\n<h4><strong>V\u0161eobecn\u00fd popis:<\/strong><\/h4>\n<p>Elegantn\u00e1 svetlohned\u00e1 stoli\u010dka Palermo v ob\u013e\u00fabenom retro dizajne. Vysoko kvalitn\u00fd po\u0165ah z mikrovl\u00e1kna vo svetlohnedej farbe je ve\u013emi odoln\u00fd a \u013eahko sa o neho star\u00e1. Pohodln\u00e9 \u010dal\u00fanenie a lak\u0165ov\u00e9 opierky zais\u0165uj\u00fa optim\u00e1lny komfort sedenia. Pou\u017eite stoli\u010dku k jed\u00e1lensk\u00e9mu stolu alebo ako konferen\u010dn\u00fa stoli\u010dku!<\/p>\n<p>Retro dizajn pre va\u0161u jed\u00e1le\u0148. T\u00e1to nad\u010dasov\u00e1 stoli\u010dka v trendovom retro \u0161t\u00fdle sa hod\u00ed do ka\u017ed\u00e9ho prostredia. \u00daspe\u0161n\u00e1 kombin\u00e1cia kvalitn\u00e9ho po\u0165ahu z mikrovl\u00e1kna a \u010diernych kovov\u00fdch n\u00f4h v typickom, ,,\u00c1-\u010dkovom&#8221; dizajne sa d\u00e1 kombinova\u0165 mnoh\u00fdmi sp\u00f4sobmi a d\u00fdcha z neho elegancia a \u0161t\u00fdl. Samozrejmos\u0165ou je pohodlne \u010dal\u00fanen\u00e1 sedacia \u010das\u0165 stoli\u010dky a m\u00e1 tie\u017e dve lak\u0165ov\u00e9 opierky, ktor\u00e9 poskytuj\u00fa \u010fal\u0161ie pohodlie pri seden\u00ed.<\/p>\n<p>Dodajte svojej jed\u00e1lni nov\u00fd vzh\u013ead! Pohodln\u00fa sedaciu \u010das\u0165 jed\u00e1lenskej stoli\u010dky Palermo je mo\u017en\u00e9 v\u010faka svojmu jednoduch\u00e9mu a nad\u010dasov\u00e9mu dizajnu \u00fa\u017easne kombinova\u0165 so \u0161irokou \u0161k\u00e1lou jed\u00e1lensk\u00fdch stolov alebo p\u00edsac\u00edch stolov. Stoly s \u010diernymi nohami sa hodia obzvl\u00e1\u0161\u0165 dobre, preto\u017ee sa dokonale zhoduj\u00fa s dizajnom stoli\u010dky. Pri kombinovan\u00ed stoli\u010dky v\u0161ak m\u00f4\u017eete popusti\u0165 uzdu svojej kreativite &#8211; v\u017edy \u0161t\u00fdlovo zapadne do va\u0161ej dom\u00e1cnosti \u010di kancel\u00e1rie, bez oh\u013eadu na \u0161t\u00fdl miestnosti.<\/p>\n<p><strong>Detaily produktu:<\/strong><\/p>\n<p>Kovov\u00e9 nohy v ,,\u00c1-\u010dkovom&#8221; dizajne poskytuj\u00fa pevn\u00e9 st\u00e1tie. Pohodln\u00e9 \u010dal\u00fanenie pre optim\u00e1lne pohodlie sedenia. Po\u0165ah z mikrovl\u00e1kna je obzvl\u00e1\u0161\u0165 odoln\u00fd. Max. nosnos\u0165: cca 120 kg. Tento po\u0165ah je vyroben\u00fd z odoln\u00e9ho mikrovl\u00e1kna. Tkaniny z mikrovl\u00e1kien s\u00fa ve\u013emi m\u00e4kk\u00e9 a mimoriadne tvarovo st\u00e1le. Po\u0165ah r\u00fdchlo schne, ve\u013emi dobre sa \u010dist\u00ed. Vhodn\u00e9 bytov\u00e9 doplnky a n\u00e1bytok pre kombinovanie interi\u00e9ru s touto jed\u00e1lenskou stoli\u010dkou n\u00e1jdete na na\u0161om e-shope v sekcii Bytov\u00e9 doplnky. Kontaktujte n\u00e1s a my v\u00e1m radi pom\u00f4\u017eeme s v\u00fdberom vhodn\u00fdch dekor\u00e1ci\u00ed a n\u00e1bytku do va\u0161ej dom\u00e1cnosti.<\/p>\n<p><b>Rozmery<\/b> (cca): 46cm x 84cm x 46cm (\u0160xVxH)<br \/>\nsedenie: 50cm x 49cm x 41cm (\u0160xVxH)<br \/>\nv\u00fd\u0161ka lak\u0165ovej opierky: 25cm<br \/>\n<b>Farba:<\/b> svetlohned\u00e1<br \/>\n<b>Materi\u00e1l:<\/b> mikrovl\u00e1kno, kov<\/p>\n<p>Dodato\u010dn\u00e9 inform\u00e1cie:<\/p>\n<p>V pr\u00edpade z\u00e1ujmu o in\u00e9 stoli\u010dky &#8211; jed\u00e1lensk\u00e9, barov\u00e9, kancel\u00e1rske, nav\u0161t\u00edvte sekciu stoli\u010dky na <a href=\"https:\/\/www.ikuchyne.sk\/eshop\/kategoria\/stolicky\/\">www.ikuchyne.sk\/eshop<\/a><br \/>\nV pr\u00edpade z\u00e1ujmu o n\u00e1bytok na mieru n\u00e1s kontaktuje na <a href=\"http:\/\/www.ikuchyne.sk\">www.ikuchyne.sk<\/a><\/p>\n","protected":false},"excerpt":{"rendered":"<p>Svetlohned\u00e1 stoli\u010dka Palermo \u00bb V\u0161eobecn\u00fd popis: Elegantn\u00e1 svetlohned\u00e1 stoli\u010dka Palermo v ob\u013e\u00fabenom retro dizajne. Vysoko kvalitn\u00fd po\u0165ah z mikrovl\u00e1kna vo svetlohnedej farbe je ve\u013emi odoln\u00fd a \u013eahko sa o neho<\/p>\n","protected":false},"featured_media":110017,"comment_status":"closed","ping_status":"closed","template":"","meta":[],"product_cat":[310,823,826,820,830,288],"product_tag":[256,898],"yoast_head":"<!-- This site is optimized with the Yoast SEO plugin v22.1 - https:\/\/yoast.com\/wordpress\/plugins\/seo\/ -->\n<title>Svetlohned\u00e1 stoli\u010dka Palermo \u00bb &#187; iKuchyne iSHOP s n\u00e1bytkom<\/title>\n<meta name=\"description\" content=\"Svetlohned\u00e1 stoli\u010dka Palermo \u00bb - r\u00fdchle dodanie, poradenstvo, n\u00e1bytok skladom v Bratislave s ikuchyne.sk - kuchyne na mieru.\" \/>\n<meta name=\"robots\" content=\"index, follow, max-snippet:-1, max-image-preview:large, max-video-preview:-1\" \/>\n<link rel=\"canonical\" href=\"https:\/\/www.ikuchyne.sk\/eshop\/produkt\/svetlohneda-stolicka-palermo\/\" \/>\n<meta property=\"og:locale\" content=\"sk_SK\" \/>\n<meta property=\"og:type\" content=\"article\" \/>\n<meta property=\"og:title\" content=\"Svetlohned\u00e1 stoli\u010dka Palermo \u00bb &#187; iKuchyne iSHOP s n\u00e1bytkom\" \/>\n<meta property=\"og:description\" content=\"Svetlohned\u00e1 stoli\u010dka Palermo \u00bb - r\u00fdchle dodanie, poradenstvo, n\u00e1bytok skladom v Bratislave s ikuchyne.sk - kuchyne na mieru.\" \/>\n<meta property=\"og:url\" content=\"https:\/\/www.ikuchyne.sk\/eshop\/produkt\/svetlohneda-stolicka-palermo\/\" \/>\n<meta property=\"og:site_name\" content=\"iKuchyne iSHOP s n\u00e1bytkom\" \/>\n<meta property=\"article:publisher\" content=\"https:\/\/www.facebook.com\/ikuchyne\/\" \/>\n<meta property=\"article:modified_time\" content=\"2024-01-15T11:33:04+00:00\" \/>\n<meta property=\"og:image\" content=\"https:\/\/www.ikuchyne.sk\/eshop\/wp-content\/uploads\/2019\/08\/Stolicka-Palermo-hellhneda-Armlehne-39344.jpg\" \/>\n\t<meta property=\"og:image:width\" content=\"800\" \/>\n\t<meta property=\"og:image:height\" content=\"533\" \/>\n\t<meta property=\"og:image:type\" content=\"image\/jpeg\" \/>\n<meta name=\"twitter:card\" content=\"summary_large_image\" \/>\n<meta name=\"twitter:label1\" content=\"Predpokladan\u00fd \u010das \u010d\u00edtania\" \/>\n\t<meta name=\"twitter:data1\" content=\"2 min\u00faty\" \/>\n<script type=\"application\/ld+json\" class=\"yoast-schema-graph\">{\"@context\":\"https:\/\/schema.org\",\"@graph\":[{\"@type\":\"WebPage\",\"@id\":\"https:\/\/www.ikuchyne.sk\/eshop\/produkt\/svetlohneda-stolicka-palermo\/\",\"url\":\"https:\/\/www.ikuchyne.sk\/eshop\/produkt\/svetlohneda-stolicka-palermo\/\",\"name\":\"Svetlohned\u00e1 stoli\u010dka Palermo \u00bb &#187; iKuchyne iSHOP s n\u00e1bytkom\",\"isPartOf\":{\"@id\":\"https:\/\/www.ikuchyne.sk\/eshop\/#website\"},\"datePublished\":\"2019-08-12T12:16:20+00:00\",\"dateModified\":\"2024-01-15T11:33:04+00:00\",\"description\":\"Svetlohned\u00e1 stoli\u010dka Palermo \u00bb - r\u00fdchle dodanie, poradenstvo, n\u00e1bytok skladom v Bratislave s ikuchyne.sk - kuchyne na mieru.\",\"breadcrumb\":{\"@id\":\"https:\/\/www.ikuchyne.sk\/eshop\/produkt\/svetlohneda-stolicka-palermo\/#breadcrumb\"},\"inLanguage\":\"sk-SK\",\"potentialAction\":[{\"@type\":\"ReadAction\",\"target\":[\"https:\/\/www.ikuchyne.sk\/eshop\/produkt\/svetlohneda-stolicka-palermo\/\"]}]},{\"@type\":\"BreadcrumbList\",\"@id\":\"https:\/\/www.ikuchyne.sk\/eshop\/produkt\/svetlohneda-stolicka-palermo\/#breadcrumb\",\"itemListElement\":[{\"@type\":\"ListItem\",\"position\":1,\"name\":\"Home\",\"item\":\"https:\/\/www.ikuchyne.sk\/eshop\/\"},{\"@type\":\"ListItem\",\"position\":2,\"name\":\"Obchod\",\"item\":\"https:\/\/www.ikuchyne.sk\/eshop\/obchod\/\"},{\"@type\":\"ListItem\",\"position\":3,\"name\":\"Svetlohned\u00e1 stoli\u010dka Palermo \u00bb\"}]},{\"@type\":\"WebSite\",\"@id\":\"https:\/\/www.ikuchyne.sk\/eshop\/#website\",\"url\":\"https:\/\/www.ikuchyne.sk\/eshop\/\",\"name\":\"iKuchyne iSHOP s n\u00e1bytkom\",\"description\":\"Jed\u00e1lensk\u00e9 stoly, stoli\u010dky, n\u00e1bytok, svietidl\u00e1...\",\"publisher\":{\"@id\":\"https:\/\/www.ikuchyne.sk\/eshop\/#organization\"},\"potentialAction\":[{\"@type\":\"SearchAction\",\"target\":{\"@type\":\"EntryPoint\",\"urlTemplate\":\"https:\/\/www.ikuchyne.sk\/eshop\/?s={search_term_string}\"},\"query-input\":\"required name=search_term_string\"}],\"inLanguage\":\"sk-SK\"},{\"@type\":\"Organization\",\"@id\":\"https:\/\/www.ikuchyne.sk\/eshop\/#organization\",\"name\":\"ikuchyne!\",\"url\":\"https:\/\/www.ikuchyne.sk\/eshop\/\",\"logo\":{\"@type\":\"ImageObject\",\"inLanguage\":\"sk-SK\",\"@id\":\"https:\/\/www.ikuchyne.sk\/eshop\/#\/schema\/logo\/image\/\",\"url\":\"https:\/\/www.ikuchyne.sk\/eshop\/wp-content\/uploads\/2017\/04\/ikuchyne-logo.jpg\",\"contentUrl\":\"https:\/\/www.ikuchyne.sk\/eshop\/wp-content\/uploads\/2017\/04\/ikuchyne-logo.jpg\",\"width\":200,\"height\":48,\"caption\":\"ikuchyne!\"},\"image\":{\"@id\":\"https:\/\/www.ikuchyne.sk\/eshop\/#\/schema\/logo\/image\/\"},\"sameAs\":[\"https:\/\/www.facebook.com\/ikuchyne\/\",\"https:\/\/www.instagram.com\/ikuchyne.sk\/\",\"https:\/\/sk.pinterest.com\/ikuchynesk\/\"]}]}<\/script>\n<!-- \/ Yoast SEO plugin. -->","yoast_head_json":{"title":"Svetlohned\u00e1 stoli\u010dka Palermo \u00bb &#187; iKuchyne iSHOP s n\u00e1bytkom","description":"Svetlohned\u00e1 stoli\u010dka Palermo \u00bb - r\u00fdchle dodanie, poradenstvo, n\u00e1bytok skladom v Bratislave s ikuchyne.sk - kuchyne na mieru.","robots":{"index":"index","follow":"follow","max-snippet":"max-snippet:-1","max-image-preview":"max-image-preview:large","max-video-preview":"max-video-preview:-1"},"canonical":"https:\/\/www.ikuchyne.sk\/eshop\/produkt\/svetlohneda-stolicka-palermo\/","og_locale":"sk_SK","og_type":"article","og_title":"Svetlohned\u00e1 stoli\u010dka Palermo \u00bb &#187; iKuchyne iSHOP s n\u00e1bytkom","og_description":"Svetlohned\u00e1 stoli\u010dka Palermo \u00bb - r\u00fdchle dodanie, poradenstvo, n\u00e1bytok skladom v Bratislave s ikuchyne.sk - kuchyne na mieru.","og_url":"https:\/\/www.ikuchyne.sk\/eshop\/produkt\/svetlohneda-stolicka-palermo\/","og_site_name":"iKuchyne iSHOP s n\u00e1bytkom","article_publisher":"https:\/\/www.facebook.com\/ikuchyne\/","article_modified_time":"2024-01-15T11:33:04+00:00","og_image":[{"width":800,"height":533,"url":"https:\/\/www.ikuchyne.sk\/eshop\/wp-content\/uploads\/2019\/08\/Stolicka-Palermo-hellhneda-Armlehne-39344.jpg","type":"image\/jpeg"}],"twitter_card":"summary_large_image","twitter_misc":{"Predpokladan\u00fd \u010das \u010d\u00edtania":"2 min\u00faty"},"schema":{"@context":"https:\/\/schema.org","@graph":[{"@type":"WebPage","@id":"https:\/\/www.ikuchyne.sk\/eshop\/produkt\/svetlohneda-stolicka-palermo\/","url":"https:\/\/www.ikuchyne.sk\/eshop\/produkt\/svetlohneda-stolicka-palermo\/","name":"Svetlohned\u00e1 stoli\u010dka Palermo \u00bb &#187; iKuchyne iSHOP s n\u00e1bytkom","isPartOf":{"@id":"https:\/\/www.ikuchyne.sk\/eshop\/#website"},"datePublished":"2019-08-12T12:16:20+00:00","dateModified":"2024-01-15T11:33:04+00:00","description":"Svetlohned\u00e1 stoli\u010dka Palermo \u00bb - r\u00fdchle dodanie, poradenstvo, n\u00e1bytok skladom v Bratislave s ikuchyne.sk - kuchyne na mieru.","breadcrumb":{"@id":"https:\/\/www.ikuchyne.sk\/eshop\/produkt\/svetlohneda-stolicka-palermo\/#breadcrumb"},"inLanguage":"sk-SK","potentialAction":[{"@type":"ReadAction","target":["https:\/\/www.ikuchyne.sk\/eshop\/produkt\/svetlohneda-stolicka-palermo\/"]}]},{"@type":"BreadcrumbList","@id":"https:\/\/www.ikuchyne.sk\/eshop\/produkt\/svetlohneda-stolicka-palermo\/#breadcrumb","itemListElement":[{"@type":"ListItem","position":1,"name":"Home","item":"https:\/\/www.ikuchyne.sk\/eshop\/"},{"@type":"ListItem","position":2,"name":"Obchod","item":"https:\/\/www.ikuchyne.sk\/eshop\/obchod\/"},{"@type":"ListItem","position":3,"name":"Svetlohned\u00e1 stoli\u010dka Palermo \u00bb"}]},{"@type":"WebSite","@id":"https:\/\/www.ikuchyne.sk\/eshop\/#website","url":"https:\/\/www.ikuchyne.sk\/eshop\/","name":"iKuchyne iSHOP s n\u00e1bytkom","description":"Jed\u00e1lensk\u00e9 stoly, stoli\u010dky, n\u00e1bytok, svietidl\u00e1...","publisher":{"@id":"https:\/\/www.ikuchyne.sk\/eshop\/#organization"},"potentialAction":[{"@type":"SearchAction","target":{"@type":"EntryPoint","urlTemplate":"https:\/\/www.ikuchyne.sk\/eshop\/?s={search_term_string}"},"query-input":"required name=search_term_string"}],"inLanguage":"sk-SK"},{"@type":"Organization","@id":"https:\/\/www.ikuchyne.sk\/eshop\/#organization","name":"ikuchyne!","url":"https:\/\/www.ikuchyne.sk\/eshop\/","logo":{"@type":"ImageObject","inLanguage":"sk-SK","@id":"https:\/\/www.ikuchyne.sk\/eshop\/#\/schema\/logo\/image\/","url":"https:\/\/www.ikuchyne.sk\/eshop\/wp-content\/uploads\/2017\/04\/ikuchyne-logo.jpg","contentUrl":"https:\/\/www.ikuchyne.sk\/eshop\/wp-content\/uploads\/2017\/04\/ikuchyne-logo.jpg","width":200,"height":48,"caption":"ikuchyne!"},"image":{"@id":"https:\/\/www.ikuchyne.sk\/eshop\/#\/schema\/logo\/image\/"},"sameAs":["https:\/\/www.facebook.com\/ikuchyne\/","https:\/\/www.instagram.com\/ikuchyne.sk\/","https:\/\/sk.pinterest.com\/ikuchynesk\/"]}]}},"_links":{"self":[{"href":"https:\/\/www.ikuchyne.sk\/eshop\/wp-json\/wp\/v2\/product\/110016"}],"collection":[{"href":"https:\/\/www.ikuchyne.sk\/eshop\/wp-json\/wp\/v2\/product"}],"about":[{"href":"https:\/\/www.ikuchyne.sk\/eshop\/wp-json\/wp\/v2\/types\/product"}],"replies":[{"embeddable":true,"href":"https:\/\/www.ikuchyne.sk\/eshop\/wp-json\/wp\/v2\/comments?post=110016"}],"wp:featuredmedia":[{"embeddable":true,"href":"https:\/\/www.ikuchyne.sk\/eshop\/wp-json\/wp\/v2\/media\/110017"}],"wp:attachment":[{"href":"https:\/\/www.ikuchyne.sk\/eshop\/wp-json\/wp\/v2\/media?parent=110016"}],"wp:term":[{"taxonomy":"product_cat","embeddable":true,"href":"https:\/\/www.ikuchyne.sk\/eshop\/wp-json\/wp\/v2\/product_cat?post=110016"},{"taxonomy":"product_tag","embeddable":true,"href":"https:\/\/www.ikuchyne.sk\/eshop\/wp-json\/wp\/v2\/product_tag?post=110016"}],"curies":[{"name":"wp","href":"https:\/\/api.w.org\/{rel}","templated":true}]}}