{"id":110055,"date":"2019-08-12T15:02:13","date_gmt":"2019-08-12T13:02:13","guid":{"rendered":"https:\/\/ikuchyne.sk\/eshop\/?post_type=product&#038;p=110055"},"modified":"2024-03-09T15:36:49","modified_gmt":"2024-03-09T14:36:49","slug":"zelena-sedacka-modern-barock-240-cm","status":"publish","type":"product","link":"https:\/\/www.ikuchyne.sk\/eshop\/produkt\/zelena-sedacka-modern-barock-240-cm\/","title":{"rendered":"Zelen\u00e1 seda\u010dka Modern Barock 240 cm \u00bb"},"content":{"rendered":"<h1>Zelen\u00e1 seda\u010dka Modern Barock 240 cm \u00bb<\/h1>\n<h4><strong>V\u0161eobecn\u00fd popis:<\/strong><\/h4>\n<p>Zelen\u00e1 seda\u010dka Modern Barock 240 cm, to je \u010dist\u00e1 elegancia v anglickom \u0161t\u00fdle. T\u00e1to klasick\u00e1 zelen\u00e1 3-miestna pohovka Modern Barock v\u00e1s in\u0161piruje! Je potiahnut\u00e1 kvalitn\u00fdm zamatom. Zakriven\u00e9 podr\u00fa\u010dky a po\u010detn\u00e9 papl\u00f3ny s\u00fa typick\u00e9 pre dizajn Chesterfield. Kvalitn\u00e9 \u010dal\u00fanenie zaru\u010duje mnoho rokov pou\u017e\u00edvania. Ide\u00e1lna vo\u013eba pre milovn\u00edkov tohto tradi\u010dn\u00e9ho anglick\u00e9ho \u0161t\u00fdlu! Pohovka Modern Barock zelen\u00e1 je centrom rodinn\u00e9ho \u017eivota, je ako stvoren\u00e1 na leniv\u00fd odpo\u010dinok po n\u00e1ro\u010dnom dni a dlh\u00e9 filmov\u00e9 ve\u010dere. Najvy\u0161\u0161\u00ed komfort na 3-miestnej pohovke poskytuj\u00fa starostlivo tvarovan\u00e9 podr\u00fa\u010dky s elegantn\u00fdm charakterom.<\/p>\n<h4>Chesterfield dizajn<\/h4>\n<p>Pohovka Modern Barock zelen\u00e1 je zrete\u013ene rozpoznate\u013en\u00fd dizajn n\u00e1bytku &#8211; vysok\u00e9 ramen\u00e1 a \u010dal\u00fanenie, ktor\u00fd existuje u\u017e takmer 300 rokov. V\u00e4\u010d\u0161inu svojho \u017eivota str\u00e1vil v drevom oblo\u017een\u00fdch sten\u00e1ch anglick\u00fdch d\u017eentlmensk\u00fdch klubov, aristokratick\u00fdch domov a kamenn\u00fdch obchodov (fan\u00fa\u0161ikovia boli kr\u00e1\u013eovn\u00e1 Vikt\u00f3ria aj Sigmund Freud), ale Chesterfield sa stal vyh\u013ead\u00e1vanej\u0161\u00edm kusom n\u00e1bytku a je prisp\u00f4sobovan\u00fd pre modernej\u0161ie priestory za posledn\u00fdch nieko\u013eko desa\u0165ro\u010d\u00ed. Rozhodne sa Chesterfield dizajn nestrat\u00ed ani v tomto storo\u010d\u00ed. Vhodn\u00fdmi bytov\u00fdmi doplnkami dok\u00e1\u017eete Chesterfield dizajn ve\u013emi pekne zakomponova\u0165 a nadizajnova\u0165 aj do va\u0161ej dom\u00e1cnosti \u010di sal\u00f3nu. V\u010faka svojmu v\u00fdrazn\u00e9mu a charakteristick\u00e9mu dizajnu bude dominantou ka\u017edej miestnosti. Na\u0161i pracovn\u00edci v\u00e1m ochotne poradia a vyber\u00fa vhodn\u00e9 doplnky k pohovke.<\/p>\n<p><b>Rozmery<\/b> (cca): 240cm x 73cm x 97cm (\u0160xVxH)<br \/>\nsedenie: 180cm x 47cm x 63cm (\u0160xVxH)<br \/>\nv\u00fd\u0161ka n\u00f4h: 13cm<br \/>\nv\u00fd\u0161ka operadla: 35cm<br \/>\nv\u00fd\u0161ka lak\u0165ovej opierky: 35cm<br \/>\n<b>Farba:<\/b> smaragdovozelen\u00e1<br \/>\n<b>Materi\u00e1l:<\/b> zamat<\/p>\n<h4>Dopl\u0148uj\u00face inform\u00e1cie:<\/h4>\n<p>Uveden\u00e9 rozmery \u010dal\u00fanen\u00e9ho n\u00e1bytku (pohovky, rohy, postele) s\u00fa pribli\u017en\u00e9 rozmery, ktor\u00e9 sa m\u00f4\u017eu mierne l\u00ed\u0161i\u0165 od skuto\u010dn\u00fdch (tolerancia rozmerov: +\/- 3 cm). Pr\u00edpadn\u00e9 rozdiely m\u00f4\u017eu by\u0165 sp\u00f4soben\u00e9 r\u00f4znymi typmi po\u0165ahov\u00fdch a v\u00fdpl\u0148ov\u00fdch materi\u00e1lov &#8211; to plat\u00ed najm\u00e4 pre v\u00fdrobky dostupn\u00e9 v nieko\u013ek\u00fdch farebn\u00fdch variantoch.<\/p>\n<p>Dodato\u010dn\u00e9 inform\u00e1cie:<\/p>\n<p>V pr\u00edpade z\u00e1ujmu o in\u00e9 seda\u010dky, pohovky \u010di le\u0148o\u0161ky, nav\u0161t\u00edvte sekciu sedenie na <a href=\"https:\/\/www.ikuchyne.sk\/eshop\/kategoria\/sedenie\/\">www.ikuchyne.sk\/eshop<\/a><br \/>\nV pr\u00edpade z\u00e1ujmu o n\u00e1bytok na mieru n\u00e1s kontaktuje na <a href=\"http:\/\/www.ikuchyne.sk\">www.ikuchyne.sk<\/a><\/p>\n","protected":false},"excerpt":{"rendered":"<p>Zelen\u00e1 seda\u010dka Modern Barock 240 cm \u00bb V\u0161eobecn\u00fd popis: Zelen\u00e1 seda\u010dka Modern Barock 240 cm, to je \u010dist\u00e1 elegancia v anglickom \u0161t\u00fdle. T\u00e1to klasick\u00e1 zelen\u00e1 3-miestna pohovka Modern Barock v\u00e1s<\/p>\n","protected":false},"featured_media":110056,"comment_status":"closed","ping_status":"closed","template":"","meta":[],"product_cat":[936,602,601,600],"product_tag":[1036],"yoast_head":"<!-- This site is optimized with the Yoast SEO plugin v22.1 - https:\/\/yoast.com\/wordpress\/plugins\/seo\/ -->\n<title>Zelen\u00e1 seda\u010dka Modern Barock 240 cm \u00bb &#187; iKuchyne iSHOP s n\u00e1bytkom<\/title>\n<meta name=\"description\" content=\"Zelen\u00e1 seda\u010dka Modern Barock 240 cm \u00bb r\u00fdchle dodanie, poradenstvo, n\u00e1bytok skladom, ktor\u00e1 bude dominantou dom\u00e1cnosti v\u010faka ikuchyne.sk\" \/>\n<meta name=\"robots\" content=\"index, follow, max-snippet:-1, max-image-preview:large, max-video-preview:-1\" \/>\n<link rel=\"canonical\" href=\"https:\/\/www.ikuchyne.sk\/eshop\/produkt\/zelena-sedacka-modern-barock-240-cm\/\" \/>\n<meta property=\"og:locale\" content=\"sk_SK\" \/>\n<meta property=\"og:type\" content=\"article\" \/>\n<meta property=\"og:title\" content=\"Zelen\u00e1 seda\u010dka Modern Barock 240 cm \u00bb &#187; iKuchyne iSHOP s n\u00e1bytkom\" \/>\n<meta property=\"og:description\" content=\"Zelen\u00e1 seda\u010dka Modern Barock 240 cm \u00bb r\u00fdchle dodanie, poradenstvo, n\u00e1bytok skladom, ktor\u00e1 bude dominantou dom\u00e1cnosti v\u010faka ikuchyne.sk\" \/>\n<meta property=\"og:url\" content=\"https:\/\/www.ikuchyne.sk\/eshop\/produkt\/zelena-sedacka-modern-barock-240-cm\/\" \/>\n<meta property=\"og:site_name\" content=\"iKuchyne iSHOP s n\u00e1bytkom\" \/>\n<meta property=\"article:publisher\" content=\"https:\/\/www.facebook.com\/ikuchyne\/\" \/>\n<meta property=\"article:modified_time\" content=\"2024-03-09T14:36:49+00:00\" \/>\n<meta property=\"og:image\" content=\"https:\/\/www.ikuchyne.sk\/eshop\/wp-content\/uploads\/2019\/08\/Sofa-Modern-Barock-240cm-zelena-zlata-39312.jpg\" \/>\n\t<meta property=\"og:image:width\" content=\"800\" \/>\n\t<meta property=\"og:image:height\" content=\"533\" \/>\n\t<meta property=\"og:image:type\" content=\"image\/jpeg\" \/>\n<meta name=\"twitter:card\" content=\"summary_large_image\" \/>\n<meta name=\"twitter:label1\" content=\"Predpokladan\u00fd \u010das \u010d\u00edtania\" \/>\n\t<meta name=\"twitter:data1\" content=\"2 min\u00faty\" \/>\n<script type=\"application\/ld+json\" class=\"yoast-schema-graph\">{\"@context\":\"https:\/\/schema.org\",\"@graph\":[{\"@type\":\"WebPage\",\"@id\":\"https:\/\/www.ikuchyne.sk\/eshop\/produkt\/zelena-sedacka-modern-barock-240-cm\/\",\"url\":\"https:\/\/www.ikuchyne.sk\/eshop\/produkt\/zelena-sedacka-modern-barock-240-cm\/\",\"name\":\"Zelen\u00e1 seda\u010dka Modern Barock 240 cm \u00bb &#187; iKuchyne iSHOP s n\u00e1bytkom\",\"isPartOf\":{\"@id\":\"https:\/\/www.ikuchyne.sk\/eshop\/#website\"},\"datePublished\":\"2019-08-12T13:02:13+00:00\",\"dateModified\":\"2024-03-09T14:36:49+00:00\",\"description\":\"Zelen\u00e1 seda\u010dka Modern Barock 240 cm \u00bb r\u00fdchle dodanie, poradenstvo, n\u00e1bytok skladom, ktor\u00e1 bude dominantou dom\u00e1cnosti v\u010faka ikuchyne.sk\",\"breadcrumb\":{\"@id\":\"https:\/\/www.ikuchyne.sk\/eshop\/produkt\/zelena-sedacka-modern-barock-240-cm\/#breadcrumb\"},\"inLanguage\":\"sk-SK\",\"potentialAction\":[{\"@type\":\"ReadAction\",\"target\":[\"https:\/\/www.ikuchyne.sk\/eshop\/produkt\/zelena-sedacka-modern-barock-240-cm\/\"]}]},{\"@type\":\"BreadcrumbList\",\"@id\":\"https:\/\/www.ikuchyne.sk\/eshop\/produkt\/zelena-sedacka-modern-barock-240-cm\/#breadcrumb\",\"itemListElement\":[{\"@type\":\"ListItem\",\"position\":1,\"name\":\"Home\",\"item\":\"https:\/\/www.ikuchyne.sk\/eshop\/\"},{\"@type\":\"ListItem\",\"position\":2,\"name\":\"Obchod\",\"item\":\"https:\/\/www.ikuchyne.sk\/eshop\/obchod\/\"},{\"@type\":\"ListItem\",\"position\":3,\"name\":\"Zelen\u00e1 seda\u010dka Modern Barock 240 cm \u00bb\"}]},{\"@type\":\"WebSite\",\"@id\":\"https:\/\/www.ikuchyne.sk\/eshop\/#website\",\"url\":\"https:\/\/www.ikuchyne.sk\/eshop\/\",\"name\":\"iKuchyne iSHOP s n\u00e1bytkom\",\"description\":\"Jed\u00e1lensk\u00e9 stoly, stoli\u010dky, n\u00e1bytok, svietidl\u00e1...\",\"publisher\":{\"@id\":\"https:\/\/www.ikuchyne.sk\/eshop\/#organization\"},\"potentialAction\":[{\"@type\":\"SearchAction\",\"target\":{\"@type\":\"EntryPoint\",\"urlTemplate\":\"https:\/\/www.ikuchyne.sk\/eshop\/?s={search_term_string}\"},\"query-input\":\"required name=search_term_string\"}],\"inLanguage\":\"sk-SK\"},{\"@type\":\"Organization\",\"@id\":\"https:\/\/www.ikuchyne.sk\/eshop\/#organization\",\"name\":\"ikuchyne!\",\"url\":\"https:\/\/www.ikuchyne.sk\/eshop\/\",\"logo\":{\"@type\":\"ImageObject\",\"inLanguage\":\"sk-SK\",\"@id\":\"https:\/\/www.ikuchyne.sk\/eshop\/#\/schema\/logo\/image\/\",\"url\":\"https:\/\/www.ikuchyne.sk\/eshop\/wp-content\/uploads\/2017\/04\/ikuchyne-logo.jpg\",\"contentUrl\":\"https:\/\/www.ikuchyne.sk\/eshop\/wp-content\/uploads\/2017\/04\/ikuchyne-logo.jpg\",\"width\":200,\"height\":48,\"caption\":\"ikuchyne!\"},\"image\":{\"@id\":\"https:\/\/www.ikuchyne.sk\/eshop\/#\/schema\/logo\/image\/\"},\"sameAs\":[\"https:\/\/www.facebook.com\/ikuchyne\/\",\"https:\/\/www.instagram.com\/ikuchyne.sk\/\",\"https:\/\/sk.pinterest.com\/ikuchynesk\/\"]}]}<\/script>\n<!-- \/ Yoast SEO plugin. -->","yoast_head_json":{"title":"Zelen\u00e1 seda\u010dka Modern Barock 240 cm \u00bb &#187; iKuchyne iSHOP s n\u00e1bytkom","description":"Zelen\u00e1 seda\u010dka Modern Barock 240 cm \u00bb r\u00fdchle dodanie, poradenstvo, n\u00e1bytok skladom, ktor\u00e1 bude dominantou dom\u00e1cnosti v\u010faka ikuchyne.sk","robots":{"index":"index","follow":"follow","max-snippet":"max-snippet:-1","max-image-preview":"max-image-preview:large","max-video-preview":"max-video-preview:-1"},"canonical":"https:\/\/www.ikuchyne.sk\/eshop\/produkt\/zelena-sedacka-modern-barock-240-cm\/","og_locale":"sk_SK","og_type":"article","og_title":"Zelen\u00e1 seda\u010dka Modern Barock 240 cm \u00bb &#187; iKuchyne iSHOP s n\u00e1bytkom","og_description":"Zelen\u00e1 seda\u010dka Modern Barock 240 cm \u00bb r\u00fdchle dodanie, poradenstvo, n\u00e1bytok skladom, ktor\u00e1 bude dominantou dom\u00e1cnosti v\u010faka ikuchyne.sk","og_url":"https:\/\/www.ikuchyne.sk\/eshop\/produkt\/zelena-sedacka-modern-barock-240-cm\/","og_site_name":"iKuchyne iSHOP s n\u00e1bytkom","article_publisher":"https:\/\/www.facebook.com\/ikuchyne\/","article_modified_time":"2024-03-09T14:36:49+00:00","og_image":[{"width":800,"height":533,"url":"https:\/\/www.ikuchyne.sk\/eshop\/wp-content\/uploads\/2019\/08\/Sofa-Modern-Barock-240cm-zelena-zlata-39312.jpg","type":"image\/jpeg"}],"twitter_card":"summary_large_image","twitter_misc":{"Predpokladan\u00fd \u010das \u010d\u00edtania":"2 min\u00faty"},"schema":{"@context":"https:\/\/schema.org","@graph":[{"@type":"WebPage","@id":"https:\/\/www.ikuchyne.sk\/eshop\/produkt\/zelena-sedacka-modern-barock-240-cm\/","url":"https:\/\/www.ikuchyne.sk\/eshop\/produkt\/zelena-sedacka-modern-barock-240-cm\/","name":"Zelen\u00e1 seda\u010dka Modern Barock 240 cm \u00bb &#187; iKuchyne iSHOP s n\u00e1bytkom","isPartOf":{"@id":"https:\/\/www.ikuchyne.sk\/eshop\/#website"},"datePublished":"2019-08-12T13:02:13+00:00","dateModified":"2024-03-09T14:36:49+00:00","description":"Zelen\u00e1 seda\u010dka Modern Barock 240 cm \u00bb r\u00fdchle dodanie, poradenstvo, n\u00e1bytok skladom, ktor\u00e1 bude dominantou dom\u00e1cnosti v\u010faka ikuchyne.sk","breadcrumb":{"@id":"https:\/\/www.ikuchyne.sk\/eshop\/produkt\/zelena-sedacka-modern-barock-240-cm\/#breadcrumb"},"inLanguage":"sk-SK","potentialAction":[{"@type":"ReadAction","target":["https:\/\/www.ikuchyne.sk\/eshop\/produkt\/zelena-sedacka-modern-barock-240-cm\/"]}]},{"@type":"BreadcrumbList","@id":"https:\/\/www.ikuchyne.sk\/eshop\/produkt\/zelena-sedacka-modern-barock-240-cm\/#breadcrumb","itemListElement":[{"@type":"ListItem","position":1,"name":"Home","item":"https:\/\/www.ikuchyne.sk\/eshop\/"},{"@type":"ListItem","position":2,"name":"Obchod","item":"https:\/\/www.ikuchyne.sk\/eshop\/obchod\/"},{"@type":"ListItem","position":3,"name":"Zelen\u00e1 seda\u010dka Modern Barock 240 cm \u00bb"}]},{"@type":"WebSite","@id":"https:\/\/www.ikuchyne.sk\/eshop\/#website","url":"https:\/\/www.ikuchyne.sk\/eshop\/","name":"iKuchyne iSHOP s n\u00e1bytkom","description":"Jed\u00e1lensk\u00e9 stoly, stoli\u010dky, n\u00e1bytok, svietidl\u00e1...","publisher":{"@id":"https:\/\/www.ikuchyne.sk\/eshop\/#organization"},"potentialAction":[{"@type":"SearchAction","target":{"@type":"EntryPoint","urlTemplate":"https:\/\/www.ikuchyne.sk\/eshop\/?s={search_term_string}"},"query-input":"required name=search_term_string"}],"inLanguage":"sk-SK"},{"@type":"Organization","@id":"https:\/\/www.ikuchyne.sk\/eshop\/#organization","name":"ikuchyne!","url":"https:\/\/www.ikuchyne.sk\/eshop\/","logo":{"@type":"ImageObject","inLanguage":"sk-SK","@id":"https:\/\/www.ikuchyne.sk\/eshop\/#\/schema\/logo\/image\/","url":"https:\/\/www.ikuchyne.sk\/eshop\/wp-content\/uploads\/2017\/04\/ikuchyne-logo.jpg","contentUrl":"https:\/\/www.ikuchyne.sk\/eshop\/wp-content\/uploads\/2017\/04\/ikuchyne-logo.jpg","width":200,"height":48,"caption":"ikuchyne!"},"image":{"@id":"https:\/\/www.ikuchyne.sk\/eshop\/#\/schema\/logo\/image\/"},"sameAs":["https:\/\/www.facebook.com\/ikuchyne\/","https:\/\/www.instagram.com\/ikuchyne.sk\/","https:\/\/sk.pinterest.com\/ikuchynesk\/"]}]}},"_links":{"self":[{"href":"https:\/\/www.ikuchyne.sk\/eshop\/wp-json\/wp\/v2\/product\/110055"}],"collection":[{"href":"https:\/\/www.ikuchyne.sk\/eshop\/wp-json\/wp\/v2\/product"}],"about":[{"href":"https:\/\/www.ikuchyne.sk\/eshop\/wp-json\/wp\/v2\/types\/product"}],"replies":[{"embeddable":true,"href":"https:\/\/www.ikuchyne.sk\/eshop\/wp-json\/wp\/v2\/comments?post=110055"}],"wp:featuredmedia":[{"embeddable":true,"href":"https:\/\/www.ikuchyne.sk\/eshop\/wp-json\/wp\/v2\/media\/110056"}],"wp:attachment":[{"href":"https:\/\/www.ikuchyne.sk\/eshop\/wp-json\/wp\/v2\/media?parent=110055"}],"wp:term":[{"taxonomy":"product_cat","embeddable":true,"href":"https:\/\/www.ikuchyne.sk\/eshop\/wp-json\/wp\/v2\/product_cat?post=110055"},{"taxonomy":"product_tag","embeddable":true,"href":"https:\/\/www.ikuchyne.sk\/eshop\/wp-json\/wp\/v2\/product_tag?post=110055"}],"curies":[{"name":"wp","href":"https:\/\/api.w.org\/{rel}","templated":true}]}}