{"id":120713,"date":"2019-12-11T16:53:10","date_gmt":"2019-12-11T15:53:10","guid":{"rendered":"https:\/\/ikuchyne.sk\/eshop\/?post_type=product&#038;p=120713"},"modified":"2019-12-12T10:45:29","modified_gmt":"2019-12-12T09:45:29","slug":"tmavosiva-zamatova-stolicka-amsterdam","status":"publish","type":"product","link":"https:\/\/www.ikuchyne.sk\/eshop\/produkt\/tmavosiva-zamatova-stolicka-amsterdam\/","title":{"rendered":"Tmavosiv\u00e1 zamatov\u00e1 stoli\u010dka Amsterdam"},"content":{"rendered":"<p><b>Rozmery<\/b> (cca): 47cm x 83cm x 59cm (\u0160xVxH)<br \/>\nsedenie: 43cm x 47cm x 38cm (\u0160xVxH)<br \/>\nv\u00fd\u0161ka operadla: 39cm<br \/>\n<b>Farba:<\/b> tmav\u00e1 siv\u00e1<br \/>\n<b>Materi\u00e1l:<\/b> zamat<\/p>\n","protected":false},"excerpt":{"rendered":"<p>Rozmery (cca): 47cm x 83cm x 59cm (\u0160xVxH) sedenie: 43cm x 47cm x 38cm (\u0160xVxH) v\u00fd\u0161ka operadla: 39cm Farba: tmav\u00e1 siv\u00e1 Materi\u00e1l: zamat<\/p>\n","protected":false},"featured_media":120714,"comment_status":"closed","ping_status":"closed","template":"","meta":[],"product_cat":[310,823,826,820,830,772,288],"product_tag":[941],"yoast_head":"<!-- This site is optimized with the Yoast SEO plugin v22.1 - https:\/\/yoast.com\/wordpress\/plugins\/seo\/ -->\n<title>Tmavosiv\u00e1 zamatov\u00e1 stoli\u010dka Amsterdam &#187; iKuchyne iSHOP s n\u00e1bytkom<\/title>\n<meta name=\"description\" content=\"K\u00fapte si u n\u00e1s tmavosiv\u00fa zamatov\u00fa stoli\u010dku Amsterdam za akciov\u00fa cenu. Tmavosiv\u00e1 zamatov\u00e1 stoli\u010dka Amsterdam sa stane dominantou V\u00e1\u0161ho interi\u00e9ru.\" \/>\n<meta name=\"robots\" content=\"index, follow, max-snippet:-1, max-image-preview:large, max-video-preview:-1\" \/>\n<link rel=\"canonical\" href=\"https:\/\/www.ikuchyne.sk\/eshop\/produkt\/tmavosiva-zamatova-stolicka-amsterdam\/\" \/>\n<meta property=\"og:locale\" content=\"sk_SK\" \/>\n<meta property=\"og:type\" content=\"article\" \/>\n<meta property=\"og:title\" content=\"Tmavosiv\u00e1 zamatov\u00e1 stoli\u010dka Amsterdam &#187; iKuchyne iSHOP s n\u00e1bytkom\" \/>\n<meta property=\"og:description\" content=\"K\u00fapte si u n\u00e1s tmavosiv\u00fa zamatov\u00fa stoli\u010dku Amsterdam za akciov\u00fa cenu. Tmavosiv\u00e1 zamatov\u00e1 stoli\u010dka Amsterdam sa stane dominantou V\u00e1\u0161ho interi\u00e9ru.\" \/>\n<meta property=\"og:url\" content=\"https:\/\/www.ikuchyne.sk\/eshop\/produkt\/tmavosiva-zamatova-stolicka-amsterdam\/\" \/>\n<meta property=\"og:site_name\" content=\"iKuchyne iSHOP s n\u00e1bytkom\" \/>\n<meta property=\"article:publisher\" content=\"https:\/\/www.facebook.com\/ikuchyne\/\" \/>\n<meta property=\"article:modified_time\" content=\"2019-12-12T09:45:29+00:00\" \/>\n<meta property=\"og:image\" content=\"https:\/\/www.ikuchyne.sk\/eshop\/wp-content\/uploads\/2019\/12\/Stolicka-Amsterdam-dunkelsiva-zamat-39920.jpg\" \/>\n\t<meta property=\"og:image:width\" content=\"800\" \/>\n\t<meta property=\"og:image:height\" content=\"533\" \/>\n\t<meta property=\"og:image:type\" content=\"image\/jpeg\" \/>\n<meta name=\"twitter:card\" content=\"summary_large_image\" \/>\n<script type=\"application\/ld+json\" class=\"yoast-schema-graph\">{\"@context\":\"https:\/\/schema.org\",\"@graph\":[{\"@type\":\"WebPage\",\"@id\":\"https:\/\/www.ikuchyne.sk\/eshop\/produkt\/tmavosiva-zamatova-stolicka-amsterdam\/\",\"url\":\"https:\/\/www.ikuchyne.sk\/eshop\/produkt\/tmavosiva-zamatova-stolicka-amsterdam\/\",\"name\":\"Tmavosiv\u00e1 zamatov\u00e1 stoli\u010dka Amsterdam &#187; iKuchyne iSHOP s n\u00e1bytkom\",\"isPartOf\":{\"@id\":\"https:\/\/www.ikuchyne.sk\/eshop\/#website\"},\"datePublished\":\"2019-12-11T15:53:10+00:00\",\"dateModified\":\"2019-12-12T09:45:29+00:00\",\"description\":\"K\u00fapte si u n\u00e1s tmavosiv\u00fa zamatov\u00fa stoli\u010dku Amsterdam za akciov\u00fa cenu. Tmavosiv\u00e1 zamatov\u00e1 stoli\u010dka Amsterdam sa stane dominantou V\u00e1\u0161ho interi\u00e9ru.\",\"breadcrumb\":{\"@id\":\"https:\/\/www.ikuchyne.sk\/eshop\/produkt\/tmavosiva-zamatova-stolicka-amsterdam\/#breadcrumb\"},\"inLanguage\":\"sk-SK\",\"potentialAction\":[{\"@type\":\"ReadAction\",\"target\":[\"https:\/\/www.ikuchyne.sk\/eshop\/produkt\/tmavosiva-zamatova-stolicka-amsterdam\/\"]}]},{\"@type\":\"BreadcrumbList\",\"@id\":\"https:\/\/www.ikuchyne.sk\/eshop\/produkt\/tmavosiva-zamatova-stolicka-amsterdam\/#breadcrumb\",\"itemListElement\":[{\"@type\":\"ListItem\",\"position\":1,\"name\":\"Home\",\"item\":\"https:\/\/www.ikuchyne.sk\/eshop\/\"},{\"@type\":\"ListItem\",\"position\":2,\"name\":\"Obchod\",\"item\":\"https:\/\/www.ikuchyne.sk\/eshop\/obchod\/\"},{\"@type\":\"ListItem\",\"position\":3,\"name\":\"Tmavosiv\u00e1 zamatov\u00e1 stoli\u010dka Amsterdam\"}]},{\"@type\":\"WebSite\",\"@id\":\"https:\/\/www.ikuchyne.sk\/eshop\/#website\",\"url\":\"https:\/\/www.ikuchyne.sk\/eshop\/\",\"name\":\"iKuchyne iSHOP s n\u00e1bytkom\",\"description\":\"Jed\u00e1lensk\u00e9 stoly, stoli\u010dky, n\u00e1bytok, svietidl\u00e1...\",\"publisher\":{\"@id\":\"https:\/\/www.ikuchyne.sk\/eshop\/#organization\"},\"potentialAction\":[{\"@type\":\"SearchAction\",\"target\":{\"@type\":\"EntryPoint\",\"urlTemplate\":\"https:\/\/www.ikuchyne.sk\/eshop\/?s={search_term_string}\"},\"query-input\":\"required name=search_term_string\"}],\"inLanguage\":\"sk-SK\"},{\"@type\":\"Organization\",\"@id\":\"https:\/\/www.ikuchyne.sk\/eshop\/#organization\",\"name\":\"ikuchyne!\",\"url\":\"https:\/\/www.ikuchyne.sk\/eshop\/\",\"logo\":{\"@type\":\"ImageObject\",\"inLanguage\":\"sk-SK\",\"@id\":\"https:\/\/www.ikuchyne.sk\/eshop\/#\/schema\/logo\/image\/\",\"url\":\"https:\/\/www.ikuchyne.sk\/eshop\/wp-content\/uploads\/2017\/04\/ikuchyne-logo.jpg\",\"contentUrl\":\"https:\/\/www.ikuchyne.sk\/eshop\/wp-content\/uploads\/2017\/04\/ikuchyne-logo.jpg\",\"width\":200,\"height\":48,\"caption\":\"ikuchyne!\"},\"image\":{\"@id\":\"https:\/\/www.ikuchyne.sk\/eshop\/#\/schema\/logo\/image\/\"},\"sameAs\":[\"https:\/\/www.facebook.com\/ikuchyne\/\",\"https:\/\/www.instagram.com\/ikuchyne.sk\/\",\"https:\/\/sk.pinterest.com\/ikuchynesk\/\"]}]}<\/script>\n<!-- \/ Yoast SEO plugin. -->","yoast_head_json":{"title":"Tmavosiv\u00e1 zamatov\u00e1 stoli\u010dka Amsterdam &#187; iKuchyne iSHOP s n\u00e1bytkom","description":"K\u00fapte si u n\u00e1s tmavosiv\u00fa zamatov\u00fa stoli\u010dku Amsterdam za akciov\u00fa cenu. Tmavosiv\u00e1 zamatov\u00e1 stoli\u010dka Amsterdam sa stane dominantou V\u00e1\u0161ho interi\u00e9ru.","robots":{"index":"index","follow":"follow","max-snippet":"max-snippet:-1","max-image-preview":"max-image-preview:large","max-video-preview":"max-video-preview:-1"},"canonical":"https:\/\/www.ikuchyne.sk\/eshop\/produkt\/tmavosiva-zamatova-stolicka-amsterdam\/","og_locale":"sk_SK","og_type":"article","og_title":"Tmavosiv\u00e1 zamatov\u00e1 stoli\u010dka Amsterdam &#187; iKuchyne iSHOP s n\u00e1bytkom","og_description":"K\u00fapte si u n\u00e1s tmavosiv\u00fa zamatov\u00fa stoli\u010dku Amsterdam za akciov\u00fa cenu. Tmavosiv\u00e1 zamatov\u00e1 stoli\u010dka Amsterdam sa stane dominantou V\u00e1\u0161ho interi\u00e9ru.","og_url":"https:\/\/www.ikuchyne.sk\/eshop\/produkt\/tmavosiva-zamatova-stolicka-amsterdam\/","og_site_name":"iKuchyne iSHOP s n\u00e1bytkom","article_publisher":"https:\/\/www.facebook.com\/ikuchyne\/","article_modified_time":"2019-12-12T09:45:29+00:00","og_image":[{"width":800,"height":533,"url":"https:\/\/www.ikuchyne.sk\/eshop\/wp-content\/uploads\/2019\/12\/Stolicka-Amsterdam-dunkelsiva-zamat-39920.jpg","type":"image\/jpeg"}],"twitter_card":"summary_large_image","schema":{"@context":"https:\/\/schema.org","@graph":[{"@type":"WebPage","@id":"https:\/\/www.ikuchyne.sk\/eshop\/produkt\/tmavosiva-zamatova-stolicka-amsterdam\/","url":"https:\/\/www.ikuchyne.sk\/eshop\/produkt\/tmavosiva-zamatova-stolicka-amsterdam\/","name":"Tmavosiv\u00e1 zamatov\u00e1 stoli\u010dka Amsterdam &#187; iKuchyne iSHOP s n\u00e1bytkom","isPartOf":{"@id":"https:\/\/www.ikuchyne.sk\/eshop\/#website"},"datePublished":"2019-12-11T15:53:10+00:00","dateModified":"2019-12-12T09:45:29+00:00","description":"K\u00fapte si u n\u00e1s tmavosiv\u00fa zamatov\u00fa stoli\u010dku Amsterdam za akciov\u00fa cenu. Tmavosiv\u00e1 zamatov\u00e1 stoli\u010dka Amsterdam sa stane dominantou V\u00e1\u0161ho interi\u00e9ru.","breadcrumb":{"@id":"https:\/\/www.ikuchyne.sk\/eshop\/produkt\/tmavosiva-zamatova-stolicka-amsterdam\/#breadcrumb"},"inLanguage":"sk-SK","potentialAction":[{"@type":"ReadAction","target":["https:\/\/www.ikuchyne.sk\/eshop\/produkt\/tmavosiva-zamatova-stolicka-amsterdam\/"]}]},{"@type":"BreadcrumbList","@id":"https:\/\/www.ikuchyne.sk\/eshop\/produkt\/tmavosiva-zamatova-stolicka-amsterdam\/#breadcrumb","itemListElement":[{"@type":"ListItem","position":1,"name":"Home","item":"https:\/\/www.ikuchyne.sk\/eshop\/"},{"@type":"ListItem","position":2,"name":"Obchod","item":"https:\/\/www.ikuchyne.sk\/eshop\/obchod\/"},{"@type":"ListItem","position":3,"name":"Tmavosiv\u00e1 zamatov\u00e1 stoli\u010dka Amsterdam"}]},{"@type":"WebSite","@id":"https:\/\/www.ikuchyne.sk\/eshop\/#website","url":"https:\/\/www.ikuchyne.sk\/eshop\/","name":"iKuchyne iSHOP s n\u00e1bytkom","description":"Jed\u00e1lensk\u00e9 stoly, stoli\u010dky, n\u00e1bytok, svietidl\u00e1...","publisher":{"@id":"https:\/\/www.ikuchyne.sk\/eshop\/#organization"},"potentialAction":[{"@type":"SearchAction","target":{"@type":"EntryPoint","urlTemplate":"https:\/\/www.ikuchyne.sk\/eshop\/?s={search_term_string}"},"query-input":"required name=search_term_string"}],"inLanguage":"sk-SK"},{"@type":"Organization","@id":"https:\/\/www.ikuchyne.sk\/eshop\/#organization","name":"ikuchyne!","url":"https:\/\/www.ikuchyne.sk\/eshop\/","logo":{"@type":"ImageObject","inLanguage":"sk-SK","@id":"https:\/\/www.ikuchyne.sk\/eshop\/#\/schema\/logo\/image\/","url":"https:\/\/www.ikuchyne.sk\/eshop\/wp-content\/uploads\/2017\/04\/ikuchyne-logo.jpg","contentUrl":"https:\/\/www.ikuchyne.sk\/eshop\/wp-content\/uploads\/2017\/04\/ikuchyne-logo.jpg","width":200,"height":48,"caption":"ikuchyne!"},"image":{"@id":"https:\/\/www.ikuchyne.sk\/eshop\/#\/schema\/logo\/image\/"},"sameAs":["https:\/\/www.facebook.com\/ikuchyne\/","https:\/\/www.instagram.com\/ikuchyne.sk\/","https:\/\/sk.pinterest.com\/ikuchynesk\/"]}]}},"_links":{"self":[{"href":"https:\/\/www.ikuchyne.sk\/eshop\/wp-json\/wp\/v2\/product\/120713"}],"collection":[{"href":"https:\/\/www.ikuchyne.sk\/eshop\/wp-json\/wp\/v2\/product"}],"about":[{"href":"https:\/\/www.ikuchyne.sk\/eshop\/wp-json\/wp\/v2\/types\/product"}],"replies":[{"embeddable":true,"href":"https:\/\/www.ikuchyne.sk\/eshop\/wp-json\/wp\/v2\/comments?post=120713"}],"wp:featuredmedia":[{"embeddable":true,"href":"https:\/\/www.ikuchyne.sk\/eshop\/wp-json\/wp\/v2\/media\/120714"}],"wp:attachment":[{"href":"https:\/\/www.ikuchyne.sk\/eshop\/wp-json\/wp\/v2\/media?parent=120713"}],"wp:term":[{"taxonomy":"product_cat","embeddable":true,"href":"https:\/\/www.ikuchyne.sk\/eshop\/wp-json\/wp\/v2\/product_cat?post=120713"},{"taxonomy":"product_tag","embeddable":true,"href":"https:\/\/www.ikuchyne.sk\/eshop\/wp-json\/wp\/v2\/product_tag?post=120713"}],"curies":[{"name":"wp","href":"https:\/\/api.w.org\/{rel}","templated":true}]}}