{"id":129109,"date":"2020-05-28T00:34:21","date_gmt":"2020-05-27T22:34:21","guid":{"rendered":"https:\/\/www.ikuchyne.sk\/eshop\/?post_type=product&#038;p=129109"},"modified":"2024-03-10T19:19:49","modified_gmt":"2024-03-10T18:19:49","slug":"modra-sedacka-cozy-velvet-225-cm","status":"publish","type":"product","link":"https:\/\/www.ikuchyne.sk\/eshop\/produkt\/modra-sedacka-cozy-velvet-225-cm\/","title":{"rendered":"Modr\u00e1 seda\u010dka Cozy Velvet 225 cm \u00bb"},"content":{"rendered":"<h1>Modr\u00e1 seda\u010dka Cozy Velvet 225 cm \u00bb<\/h1>\n<p><strong>V\u0161eobecn\u00fd popis:<\/strong><\/p>\n<p>Impozantn\u00e1 modr\u00e1 seda\u010dka Cozy Velvet 225 cm s u\u0161\u013eachtil\u00fdm po\u0165ahom v zamatovom vzh\u013eade. Pru\u017einov\u00e9 \u010dal\u00fanenie jadra s\u013eubuje najvy\u0161\u0161iu \u00farove\u0148 pohodlia pri seden\u00ed aj le\u017ean\u00ed. Zamatov\u00fd po\u0165ah sr\u0161\u00ed mimoriadne luxusn\u00fdm vkusom. Dodajte svojmu prostrediu jedine\u010dn\u00e9 elegantn\u00e9 k\u00fazlo!<\/p>\n<p>Prajete si, aby bola va\u0161a ob\u00fdva\u010dka v\u00fdnimo\u010dn\u00e1? S t\u00fdmto extravagantn\u00fdm gau\u010dom z\u00edskate doma skuto\u010dn\u00fd dizajnov\u00fd vrchol! P\u00fatav\u00fd obal v elegantnom zamatovom vzh\u013eade v pestrofarebnej farbe par\u00ed\u017eska modr\u00e1 nepochybne up\u00fata pozornos\u0165 v\u0161etk\u00fdch a je pestrofarebn\u00fdm p\u00fata\u010dom pozornosti. Dva okr\u00fahle dekorat\u00edvne vank\u00fa\u0161e a starostlivo pre\u0161\u00edvan\u00fd povrch vank\u00fa\u0161ov dod\u00e1va ve\u013ekej pohovke mimoriadne elegantn\u00e9 k\u00fazlo, ktor\u00e9 takmer pripom\u00edna popul\u00e1rny dizajn Chesterfield.<\/p>\n<p>Dotyk luxusu &#8211; vzh\u013ead pohovky je presved\u010div\u00fd: okrem elegantn\u00e9ho dizajnu s vysoko kvalitn\u00fdm po\u0165ahom v tmavomodrom zamatovom vzh\u013eade je \u00fatuln\u00e9 \u010dal\u00fanenie skuto\u010dn\u00fdm pr\u00ednosom pre ka\u017ed\u00fa ob\u00fdvaciu izbu. Na\u0161a ve\u013ek\u00e1 modr\u00e1 seda\u010dka Cozy Velvet 225 cm s po\u0165ahom z kr\u00e1\u013eovsk\u00e9ho zamatu obohat\u00ed va\u0161u atmosf\u00e9ru jedine\u010dn\u00fdm sp\u00f4sobom &#8211; vysk\u00fa\u0161ajte ju na vlastnej ko\u017ei!<\/p>\n<h4>Detaily produktu:<\/h4>\n<p>Zamat je ve\u013emi \u0161peci\u00e1lna po\u0165ahov\u00e1 l\u00e1tka s jedine\u010dn\u00fdmi vlastnos\u0165ami. Jas a intenzita farby sa m\u00f4\u017eu l\u00ed\u0161i\u0165 a na l\u00e1tke je mo\u017en\u00e9 vytv\u00e1ra\u0165 jedine\u010dn\u00e9 vzory &#8211; pod\u013ea toho, v akom smere s\u00fa jemn\u00e9 vl\u00e1kna ma\u013eovan\u00e9 a ako je l\u00e1tka osvetlen\u00e1. V\u00fdsledkom je individu\u00e1lna kompoz\u00edcia farebn\u00fdch odtie\u0148ov a povrchov\u00fdch \u0161trukt\u00far, ktor\u00e9 v\u017edy premenia v\u00e1\u0161 n\u00e1bytok na fascinuj\u00faci doplnok miestnosti.<\/p>\n<p><strong>Sed\u00e1k:<\/strong><br \/>\nSedenie je kr\u00e1sne pre\u0161\u00edvan\u00e9 v retro\/v modernom \u0161t\u00fdle. \u010cal\u00fanenie je zamatov\u00e9 v par\u00ed\u017esky modrej farbe.<\/p>\n<p><strong>Podno\u017e:<\/strong><br \/>\nPodno\u017e seda\u010dky tvoria \u0161tyri dreven\u00e9 nohy v \u010diernej farbe, ktor\u00e9 maj\u00fa ozdobn\u00fd zlat\u00fd lem.<\/p>\n<p><strong>\u010eal\u0161ie inform\u00e1cie:<\/strong><br \/>\nNa be\u017en\u00e9 a pravideln\u00e9 \u010distenie sta\u010d\u00ed vys\u00e1va\u0165 pohovku pomocou vys\u00e1va\u010da a vhodn\u00e9ho pr\u00edslu\u0161enstva na \u010dal\u00fanenie. Pr\u00edpadne pou\u017eite navlh\u010den\u00fa handri\u010dku.<\/p>\n<p><b>Rozmery<\/b> (cca): 225cm x 90cm x 95cm (\u0160xVxH)<br \/>\nsedenie bez vank\u00fa\u0161ov: 200cm x 50cm x 55cm (\u0160xVxH)<br \/>\nv\u00fd\u0161ka operadla: 40cm<br \/>\nvank\u00fa\u0161iky: 2x 54cm x 15cm (\u0160xV)<br \/>\nv\u00fd\u0161ka n\u00f4h: 16cm<br \/>\n<b><\/b><\/p>\n<p><b>Farba:<\/b> par\u00ed\u017eska modr\u00e1<br \/>\n<b>Materi\u00e1l:<\/b> zamat<\/p>\n<h4>Dopl\u0148uj\u00face inform\u00e1cie:<\/h4>\n<p>Uveden\u00e9 rozmery \u010dal\u00fanen\u00e9ho n\u00e1bytku (pohovky, rohy, postele) s\u00fa pribli\u017en\u00e9 rozmery, ktor\u00e9 sa m\u00f4\u017eu mierne l\u00ed\u0161i\u0165 od skuto\u010dn\u00fdch (tolerancia rozmerov: +\/- 3 cm). Pr\u00edpadn\u00e9 rozdiely m\u00f4\u017eu by\u0165 sp\u00f4soben\u00e9 r\u00f4znymi typmi po\u0165ahov\u00fdch a v\u00fdpl\u0148ov\u00fdch materi\u00e1lov &#8211; to plat\u00ed najm\u00e4 pre v\u00fdrobky dostupn\u00e9 v nieko\u013ek\u00fdch farebn\u00fdch variantoch.<\/p>\n<p>Dodato\u010dn\u00e9 inform\u00e1cie:<\/p>\n<p>V pr\u00edpade z\u00e1ujmu o in\u00e9 seda\u010dky, pohovky \u010di le\u0148o\u0161ky, nav\u0161t\u00edvte sekciu sedenie na <a href=\"https:\/\/www.ikuchyne.sk\/eshop\/kategoria\/sedenie\/\">www.ikuchyne.sk\/eshop<\/a><br \/>\nV pr\u00edpade z\u00e1ujmu o n\u00e1bytok na mieru n\u00e1s kontaktuje na <a href=\"http:\/\/www.ikuchyne.sk\">www.ikuchyne.sk<\/a><\/p>\n","protected":false},"excerpt":{"rendered":"<p>Modr\u00e1 seda\u010dka Cozy Velvet 225 cm \u00bb V\u0161eobecn\u00fd popis: Impozantn\u00e1 modr\u00e1 seda\u010dka Cozy Velvet 225 cm s u\u0161\u013eachtil\u00fdm po\u0165ahom v zamatovom vzh\u013eade. Pru\u017einov\u00e9 \u010dal\u00fanenie jadra s\u013eubuje najvy\u0161\u0161iu \u00farove\u0148 pohodlia pri<\/p>\n","protected":false},"featured_media":129110,"comment_status":"closed","ping_status":"closed","template":"","meta":[],"product_cat":[772,602,601,600],"product_tag":[515],"yoast_head":"<!-- This site is optimized with the Yoast SEO plugin v22.1 - https:\/\/yoast.com\/wordpress\/plugins\/seo\/ -->\n<title>Modr\u00e1 seda\u010dka Cozy Velvet 225 cm \u00bb iKuchyne iSHOP s n\u00e1bytkom<\/title>\n<meta name=\"description\" content=\"Modr\u00e1 seda\u010dka Cozy Velvet 225 cm \u00bb - r\u00fdchle dodanie, poradenstvo, n\u00e1bytok skladom v Bratislave s ikuchyne.sk - kuchyne na mieru.\" \/>\n<meta name=\"robots\" content=\"index, follow, max-snippet:-1, max-image-preview:large, max-video-preview:-1\" \/>\n<link rel=\"canonical\" href=\"https:\/\/www.ikuchyne.sk\/eshop\/produkt\/modra-sedacka-cozy-velvet-225-cm\/\" \/>\n<meta property=\"og:locale\" content=\"sk_SK\" \/>\n<meta property=\"og:type\" content=\"article\" \/>\n<meta property=\"og:title\" content=\"Modr\u00e1 seda\u010dka Cozy Velvet 225 cm \u00bb iKuchyne iSHOP s n\u00e1bytkom\" \/>\n<meta property=\"og:description\" content=\"Modr\u00e1 seda\u010dka Cozy Velvet 225 cm \u00bb - r\u00fdchle dodanie, poradenstvo, n\u00e1bytok skladom v Bratislave s ikuchyne.sk - kuchyne na mieru.\" \/>\n<meta property=\"og:url\" content=\"https:\/\/www.ikuchyne.sk\/eshop\/produkt\/modra-sedacka-cozy-velvet-225-cm\/\" \/>\n<meta property=\"og:site_name\" content=\"iKuchyne iSHOP s n\u00e1bytkom\" \/>\n<meta property=\"article:publisher\" content=\"https:\/\/www.facebook.com\/ikuchyne\/\" \/>\n<meta property=\"article:modified_time\" content=\"2024-03-10T18:19:49+00:00\" \/>\n<meta property=\"og:image\" content=\"https:\/\/www.ikuchyne.sk\/eshop\/wp-content\/uploads\/2020\/05\/sedacka-cozy-velvet-225cm-aqua-zamat-129109-6.jpg\" \/>\n\t<meta property=\"og:image:width\" content=\"800\" \/>\n\t<meta property=\"og:image:height\" content=\"533\" \/>\n\t<meta property=\"og:image:type\" content=\"image\/jpeg\" \/>\n<meta name=\"twitter:card\" content=\"summary_large_image\" \/>\n<meta name=\"twitter:label1\" content=\"Predpokladan\u00fd \u010das \u010d\u00edtania\" \/>\n\t<meta name=\"twitter:data1\" content=\"2 min\u00faty\" \/>\n<script type=\"application\/ld+json\" class=\"yoast-schema-graph\">{\"@context\":\"https:\/\/schema.org\",\"@graph\":[{\"@type\":\"WebPage\",\"@id\":\"https:\/\/www.ikuchyne.sk\/eshop\/produkt\/modra-sedacka-cozy-velvet-225-cm\/\",\"url\":\"https:\/\/www.ikuchyne.sk\/eshop\/produkt\/modra-sedacka-cozy-velvet-225-cm\/\",\"name\":\"Modr\u00e1 seda\u010dka Cozy Velvet 225 cm \u00bb iKuchyne iSHOP s n\u00e1bytkom\",\"isPartOf\":{\"@id\":\"https:\/\/www.ikuchyne.sk\/eshop\/#website\"},\"datePublished\":\"2020-05-27T22:34:21+00:00\",\"dateModified\":\"2024-03-10T18:19:49+00:00\",\"description\":\"Modr\u00e1 seda\u010dka Cozy Velvet 225 cm \u00bb - r\u00fdchle dodanie, poradenstvo, n\u00e1bytok skladom v Bratislave s ikuchyne.sk - kuchyne na mieru.\",\"breadcrumb\":{\"@id\":\"https:\/\/www.ikuchyne.sk\/eshop\/produkt\/modra-sedacka-cozy-velvet-225-cm\/#breadcrumb\"},\"inLanguage\":\"sk-SK\",\"potentialAction\":[{\"@type\":\"ReadAction\",\"target\":[\"https:\/\/www.ikuchyne.sk\/eshop\/produkt\/modra-sedacka-cozy-velvet-225-cm\/\"]}]},{\"@type\":\"BreadcrumbList\",\"@id\":\"https:\/\/www.ikuchyne.sk\/eshop\/produkt\/modra-sedacka-cozy-velvet-225-cm\/#breadcrumb\",\"itemListElement\":[{\"@type\":\"ListItem\",\"position\":1,\"name\":\"Home\",\"item\":\"https:\/\/www.ikuchyne.sk\/eshop\/\"},{\"@type\":\"ListItem\",\"position\":2,\"name\":\"Obchod\",\"item\":\"https:\/\/www.ikuchyne.sk\/eshop\/obchod\/\"},{\"@type\":\"ListItem\",\"position\":3,\"name\":\"Modr\u00e1 seda\u010dka Cozy Velvet 225 cm \u00bb\"}]},{\"@type\":\"WebSite\",\"@id\":\"https:\/\/www.ikuchyne.sk\/eshop\/#website\",\"url\":\"https:\/\/www.ikuchyne.sk\/eshop\/\",\"name\":\"iKuchyne iSHOP s n\u00e1bytkom\",\"description\":\"Jed\u00e1lensk\u00e9 stoly, stoli\u010dky, n\u00e1bytok, svietidl\u00e1...\",\"publisher\":{\"@id\":\"https:\/\/www.ikuchyne.sk\/eshop\/#organization\"},\"potentialAction\":[{\"@type\":\"SearchAction\",\"target\":{\"@type\":\"EntryPoint\",\"urlTemplate\":\"https:\/\/www.ikuchyne.sk\/eshop\/?s={search_term_string}\"},\"query-input\":\"required name=search_term_string\"}],\"inLanguage\":\"sk-SK\"},{\"@type\":\"Organization\",\"@id\":\"https:\/\/www.ikuchyne.sk\/eshop\/#organization\",\"name\":\"ikuchyne!\",\"url\":\"https:\/\/www.ikuchyne.sk\/eshop\/\",\"logo\":{\"@type\":\"ImageObject\",\"inLanguage\":\"sk-SK\",\"@id\":\"https:\/\/www.ikuchyne.sk\/eshop\/#\/schema\/logo\/image\/\",\"url\":\"https:\/\/www.ikuchyne.sk\/eshop\/wp-content\/uploads\/2017\/04\/ikuchyne-logo.jpg\",\"contentUrl\":\"https:\/\/www.ikuchyne.sk\/eshop\/wp-content\/uploads\/2017\/04\/ikuchyne-logo.jpg\",\"width\":200,\"height\":48,\"caption\":\"ikuchyne!\"},\"image\":{\"@id\":\"https:\/\/www.ikuchyne.sk\/eshop\/#\/schema\/logo\/image\/\"},\"sameAs\":[\"https:\/\/www.facebook.com\/ikuchyne\/\",\"https:\/\/www.instagram.com\/ikuchyne.sk\/\",\"https:\/\/sk.pinterest.com\/ikuchynesk\/\"]}]}<\/script>\n<!-- \/ Yoast SEO plugin. -->","yoast_head_json":{"title":"Modr\u00e1 seda\u010dka Cozy Velvet 225 cm \u00bb iKuchyne iSHOP s n\u00e1bytkom","description":"Modr\u00e1 seda\u010dka Cozy Velvet 225 cm \u00bb - r\u00fdchle dodanie, poradenstvo, n\u00e1bytok skladom v Bratislave s ikuchyne.sk - kuchyne na mieru.","robots":{"index":"index","follow":"follow","max-snippet":"max-snippet:-1","max-image-preview":"max-image-preview:large","max-video-preview":"max-video-preview:-1"},"canonical":"https:\/\/www.ikuchyne.sk\/eshop\/produkt\/modra-sedacka-cozy-velvet-225-cm\/","og_locale":"sk_SK","og_type":"article","og_title":"Modr\u00e1 seda\u010dka Cozy Velvet 225 cm \u00bb iKuchyne iSHOP s n\u00e1bytkom","og_description":"Modr\u00e1 seda\u010dka Cozy Velvet 225 cm \u00bb - r\u00fdchle dodanie, poradenstvo, n\u00e1bytok skladom v Bratislave s ikuchyne.sk - kuchyne na mieru.","og_url":"https:\/\/www.ikuchyne.sk\/eshop\/produkt\/modra-sedacka-cozy-velvet-225-cm\/","og_site_name":"iKuchyne iSHOP s n\u00e1bytkom","article_publisher":"https:\/\/www.facebook.com\/ikuchyne\/","article_modified_time":"2024-03-10T18:19:49+00:00","og_image":[{"width":800,"height":533,"url":"https:\/\/www.ikuchyne.sk\/eshop\/wp-content\/uploads\/2020\/05\/sedacka-cozy-velvet-225cm-aqua-zamat-129109-6.jpg","type":"image\/jpeg"}],"twitter_card":"summary_large_image","twitter_misc":{"Predpokladan\u00fd \u010das \u010d\u00edtania":"2 min\u00faty"},"schema":{"@context":"https:\/\/schema.org","@graph":[{"@type":"WebPage","@id":"https:\/\/www.ikuchyne.sk\/eshop\/produkt\/modra-sedacka-cozy-velvet-225-cm\/","url":"https:\/\/www.ikuchyne.sk\/eshop\/produkt\/modra-sedacka-cozy-velvet-225-cm\/","name":"Modr\u00e1 seda\u010dka Cozy Velvet 225 cm \u00bb iKuchyne iSHOP s n\u00e1bytkom","isPartOf":{"@id":"https:\/\/www.ikuchyne.sk\/eshop\/#website"},"datePublished":"2020-05-27T22:34:21+00:00","dateModified":"2024-03-10T18:19:49+00:00","description":"Modr\u00e1 seda\u010dka Cozy Velvet 225 cm \u00bb - r\u00fdchle dodanie, poradenstvo, n\u00e1bytok skladom v Bratislave s ikuchyne.sk - kuchyne na mieru.","breadcrumb":{"@id":"https:\/\/www.ikuchyne.sk\/eshop\/produkt\/modra-sedacka-cozy-velvet-225-cm\/#breadcrumb"},"inLanguage":"sk-SK","potentialAction":[{"@type":"ReadAction","target":["https:\/\/www.ikuchyne.sk\/eshop\/produkt\/modra-sedacka-cozy-velvet-225-cm\/"]}]},{"@type":"BreadcrumbList","@id":"https:\/\/www.ikuchyne.sk\/eshop\/produkt\/modra-sedacka-cozy-velvet-225-cm\/#breadcrumb","itemListElement":[{"@type":"ListItem","position":1,"name":"Home","item":"https:\/\/www.ikuchyne.sk\/eshop\/"},{"@type":"ListItem","position":2,"name":"Obchod","item":"https:\/\/www.ikuchyne.sk\/eshop\/obchod\/"},{"@type":"ListItem","position":3,"name":"Modr\u00e1 seda\u010dka Cozy Velvet 225 cm \u00bb"}]},{"@type":"WebSite","@id":"https:\/\/www.ikuchyne.sk\/eshop\/#website","url":"https:\/\/www.ikuchyne.sk\/eshop\/","name":"iKuchyne iSHOP s n\u00e1bytkom","description":"Jed\u00e1lensk\u00e9 stoly, stoli\u010dky, n\u00e1bytok, svietidl\u00e1...","publisher":{"@id":"https:\/\/www.ikuchyne.sk\/eshop\/#organization"},"potentialAction":[{"@type":"SearchAction","target":{"@type":"EntryPoint","urlTemplate":"https:\/\/www.ikuchyne.sk\/eshop\/?s={search_term_string}"},"query-input":"required name=search_term_string"}],"inLanguage":"sk-SK"},{"@type":"Organization","@id":"https:\/\/www.ikuchyne.sk\/eshop\/#organization","name":"ikuchyne!","url":"https:\/\/www.ikuchyne.sk\/eshop\/","logo":{"@type":"ImageObject","inLanguage":"sk-SK","@id":"https:\/\/www.ikuchyne.sk\/eshop\/#\/schema\/logo\/image\/","url":"https:\/\/www.ikuchyne.sk\/eshop\/wp-content\/uploads\/2017\/04\/ikuchyne-logo.jpg","contentUrl":"https:\/\/www.ikuchyne.sk\/eshop\/wp-content\/uploads\/2017\/04\/ikuchyne-logo.jpg","width":200,"height":48,"caption":"ikuchyne!"},"image":{"@id":"https:\/\/www.ikuchyne.sk\/eshop\/#\/schema\/logo\/image\/"},"sameAs":["https:\/\/www.facebook.com\/ikuchyne\/","https:\/\/www.instagram.com\/ikuchyne.sk\/","https:\/\/sk.pinterest.com\/ikuchynesk\/"]}]}},"_links":{"self":[{"href":"https:\/\/www.ikuchyne.sk\/eshop\/wp-json\/wp\/v2\/product\/129109"}],"collection":[{"href":"https:\/\/www.ikuchyne.sk\/eshop\/wp-json\/wp\/v2\/product"}],"about":[{"href":"https:\/\/www.ikuchyne.sk\/eshop\/wp-json\/wp\/v2\/types\/product"}],"replies":[{"embeddable":true,"href":"https:\/\/www.ikuchyne.sk\/eshop\/wp-json\/wp\/v2\/comments?post=129109"}],"wp:featuredmedia":[{"embeddable":true,"href":"https:\/\/www.ikuchyne.sk\/eshop\/wp-json\/wp\/v2\/media\/129110"}],"wp:attachment":[{"href":"https:\/\/www.ikuchyne.sk\/eshop\/wp-json\/wp\/v2\/media?parent=129109"}],"wp:term":[{"taxonomy":"product_cat","embeddable":true,"href":"https:\/\/www.ikuchyne.sk\/eshop\/wp-json\/wp\/v2\/product_cat?post=129109"},{"taxonomy":"product_tag","embeddable":true,"href":"https:\/\/www.ikuchyne.sk\/eshop\/wp-json\/wp\/v2\/product_tag?post=129109"}],"curies":[{"name":"wp","href":"https:\/\/api.w.org\/{rel}","templated":true}]}}