{"id":129370,"date":"2020-06-02T12:19:15","date_gmt":"2020-06-02T10:19:15","guid":{"rendered":"https:\/\/www.ikuchyne.sk\/eshop\/?post_type=product&#038;p=129370"},"modified":"2020-07-24T23:43:47","modified_gmt":"2020-07-24T21:43:47","slug":"kancelarska-stolicka-victorian-hneda","status":"publish","type":"product","link":"https:\/\/www.ikuchyne.sk\/eshop\/produkt\/kancelarska-stolicka-victorian-hneda\/","title":{"rendered":"Hned\u00e1 kancel\u00e1rska stoli\u010dka Victorian \u00bb"},"content":{"rendered":"<h1>Hned\u00e1 kancel\u00e1rska stoli\u010dka Victorian \u00bb<\/h1>\n<p><strong>V\u0161eobecn\u00fd opis:<br \/>\n<\/strong><span>Na\u0161a extravagantn\u00e1 kancel\u00e1rska stoli\u010dka VICTORIAN je so svoj\u00edm dizajnom Chesterfield skuto\u010dn\u00fdm p\u00fata\u010dom. Vysok\u00e9, pohodln\u00e9 operadlo je zdoben\u00e9 typick\u00fdm pre\u0161\u00edvan\u00edm pre chesterfield.\u00a0 Spolu so strieborn\u00fdm r\u00e1mom vyzer\u00e1 kancel\u00e1rska stoli\u010dka s\u00fa\u010dasne moderne a elegantne. <\/span><span>Stoli\u010dka sa d\u00e1 tie\u017e \u013eahko v\u00fd\u0161kovo nastavi\u0165 pre optim\u00e1lne pohodlie sedenia.\u00a0<\/span><\/p>\n<p><strong>Sedenie:<br \/>\n<\/strong>Pre\u0161\u00edvan\u00fd sed\u00e1k stoli\u010dky je pohodlne tvarovan\u00fd a v\u00fd\u0161kovo nastavite\u013en\u00fd.<\/p>\n<p><strong>Podno\u017e:<br \/>\n<\/strong>Podno\u017e stoli\u010dky tvor\u00ed klasick\u00e1 noha v tvare hviezdy, ktor\u00e1 je doplnen\u00e1 o kolieska pre lep\u0161\u00ed pohyb po kancel\u00e1rii.<\/p>\n<p><strong>\u010eal\u0161ie inform\u00e1cie:<br \/>\nMikrovl\u00e1kno je nen\u00e1ro\u010dn\u00e9 na \u00fadr\u017ebu<\/strong><\/p>\n<p><b>Rozmery<\/b> (cca): 58cm x 89-97cm x 65cm (\u0160xVxH)<br \/>\nsedenie: 47cm x 49-57cm x 46cm (\u0160xVxH)<br \/>\nv\u00fd\u0161ka operadla: 50cm<br \/>\nv\u00fd\u0161ka lak\u0165ovej opierky: 8cm<\/p>\n<p><b>Farba:<\/b> vintage, hned\u00e1<br \/>\n<b>Materi\u00e1l:<\/b> mikrovl\u00e1kno<\/p>\n","protected":false},"excerpt":{"rendered":"<p>Hned\u00e1 kancel\u00e1rska stoli\u010dka Victorian \u00bb V\u0161eobecn\u00fd opis: Na\u0161a extravagantn\u00e1 kancel\u00e1rska stoli\u010dka VICTORIAN je so svoj\u00edm dizajnom Chesterfield skuto\u010dn\u00fdm p\u00fata\u010dom. Vysok\u00e9, pohodln\u00e9 operadlo je zdoben\u00e9 typick\u00fdm pre\u0161\u00edvan\u00edm pre chesterfield.\u00a0 Spolu so<\/p>\n","protected":false},"featured_media":129371,"comment_status":"closed","ping_status":"closed","template":"","meta":[],"product_cat":[309,772,288],"product_tag":[2858],"yoast_head":"<!-- This site is optimized with the Yoast SEO plugin v22.1 - https:\/\/yoast.com\/wordpress\/plugins\/seo\/ -->\n<title>Hned\u00e1 kancel\u00e1rska stoli\u010dka Victorian \u00bb &#187; iKuchyne iSHOP s n\u00e1bytkom<\/title>\n<meta name=\"description\" content=\"K\u00fapte si u n\u00e1s Hned\u00e1 kancel\u00e1rska stoli\u010dka Victorian \u00bb za akciov\u00fa cenu. R\u00fdchle dodanie tovaru, odborn\u00e9 poradenstvo a stovky produktov skladom. Hned\u00e1 kancel\u00e1rska stoli\u010dka Victorian \u00bb sa stane dominantou V\u00e1\u0161ho interi\u00e9ru. Internetov\u00fd obchod ikuchyne! pon\u00faka odber Hned\u00e1 kancel\u00e1rska stoli\u010dka Victorian \u00bb u\u017e od 1 kusu.\" \/>\n<meta name=\"robots\" content=\"index, follow, max-snippet:-1, max-image-preview:large, max-video-preview:-1\" \/>\n<link rel=\"canonical\" href=\"https:\/\/www.ikuchyne.sk\/eshop\/produkt\/kancelarska-stolicka-victorian-hneda\/\" \/>\n<meta property=\"og:locale\" content=\"sk_SK\" \/>\n<meta property=\"og:type\" content=\"article\" \/>\n<meta property=\"og:title\" content=\"Hned\u00e1 kancel\u00e1rska stoli\u010dka Victorian \u00bb &#187; iKuchyne iSHOP s n\u00e1bytkom\" \/>\n<meta property=\"og:description\" content=\"K\u00fapte si u n\u00e1s Hned\u00e1 kancel\u00e1rska stoli\u010dka Victorian \u00bb za akciov\u00fa cenu. R\u00fdchle dodanie tovaru, odborn\u00e9 poradenstvo a stovky produktov skladom. Hned\u00e1 kancel\u00e1rska stoli\u010dka Victorian \u00bb sa stane dominantou V\u00e1\u0161ho interi\u00e9ru. Internetov\u00fd obchod ikuchyne! pon\u00faka odber Hned\u00e1 kancel\u00e1rska stoli\u010dka Victorian \u00bb u\u017e od 1 kusu.\" \/>\n<meta property=\"og:url\" content=\"https:\/\/www.ikuchyne.sk\/eshop\/produkt\/kancelarska-stolicka-victorian-hneda\/\" \/>\n<meta property=\"og:site_name\" content=\"iKuchyne iSHOP s n\u00e1bytkom\" \/>\n<meta property=\"article:publisher\" content=\"https:\/\/www.facebook.com\/ikuchyne\/\" \/>\n<meta property=\"article:modified_time\" content=\"2020-07-24T21:43:47+00:00\" \/>\n<meta property=\"og:image\" content=\"https:\/\/www.ikuchyne.sk\/eshop\/wp-content\/uploads\/2020\/05\/Kancel\u00e1rska-stoli\u010dka-Victorian-Armlehne-hellhned\u00e1-40166.jpg\" \/>\n\t<meta property=\"og:image:width\" content=\"533\" \/>\n\t<meta property=\"og:image:height\" content=\"800\" \/>\n\t<meta property=\"og:image:type\" content=\"image\/jpeg\" \/>\n<meta name=\"twitter:card\" content=\"summary_large_image\" \/>\n<meta name=\"twitter:label1\" content=\"Predpokladan\u00fd \u010das \u010d\u00edtania\" \/>\n\t<meta name=\"twitter:data1\" content=\"1 min\u00fata\" \/>\n<script type=\"application\/ld+json\" class=\"yoast-schema-graph\">{\"@context\":\"https:\/\/schema.org\",\"@graph\":[{\"@type\":\"WebPage\",\"@id\":\"https:\/\/www.ikuchyne.sk\/eshop\/produkt\/kancelarska-stolicka-victorian-hneda\/\",\"url\":\"https:\/\/www.ikuchyne.sk\/eshop\/produkt\/kancelarska-stolicka-victorian-hneda\/\",\"name\":\"Hned\u00e1 kancel\u00e1rska stoli\u010dka Victorian \u00bb &#187; iKuchyne iSHOP s n\u00e1bytkom\",\"isPartOf\":{\"@id\":\"https:\/\/www.ikuchyne.sk\/eshop\/#website\"},\"datePublished\":\"2020-06-02T10:19:15+00:00\",\"dateModified\":\"2020-07-24T21:43:47+00:00\",\"description\":\"K\u00fapte si u n\u00e1s Hned\u00e1 kancel\u00e1rska stoli\u010dka Victorian \u00bb za akciov\u00fa cenu. R\u00fdchle dodanie tovaru, odborn\u00e9 poradenstvo a stovky produktov skladom. Hned\u00e1 kancel\u00e1rska stoli\u010dka Victorian \u00bb sa stane dominantou V\u00e1\u0161ho interi\u00e9ru. Internetov\u00fd obchod ikuchyne! pon\u00faka odber Hned\u00e1 kancel\u00e1rska stoli\u010dka Victorian \u00bb u\u017e od 1 kusu.\",\"breadcrumb\":{\"@id\":\"https:\/\/www.ikuchyne.sk\/eshop\/produkt\/kancelarska-stolicka-victorian-hneda\/#breadcrumb\"},\"inLanguage\":\"sk-SK\",\"potentialAction\":[{\"@type\":\"ReadAction\",\"target\":[\"https:\/\/www.ikuchyne.sk\/eshop\/produkt\/kancelarska-stolicka-victorian-hneda\/\"]}]},{\"@type\":\"BreadcrumbList\",\"@id\":\"https:\/\/www.ikuchyne.sk\/eshop\/produkt\/kancelarska-stolicka-victorian-hneda\/#breadcrumb\",\"itemListElement\":[{\"@type\":\"ListItem\",\"position\":1,\"name\":\"Home\",\"item\":\"https:\/\/www.ikuchyne.sk\/eshop\/\"},{\"@type\":\"ListItem\",\"position\":2,\"name\":\"Obchod\",\"item\":\"https:\/\/www.ikuchyne.sk\/eshop\/obchod\/\"},{\"@type\":\"ListItem\",\"position\":3,\"name\":\"Hned\u00e1 kancel\u00e1rska stoli\u010dka Victorian \u00bb\"}]},{\"@type\":\"WebSite\",\"@id\":\"https:\/\/www.ikuchyne.sk\/eshop\/#website\",\"url\":\"https:\/\/www.ikuchyne.sk\/eshop\/\",\"name\":\"iKuchyne iSHOP s n\u00e1bytkom\",\"description\":\"Jed\u00e1lensk\u00e9 stoly, stoli\u010dky, n\u00e1bytok, svietidl\u00e1...\",\"publisher\":{\"@id\":\"https:\/\/www.ikuchyne.sk\/eshop\/#organization\"},\"potentialAction\":[{\"@type\":\"SearchAction\",\"target\":{\"@type\":\"EntryPoint\",\"urlTemplate\":\"https:\/\/www.ikuchyne.sk\/eshop\/?s={search_term_string}\"},\"query-input\":\"required name=search_term_string\"}],\"inLanguage\":\"sk-SK\"},{\"@type\":\"Organization\",\"@id\":\"https:\/\/www.ikuchyne.sk\/eshop\/#organization\",\"name\":\"ikuchyne!\",\"url\":\"https:\/\/www.ikuchyne.sk\/eshop\/\",\"logo\":{\"@type\":\"ImageObject\",\"inLanguage\":\"sk-SK\",\"@id\":\"https:\/\/www.ikuchyne.sk\/eshop\/#\/schema\/logo\/image\/\",\"url\":\"https:\/\/www.ikuchyne.sk\/eshop\/wp-content\/uploads\/2017\/04\/ikuchyne-logo.jpg\",\"contentUrl\":\"https:\/\/www.ikuchyne.sk\/eshop\/wp-content\/uploads\/2017\/04\/ikuchyne-logo.jpg\",\"width\":200,\"height\":48,\"caption\":\"ikuchyne!\"},\"image\":{\"@id\":\"https:\/\/www.ikuchyne.sk\/eshop\/#\/schema\/logo\/image\/\"},\"sameAs\":[\"https:\/\/www.facebook.com\/ikuchyne\/\",\"https:\/\/www.instagram.com\/ikuchyne.sk\/\",\"https:\/\/sk.pinterest.com\/ikuchynesk\/\"]}]}<\/script>\n<!-- \/ Yoast SEO plugin. -->","yoast_head_json":{"title":"Hned\u00e1 kancel\u00e1rska stoli\u010dka Victorian \u00bb &#187; iKuchyne iSHOP s n\u00e1bytkom","description":"K\u00fapte si u n\u00e1s Hned\u00e1 kancel\u00e1rska stoli\u010dka Victorian \u00bb za akciov\u00fa cenu. R\u00fdchle dodanie tovaru, odborn\u00e9 poradenstvo a stovky produktov skladom. Hned\u00e1 kancel\u00e1rska stoli\u010dka Victorian \u00bb sa stane dominantou V\u00e1\u0161ho interi\u00e9ru. Internetov\u00fd obchod ikuchyne! pon\u00faka odber Hned\u00e1 kancel\u00e1rska stoli\u010dka Victorian \u00bb u\u017e od 1 kusu.","robots":{"index":"index","follow":"follow","max-snippet":"max-snippet:-1","max-image-preview":"max-image-preview:large","max-video-preview":"max-video-preview:-1"},"canonical":"https:\/\/www.ikuchyne.sk\/eshop\/produkt\/kancelarska-stolicka-victorian-hneda\/","og_locale":"sk_SK","og_type":"article","og_title":"Hned\u00e1 kancel\u00e1rska stoli\u010dka Victorian \u00bb &#187; iKuchyne iSHOP s n\u00e1bytkom","og_description":"K\u00fapte si u n\u00e1s Hned\u00e1 kancel\u00e1rska stoli\u010dka Victorian \u00bb za akciov\u00fa cenu. R\u00fdchle dodanie tovaru, odborn\u00e9 poradenstvo a stovky produktov skladom. Hned\u00e1 kancel\u00e1rska stoli\u010dka Victorian \u00bb sa stane dominantou V\u00e1\u0161ho interi\u00e9ru. Internetov\u00fd obchod ikuchyne! pon\u00faka odber Hned\u00e1 kancel\u00e1rska stoli\u010dka Victorian \u00bb u\u017e od 1 kusu.","og_url":"https:\/\/www.ikuchyne.sk\/eshop\/produkt\/kancelarska-stolicka-victorian-hneda\/","og_site_name":"iKuchyne iSHOP s n\u00e1bytkom","article_publisher":"https:\/\/www.facebook.com\/ikuchyne\/","article_modified_time":"2020-07-24T21:43:47+00:00","og_image":[{"width":533,"height":800,"url":"https:\/\/www.ikuchyne.sk\/eshop\/wp-content\/uploads\/2020\/05\/Kancel\u00e1rska-stoli\u010dka-Victorian-Armlehne-hellhned\u00e1-40166.jpg","type":"image\/jpeg"}],"twitter_card":"summary_large_image","twitter_misc":{"Predpokladan\u00fd \u010das \u010d\u00edtania":"1 min\u00fata"},"schema":{"@context":"https:\/\/schema.org","@graph":[{"@type":"WebPage","@id":"https:\/\/www.ikuchyne.sk\/eshop\/produkt\/kancelarska-stolicka-victorian-hneda\/","url":"https:\/\/www.ikuchyne.sk\/eshop\/produkt\/kancelarska-stolicka-victorian-hneda\/","name":"Hned\u00e1 kancel\u00e1rska stoli\u010dka Victorian \u00bb &#187; iKuchyne iSHOP s n\u00e1bytkom","isPartOf":{"@id":"https:\/\/www.ikuchyne.sk\/eshop\/#website"},"datePublished":"2020-06-02T10:19:15+00:00","dateModified":"2020-07-24T21:43:47+00:00","description":"K\u00fapte si u n\u00e1s Hned\u00e1 kancel\u00e1rska stoli\u010dka Victorian \u00bb za akciov\u00fa cenu. R\u00fdchle dodanie tovaru, odborn\u00e9 poradenstvo a stovky produktov skladom. Hned\u00e1 kancel\u00e1rska stoli\u010dka Victorian \u00bb sa stane dominantou V\u00e1\u0161ho interi\u00e9ru. Internetov\u00fd obchod ikuchyne! pon\u00faka odber Hned\u00e1 kancel\u00e1rska stoli\u010dka Victorian \u00bb u\u017e od 1 kusu.","breadcrumb":{"@id":"https:\/\/www.ikuchyne.sk\/eshop\/produkt\/kancelarska-stolicka-victorian-hneda\/#breadcrumb"},"inLanguage":"sk-SK","potentialAction":[{"@type":"ReadAction","target":["https:\/\/www.ikuchyne.sk\/eshop\/produkt\/kancelarska-stolicka-victorian-hneda\/"]}]},{"@type":"BreadcrumbList","@id":"https:\/\/www.ikuchyne.sk\/eshop\/produkt\/kancelarska-stolicka-victorian-hneda\/#breadcrumb","itemListElement":[{"@type":"ListItem","position":1,"name":"Home","item":"https:\/\/www.ikuchyne.sk\/eshop\/"},{"@type":"ListItem","position":2,"name":"Obchod","item":"https:\/\/www.ikuchyne.sk\/eshop\/obchod\/"},{"@type":"ListItem","position":3,"name":"Hned\u00e1 kancel\u00e1rska stoli\u010dka Victorian \u00bb"}]},{"@type":"WebSite","@id":"https:\/\/www.ikuchyne.sk\/eshop\/#website","url":"https:\/\/www.ikuchyne.sk\/eshop\/","name":"iKuchyne iSHOP s n\u00e1bytkom","description":"Jed\u00e1lensk\u00e9 stoly, stoli\u010dky, n\u00e1bytok, svietidl\u00e1...","publisher":{"@id":"https:\/\/www.ikuchyne.sk\/eshop\/#organization"},"potentialAction":[{"@type":"SearchAction","target":{"@type":"EntryPoint","urlTemplate":"https:\/\/www.ikuchyne.sk\/eshop\/?s={search_term_string}"},"query-input":"required name=search_term_string"}],"inLanguage":"sk-SK"},{"@type":"Organization","@id":"https:\/\/www.ikuchyne.sk\/eshop\/#organization","name":"ikuchyne!","url":"https:\/\/www.ikuchyne.sk\/eshop\/","logo":{"@type":"ImageObject","inLanguage":"sk-SK","@id":"https:\/\/www.ikuchyne.sk\/eshop\/#\/schema\/logo\/image\/","url":"https:\/\/www.ikuchyne.sk\/eshop\/wp-content\/uploads\/2017\/04\/ikuchyne-logo.jpg","contentUrl":"https:\/\/www.ikuchyne.sk\/eshop\/wp-content\/uploads\/2017\/04\/ikuchyne-logo.jpg","width":200,"height":48,"caption":"ikuchyne!"},"image":{"@id":"https:\/\/www.ikuchyne.sk\/eshop\/#\/schema\/logo\/image\/"},"sameAs":["https:\/\/www.facebook.com\/ikuchyne\/","https:\/\/www.instagram.com\/ikuchyne.sk\/","https:\/\/sk.pinterest.com\/ikuchynesk\/"]}]}},"_links":{"self":[{"href":"https:\/\/www.ikuchyne.sk\/eshop\/wp-json\/wp\/v2\/product\/129370"}],"collection":[{"href":"https:\/\/www.ikuchyne.sk\/eshop\/wp-json\/wp\/v2\/product"}],"about":[{"href":"https:\/\/www.ikuchyne.sk\/eshop\/wp-json\/wp\/v2\/types\/product"}],"replies":[{"embeddable":true,"href":"https:\/\/www.ikuchyne.sk\/eshop\/wp-json\/wp\/v2\/comments?post=129370"}],"wp:featuredmedia":[{"embeddable":true,"href":"https:\/\/www.ikuchyne.sk\/eshop\/wp-json\/wp\/v2\/media\/129371"}],"wp:attachment":[{"href":"https:\/\/www.ikuchyne.sk\/eshop\/wp-json\/wp\/v2\/media?parent=129370"}],"wp:term":[{"taxonomy":"product_cat","embeddable":true,"href":"https:\/\/www.ikuchyne.sk\/eshop\/wp-json\/wp\/v2\/product_cat?post=129370"},{"taxonomy":"product_tag","embeddable":true,"href":"https:\/\/www.ikuchyne.sk\/eshop\/wp-json\/wp\/v2\/product_tag?post=129370"}],"curies":[{"name":"wp","href":"https:\/\/api.w.org\/{rel}","templated":true}]}}