{"id":129442,"date":"2020-06-02T11:41:12","date_gmt":"2020-06-02T09:41:12","guid":{"rendered":"https:\/\/www.ikuchyne.sk\/eshop\/?post_type=product&#038;p=129442"},"modified":"2024-04-17T08:26:24","modified_gmt":"2024-04-17T06:26:24","slug":"stolicka-euphoria-hneda-zamat","status":"publish","type":"product","link":"https:\/\/www.ikuchyne.sk\/eshop\/produkt\/stolicka-euphoria-hneda-zamat\/","title":{"rendered":"Stoli\u010dka Euphoria hned\u00e1 zamat \u00bb"},"content":{"rendered":"<h1>Stoli\u010dka Euphoria hned\u00e1 zamat \u00bb<\/h1>\n<h4><strong>V\u0161eobecn\u00fd popis:<\/strong><\/h4>\n<p>Elegantn\u00e1 stoli\u010dka Euphoria hned\u00e1 zamat s vysoko kvalitn\u00fdm zamatov\u00fdm po\u0165ahom. Sedaciu \u010das\u0165 je mo\u017en\u00e9 oto\u010di\u0165 a\u017e o 180 \u00b0. Robustn\u00e9 kovov\u00e9 nohy dotv\u00e1raj\u00fa retro vzh\u013ead. Pou\u017eite stoli\u010dku k jed\u00e1lensk\u00e9mu stolu alebo ako konferen\u010dn\u00fa stoli\u010dku!<\/p>\n<p>Pohodlie je tu ve\u013emi d\u00f4le\u017eit\u00e9! Ak h\u013ead\u00e1te obzvl\u00e1\u0161\u0165 pohodln\u00fa stoli\u010dku so skvel\u00fdm dizajnom, stoli\u010dka Euphoria hned\u00e1 zamat je spr\u00e1vna vo\u013eba. Na\u0161a pohodln\u00e1 retro klasika s extra hrub\u00fdm \u010dal\u00fanen\u00edm na sedadle a operadle zaujme nad\u010dasov\u00fdm a trendov\u00fdm dizajnom. \u010cierne kovov\u00e9 nohy vytv\u00e1raj\u00fa skvel\u00fd kontrast s u\u0161\u013eachtil\u00fdm zamatov\u00fdm po\u0165ahom sedacej \u010dasti a zais\u0165uj\u00fa bezpe\u010dn\u00e9 st\u00e1tie na akomko\u013evek povrchu.<\/p>\n<p>\u0160t\u00fdlov\u00e1 oto\u010dn\u00e1 stoli\u010dka obohat\u00ed v\u00e1\u0161 domov. Seda\u010dku stoli\u010dky je mo\u017en\u00e9 mimochodom oto\u010di\u0165 a\u017e o 180 \u00b0 &#8211; m\u00f4\u017eete sa tu te\u0161i\u0165 na obzvl\u00e1\u0161\u0165 flexibiln\u00e9 sedenie. V\u010faka elegantn\u00e9mu a absol\u00fatne nad\u010dasov\u00e9mu dizajnu je mo\u017en\u00e9 stoli\u010dku kombinova\u0165 s ve\u013emi odli\u0161n\u00fdmi jed\u00e1lensk\u00fdmi stolmi, sta\u010d\u00ed vysk\u00fa\u0161a\u0165! N\u00e1\u0161 tip: Jemn\u00fd dizajn stoli\u010dky je vhodn\u00fd aj do kancel\u00e1rie.<\/p>\n<h4>Dodato\u010dn\u00e9 inform\u00e1cie:<\/h4>\n<p>Zamat je ve\u013emi \u0161peci\u00e1lna po\u0165ahov\u00e1 l\u00e1tka s jedine\u010dn\u00fdmi vlastnos\u0165ami. Jas a intenzita farby sa m\u00f4\u017eu l\u00ed\u0161i\u0165 a na l\u00e1tke je mo\u017en\u00e9 vytv\u00e1ra\u0165 jedine\u010dn\u00e9 vzory &#8211; pod\u013ea toho, v akom smere s\u00fa jemn\u00e9 vl\u00e1kna ma\u013eovan\u00e9 a ako je l\u00e1tka osvetlen\u00e1. V\u00fdsledkom je individu\u00e1lne zlo\u017eenie farebn\u00fdch odtie\u0148ov a povrchov\u00fdch \u0161trukt\u00far, ktor\u00e9 z v\u00e1\u0161ho kusu n\u00e1bytku urobia v\u017edy fascinuj\u00faci doplnok miestnosti.<\/p>\n<h4><strong>Detaily produktu:<\/strong><\/h4>\n<p>Kvalitn\u00fd zamatov\u00fd po\u0165ah s ozdobn\u00fdm pre\u0161\u00edvan\u00edm. \u010cierne kovov\u00e9 nohy dotv\u00e1raj\u00fa retro vzh\u013ead. Sedadlo sa d\u00e1 oto\u010di\u0165 o 180 \u00b0 a v\u017edy sa vr\u00e1ti do p\u00f4vodnej polohy. Max. nosnos\u0165: cca 120 kg. Vhodn\u00e9 bytov\u00e9 doplnky \u010di stoly pre kombinovanie interi\u00e9ru s touto stoli\u010dkou n\u00e1jdete na na\u0161om e-shope v sekcii Bytov\u00e9 doplnky a Stoly. Kontaktujte n\u00e1s a my v\u00e1m radi pom\u00f4\u017eeme s v\u00fdberom vhodn\u00fdch dekor\u00e1ci\u00ed a n\u00e1bytku.<\/p>\n<p><strong>Rozmery:<\/strong> 59 cm x 82 cm x 60 cm (\u0160xVxH)<br \/>\n<strong>Sedadlo:<\/strong> 45 cm x 49 cm x 46 cm (\u0160xVxH)<br \/>\n<strong>V\u00fd\u0161ka operadla:<\/strong> 38 cm<br \/>\n<strong>Farba:<\/strong> hned\u00e1<br \/>\n<strong>Materi\u00e1l<\/strong>: zamat, 100% polyester, kov<br \/>\n\u0160krupinu sedadla je mo\u017en\u00e9 oto\u010di\u0165 o 180\u00b0.<br \/>\nPo\u0165ah s ozdobn\u00fdm pre\u0161\u00edvan\u00edm.<br \/>\nRetro vzh\u013ead.<\/p>\n<p><strong>T\u00fato stoli\u010dku m\u00f4\u017eete n\u00e1js\u0165 aj v in\u00fdch farebn\u00fdch prevedeniach:<\/strong><\/p>\n<ul>\n<li>tmavo\u0161ed\u00e1<\/li>\n<li>khaki zelen\u00e1<\/li>\n<li>hor\u010dicovo \u017elt\u00e1<\/li>\n<li>b\u00e9\u017eov\u00e1<\/li>\n<\/ul>\n<p>Dodato\u010dn\u00e9 inform\u00e1cie:<\/p>\n<p>V pr\u00edpade z\u00e1ujmu o in\u00e9 stoli\u010dky &#8211; jed\u00e1lensk\u00e9, barov\u00e9, kancel\u00e1rske, nav\u0161t\u00edvte sekciu stoli\u010dky na <a href=\"https:\/\/www.ikuchyne.sk\/eshop\/kategoria\/stolicky\/\">www.ikuchyne.sk\/eshop<\/a><br \/>\nV pr\u00edpade z\u00e1ujmu o n\u00e1bytok na mieru n\u00e1s kontaktuje na <a href=\"http:\/\/www.ikuchyne.sk\">www.ikuchyne.sk<\/a><\/p>\n<p>&nbsp;<\/p>\n","protected":false},"excerpt":{"rendered":"<p>Stoli\u010dka Euphoria hned\u00e1 zamat \u00bb V\u0161eobecn\u00fd popis: Elegantn\u00e1 stoli\u010dka Euphoria hned\u00e1 zamat s vysoko kvalitn\u00fdm zamatov\u00fdm po\u0165ahom. Sedaciu \u010das\u0165 je mo\u017en\u00e9 oto\u010di\u0165 a\u017e o 180 \u00b0. Robustn\u00e9 kovov\u00e9 nohy dotv\u00e1raj\u00fa<\/p>\n","protected":false},"featured_media":150278,"comment_status":"closed","ping_status":"closed","template":"","meta":[],"product_cat":[772,288,310,823,820,826,830],"product_tag":[192],"yoast_head":"<!-- This site is optimized with the Yoast SEO plugin v22.1 - https:\/\/yoast.com\/wordpress\/plugins\/seo\/ -->\n<title>Stoli\u010dka Euphoria hned\u00e1 zamat \u00bb &#187; iKuchyne iSHOP s n\u00e1bytkom<\/title>\n<meta name=\"description\" content=\"Stoli\u010dka Euphoria hned\u00e1 zamat \u00bb r\u00fdchle dodanie, poradenstvo, n\u00e1bytok skladom, ktor\u00e1 bude dominantou dom\u00e1cnosti s ikuchyne.sk\" \/>\n<meta name=\"robots\" content=\"index, follow, max-snippet:-1, max-image-preview:large, max-video-preview:-1\" \/>\n<link rel=\"canonical\" href=\"https:\/\/www.ikuchyne.sk\/eshop\/produkt\/stolicka-euphoria-hneda-zamat\/\" \/>\n<meta property=\"og:locale\" content=\"sk_SK\" \/>\n<meta property=\"og:type\" content=\"article\" \/>\n<meta property=\"og:title\" content=\"Stoli\u010dka Euphoria hned\u00e1 zamat \u00bb &#187; iKuchyne iSHOP s n\u00e1bytkom\" \/>\n<meta property=\"og:description\" content=\"Stoli\u010dka Euphoria hned\u00e1 zamat \u00bb r\u00fdchle dodanie, poradenstvo, n\u00e1bytok skladom, ktor\u00e1 bude dominantou dom\u00e1cnosti s ikuchyne.sk\" \/>\n<meta property=\"og:url\" content=\"https:\/\/www.ikuchyne.sk\/eshop\/produkt\/stolicka-euphoria-hneda-zamat\/\" \/>\n<meta property=\"og:site_name\" content=\"iKuchyne iSHOP s n\u00e1bytkom\" \/>\n<meta property=\"article:publisher\" content=\"https:\/\/www.facebook.com\/ikuchyne\/\" \/>\n<meta property=\"article:modified_time\" content=\"2024-04-17T06:26:24+00:00\" \/>\n<meta property=\"og:image\" content=\"https:\/\/www.ikuchyne.sk\/eshop\/wp-content\/uploads\/2020\/06\/stolicka-euphoria-hneda-1.jpg\" \/>\n\t<meta property=\"og:image:width\" content=\"735\" \/>\n\t<meta property=\"og:image:height\" content=\"490\" \/>\n\t<meta property=\"og:image:type\" content=\"image\/jpeg\" \/>\n<meta name=\"twitter:card\" content=\"summary_large_image\" \/>\n<meta name=\"twitter:label1\" content=\"Predpokladan\u00fd \u010das \u010d\u00edtania\" \/>\n\t<meta name=\"twitter:data1\" content=\"2 min\u00faty\" \/>\n<script type=\"application\/ld+json\" class=\"yoast-schema-graph\">{\"@context\":\"https:\/\/schema.org\",\"@graph\":[{\"@type\":\"WebPage\",\"@id\":\"https:\/\/www.ikuchyne.sk\/eshop\/produkt\/stolicka-euphoria-hneda-zamat\/\",\"url\":\"https:\/\/www.ikuchyne.sk\/eshop\/produkt\/stolicka-euphoria-hneda-zamat\/\",\"name\":\"Stoli\u010dka Euphoria hned\u00e1 zamat \u00bb &#187; iKuchyne iSHOP s n\u00e1bytkom\",\"isPartOf\":{\"@id\":\"https:\/\/www.ikuchyne.sk\/eshop\/#website\"},\"datePublished\":\"2020-06-02T09:41:12+00:00\",\"dateModified\":\"2024-04-17T06:26:24+00:00\",\"description\":\"Stoli\u010dka Euphoria hned\u00e1 zamat \u00bb r\u00fdchle dodanie, poradenstvo, n\u00e1bytok skladom, ktor\u00e1 bude dominantou dom\u00e1cnosti s ikuchyne.sk\",\"breadcrumb\":{\"@id\":\"https:\/\/www.ikuchyne.sk\/eshop\/produkt\/stolicka-euphoria-hneda-zamat\/#breadcrumb\"},\"inLanguage\":\"sk-SK\",\"potentialAction\":[{\"@type\":\"ReadAction\",\"target\":[\"https:\/\/www.ikuchyne.sk\/eshop\/produkt\/stolicka-euphoria-hneda-zamat\/\"]}]},{\"@type\":\"BreadcrumbList\",\"@id\":\"https:\/\/www.ikuchyne.sk\/eshop\/produkt\/stolicka-euphoria-hneda-zamat\/#breadcrumb\",\"itemListElement\":[{\"@type\":\"ListItem\",\"position\":1,\"name\":\"Home\",\"item\":\"https:\/\/www.ikuchyne.sk\/eshop\/\"},{\"@type\":\"ListItem\",\"position\":2,\"name\":\"Obchod\",\"item\":\"https:\/\/www.ikuchyne.sk\/eshop\/obchod\/\"},{\"@type\":\"ListItem\",\"position\":3,\"name\":\"Stoli\u010dka Euphoria hned\u00e1 zamat \u00bb\"}]},{\"@type\":\"WebSite\",\"@id\":\"https:\/\/www.ikuchyne.sk\/eshop\/#website\",\"url\":\"https:\/\/www.ikuchyne.sk\/eshop\/\",\"name\":\"iKuchyne iSHOP s n\u00e1bytkom\",\"description\":\"Jed\u00e1lensk\u00e9 stoly, stoli\u010dky, n\u00e1bytok, svietidl\u00e1...\",\"publisher\":{\"@id\":\"https:\/\/www.ikuchyne.sk\/eshop\/#organization\"},\"potentialAction\":[{\"@type\":\"SearchAction\",\"target\":{\"@type\":\"EntryPoint\",\"urlTemplate\":\"https:\/\/www.ikuchyne.sk\/eshop\/?s={search_term_string}\"},\"query-input\":\"required name=search_term_string\"}],\"inLanguage\":\"sk-SK\"},{\"@type\":\"Organization\",\"@id\":\"https:\/\/www.ikuchyne.sk\/eshop\/#organization\",\"name\":\"ikuchyne!\",\"url\":\"https:\/\/www.ikuchyne.sk\/eshop\/\",\"logo\":{\"@type\":\"ImageObject\",\"inLanguage\":\"sk-SK\",\"@id\":\"https:\/\/www.ikuchyne.sk\/eshop\/#\/schema\/logo\/image\/\",\"url\":\"https:\/\/www.ikuchyne.sk\/eshop\/wp-content\/uploads\/2017\/04\/ikuchyne-logo.jpg\",\"contentUrl\":\"https:\/\/www.ikuchyne.sk\/eshop\/wp-content\/uploads\/2017\/04\/ikuchyne-logo.jpg\",\"width\":200,\"height\":48,\"caption\":\"ikuchyne!\"},\"image\":{\"@id\":\"https:\/\/www.ikuchyne.sk\/eshop\/#\/schema\/logo\/image\/\"},\"sameAs\":[\"https:\/\/www.facebook.com\/ikuchyne\/\",\"https:\/\/www.instagram.com\/ikuchyne.sk\/\",\"https:\/\/sk.pinterest.com\/ikuchynesk\/\"]}]}<\/script>\n<!-- \/ Yoast SEO plugin. -->","yoast_head_json":{"title":"Stoli\u010dka Euphoria hned\u00e1 zamat \u00bb &#187; iKuchyne iSHOP s n\u00e1bytkom","description":"Stoli\u010dka Euphoria hned\u00e1 zamat \u00bb r\u00fdchle dodanie, poradenstvo, n\u00e1bytok skladom, ktor\u00e1 bude dominantou dom\u00e1cnosti s ikuchyne.sk","robots":{"index":"index","follow":"follow","max-snippet":"max-snippet:-1","max-image-preview":"max-image-preview:large","max-video-preview":"max-video-preview:-1"},"canonical":"https:\/\/www.ikuchyne.sk\/eshop\/produkt\/stolicka-euphoria-hneda-zamat\/","og_locale":"sk_SK","og_type":"article","og_title":"Stoli\u010dka Euphoria hned\u00e1 zamat \u00bb &#187; iKuchyne iSHOP s n\u00e1bytkom","og_description":"Stoli\u010dka Euphoria hned\u00e1 zamat \u00bb r\u00fdchle dodanie, poradenstvo, n\u00e1bytok skladom, ktor\u00e1 bude dominantou dom\u00e1cnosti s ikuchyne.sk","og_url":"https:\/\/www.ikuchyne.sk\/eshop\/produkt\/stolicka-euphoria-hneda-zamat\/","og_site_name":"iKuchyne iSHOP s n\u00e1bytkom","article_publisher":"https:\/\/www.facebook.com\/ikuchyne\/","article_modified_time":"2024-04-17T06:26:24+00:00","og_image":[{"width":735,"height":490,"url":"https:\/\/www.ikuchyne.sk\/eshop\/wp-content\/uploads\/2020\/06\/stolicka-euphoria-hneda-1.jpg","type":"image\/jpeg"}],"twitter_card":"summary_large_image","twitter_misc":{"Predpokladan\u00fd \u010das \u010d\u00edtania":"2 min\u00faty"},"schema":{"@context":"https:\/\/schema.org","@graph":[{"@type":"WebPage","@id":"https:\/\/www.ikuchyne.sk\/eshop\/produkt\/stolicka-euphoria-hneda-zamat\/","url":"https:\/\/www.ikuchyne.sk\/eshop\/produkt\/stolicka-euphoria-hneda-zamat\/","name":"Stoli\u010dka Euphoria hned\u00e1 zamat \u00bb &#187; iKuchyne iSHOP s n\u00e1bytkom","isPartOf":{"@id":"https:\/\/www.ikuchyne.sk\/eshop\/#website"},"datePublished":"2020-06-02T09:41:12+00:00","dateModified":"2024-04-17T06:26:24+00:00","description":"Stoli\u010dka Euphoria hned\u00e1 zamat \u00bb r\u00fdchle dodanie, poradenstvo, n\u00e1bytok skladom, ktor\u00e1 bude dominantou dom\u00e1cnosti s ikuchyne.sk","breadcrumb":{"@id":"https:\/\/www.ikuchyne.sk\/eshop\/produkt\/stolicka-euphoria-hneda-zamat\/#breadcrumb"},"inLanguage":"sk-SK","potentialAction":[{"@type":"ReadAction","target":["https:\/\/www.ikuchyne.sk\/eshop\/produkt\/stolicka-euphoria-hneda-zamat\/"]}]},{"@type":"BreadcrumbList","@id":"https:\/\/www.ikuchyne.sk\/eshop\/produkt\/stolicka-euphoria-hneda-zamat\/#breadcrumb","itemListElement":[{"@type":"ListItem","position":1,"name":"Home","item":"https:\/\/www.ikuchyne.sk\/eshop\/"},{"@type":"ListItem","position":2,"name":"Obchod","item":"https:\/\/www.ikuchyne.sk\/eshop\/obchod\/"},{"@type":"ListItem","position":3,"name":"Stoli\u010dka Euphoria hned\u00e1 zamat \u00bb"}]},{"@type":"WebSite","@id":"https:\/\/www.ikuchyne.sk\/eshop\/#website","url":"https:\/\/www.ikuchyne.sk\/eshop\/","name":"iKuchyne iSHOP s n\u00e1bytkom","description":"Jed\u00e1lensk\u00e9 stoly, stoli\u010dky, n\u00e1bytok, svietidl\u00e1...","publisher":{"@id":"https:\/\/www.ikuchyne.sk\/eshop\/#organization"},"potentialAction":[{"@type":"SearchAction","target":{"@type":"EntryPoint","urlTemplate":"https:\/\/www.ikuchyne.sk\/eshop\/?s={search_term_string}"},"query-input":"required name=search_term_string"}],"inLanguage":"sk-SK"},{"@type":"Organization","@id":"https:\/\/www.ikuchyne.sk\/eshop\/#organization","name":"ikuchyne!","url":"https:\/\/www.ikuchyne.sk\/eshop\/","logo":{"@type":"ImageObject","inLanguage":"sk-SK","@id":"https:\/\/www.ikuchyne.sk\/eshop\/#\/schema\/logo\/image\/","url":"https:\/\/www.ikuchyne.sk\/eshop\/wp-content\/uploads\/2017\/04\/ikuchyne-logo.jpg","contentUrl":"https:\/\/www.ikuchyne.sk\/eshop\/wp-content\/uploads\/2017\/04\/ikuchyne-logo.jpg","width":200,"height":48,"caption":"ikuchyne!"},"image":{"@id":"https:\/\/www.ikuchyne.sk\/eshop\/#\/schema\/logo\/image\/"},"sameAs":["https:\/\/www.facebook.com\/ikuchyne\/","https:\/\/www.instagram.com\/ikuchyne.sk\/","https:\/\/sk.pinterest.com\/ikuchynesk\/"]}]}},"_links":{"self":[{"href":"https:\/\/www.ikuchyne.sk\/eshop\/wp-json\/wp\/v2\/product\/129442"}],"collection":[{"href":"https:\/\/www.ikuchyne.sk\/eshop\/wp-json\/wp\/v2\/product"}],"about":[{"href":"https:\/\/www.ikuchyne.sk\/eshop\/wp-json\/wp\/v2\/types\/product"}],"replies":[{"embeddable":true,"href":"https:\/\/www.ikuchyne.sk\/eshop\/wp-json\/wp\/v2\/comments?post=129442"}],"wp:featuredmedia":[{"embeddable":true,"href":"https:\/\/www.ikuchyne.sk\/eshop\/wp-json\/wp\/v2\/media\/150278"}],"wp:attachment":[{"href":"https:\/\/www.ikuchyne.sk\/eshop\/wp-json\/wp\/v2\/media?parent=129442"}],"wp:term":[{"taxonomy":"product_cat","embeddable":true,"href":"https:\/\/www.ikuchyne.sk\/eshop\/wp-json\/wp\/v2\/product_cat?post=129442"},{"taxonomy":"product_tag","embeddable":true,"href":"https:\/\/www.ikuchyne.sk\/eshop\/wp-json\/wp\/v2\/product_tag?post=129442"}],"curies":[{"name":"wp","href":"https:\/\/api.w.org\/{rel}","templated":true}]}}