{"id":131313,"date":"2020-07-25T14:58:19","date_gmt":"2020-07-25T12:58:19","guid":{"rendered":"https:\/\/www.ikuchyne.sk\/eshop\/?post_type=product&#038;p=131313"},"modified":"2024-01-10T15:34:14","modified_gmt":"2024-01-10T14:34:14","slug":"lavica-thor-200cm-piniove-drevo","status":"publish","type":"product","link":"https:\/\/www.ikuchyne.sk\/eshop\/produkt\/lavica-thor-200cm-piniove-drevo\/","title":{"rendered":"Lavica Thor 200 cm p\u00edniov\u00e9 drevo \u00bb"},"content":{"rendered":"<h1>Lavica Thor 200 cm p\u00edniov\u00e9 drevo<\/h1>\n<h4><strong>V\u0161eobecn\u00fd popis:<\/strong><\/h4>\n<p>Lavica Thor 200 cm p\u00edniov\u00e9 drevo. Praskliny, z\u00e1rezy a uzly dod\u00e1vaj\u00fa drevu jeho prirodzen\u00e9 \u010daro. Kovov\u00e9 nohy dod\u00e1vaj\u00fa lavi\u010dke skvel\u00fd priemyseln\u00fd n\u00e1dych. Objavte s nami ten prav\u00fd jed\u00e1lensk\u00fd st\u00f4l!<\/p>\n<p>Pre pr\u00edrodn\u00fd vzh\u013ead do va\u0161ej dom\u00e1cnosti. Na\u0161a lavica Thor 200 cm p\u00edniov\u00e9 drevo kombinuje kr\u00e1sny pr\u00edrodn\u00fd vzh\u013ead dreva s drsn\u00fdm n\u00e1dychom X-ov\u00e9ho r\u00e1mu\u00a0 z tmav\u00e9ho \u017eeleza. S touto lavi\u010dkou vyrobenou z p\u00edniov\u00e9ho dreva z\u00edskate jedine\u010dn\u00fd k\u00fasok, ktor\u00fd vyzer\u00e1 obzvl\u00e1\u0161\u0165 autenticky a prirodzene s hrubou \u0161trukt\u00farou vrchnej \u010dasti. Pri spracovan\u00ed dosky sa prikladal ve\u013ek\u00fd v\u00fdznam originalite dreva. Charakteristick\u00e9 zrno, uzly, farebn\u00e9 prechody, drsn\u00e9 \u010dasti a prirodzen\u00e9 z\u00e1rezy sa tu sp\u00e1jaj\u00fa a vytv\u00e1raj\u00fa p\u00f4sobiv\u00fd celkov\u00fd obraz, ktor\u00fd rob\u00ed z ka\u017edej lavice pozoruhodn\u00fd kus. Vrchn\u00e1 doska z p\u00edniov\u00e9ho dreva je samozrejme starostlivo utesnen\u00e1 pre ka\u017edodenn\u00e9 pou\u017eitie, a to aj napriek povrchu so v\u0161etk\u00fdmi jeho individu\u00e1lnymi vlastnos\u0165ami dreva.<\/p>\n<p>Lavicu je mo\u017en\u00e9 kombinova\u0165 mnoh\u00fdmi sp\u00f4sobmi. Lavica sa stane nov\u00fdm ob\u013e\u00faben\u00fdm k\u00faskom vo va\u0161ej dom\u00e1cnosti. Mas\u00edvny zvr\u0161ok zaujme nielen svojou robustnos\u0165ou, ale zabezpe\u010d\u00ed aj pr\u00edrodn\u00fd vzh\u013ead s charakteristick\u00fdmi vlastnos\u0165ami dreva. V\u010faka nad\u010dasov\u00e9mu dizajnu m\u00f4\u017eete lavicu \u013eahko kombinova\u0165 so \u0161irokou \u0161k\u00e1lou stolov, pr\u00edborn\u00edkov a bytov\u00fdch doplnkov. Obzvl\u00e1\u0161\u0165 kr\u00e1sne samozrejme vyzer\u00e1 v kombin\u00e1cii s jed\u00e1lensk\u00fdmi stolmi z rovnomennej s\u00e9rie. Ale lavi\u010dka kr\u00e1ja aj neprekonate\u013en\u00fa postavu ako \u0161t\u00fdlov\u00e9 sedadlo na chodbe alebo v kuchyni.<\/p>\n<h4><strong>Detaily produktu:<\/strong><\/h4>\n<p>Preto\u017ee ide o pr\u00edrodn\u00fd produkt, ka\u017ed\u00e1 lavica je absol\u00fatne jedine\u010dn\u00e1. Nerovnosti, charizmatick\u00e9 uzly, praskliny, z\u00e1rezy alebo dokonca rozmerov\u00e9 rozdiely s\u00fa mo\u017en\u00e9 a vytv\u00e1raj\u00fa originalitu a vytv\u00e1raj\u00fa \u010daro mas\u00edvneho dreva. Existuj\u00face trhliny s\u00fa po\u010das v\u00fdrobn\u00e9ho procesu spojen\u00e9 a stabilizovan\u00e9 spojovac\u00edmi kusmi z rovnak\u00e9ho dreva. Preto m\u00f4\u017eu existova\u0165 farebn\u00e9 odch\u00fdlky. \u017diadna z t\u00fdchto skuto\u010dnost\u00ed nie je d\u00f4vodom na reklam\u00e1ciu. Vhodn\u00e9 bytov\u00e9 doplnky pre kombinovanie interi\u00e9ru s touto lavicou n\u00e1jdete na na\u0161om e-shope v sekcii Bytov\u00e9 doplnky. Kontaktujte n\u00e1s a my v\u00e1m radi pom\u00f4\u017eeme s v\u00fdberom vhodn\u00fdch dekor\u00e1ci\u00ed a n\u00e1bytku do va\u0161ej dom\u00e1cnosti.<\/p>\n<p><b>Rozmery<\/b> (cca):<br \/>\n200cm x 45cm x 40cm (\u0160xVxH)<\/p>\n<p><b>Farba:<\/b> pr\u00edrodn\u00e1<br \/>\n<b>Materi\u00e1l:<\/b> p\u00edniov\u00e9 drevo (mas\u00edv), lak, kov<\/p>\n<div class=\"electro-description\">\n<div class=\"electro-description\">\n<p>Produkt je ru\u010dne vyroben\u00fd \u2013 rany, farebn\u00e9 gradienty, pr\u00edpadn\u00e9 rozdiely rozmerov s\u00fa preto be\u017en\u00fd jav. Nejde o v\u00fdrobn\u00fa chybu.<\/p>\n<\/div>\n<\/div>\n<p>Dodato\u010dn\u00e9 inform\u00e1cie:<\/p>\n<p>V pr\u00edpade z\u00e1ujmu o in\u00e9 lavice, seda\u010dky, le\u0148o\u0161ky, taburetky \u010di pohovky, nav\u0161t\u00edvte sekciu sedenie na <a href=\"https:\/\/www.ikuchyne.sk\/eshop\/kategoria\/sedenie\/\">www.ikuchyne.sk\/eshop<\/a><br \/>\nV pr\u00edpade z\u00e1ujmu o n\u00e1bytok na mieru n\u00e1s kontaktuje na <a href=\"http:\/\/www.ikuchyne.sk\">www.ikuchyne.sk<\/a><\/p>\n","protected":false},"excerpt":{"rendered":"<p>Lavica Thor 200 cm p\u00edniov\u00e9 drevo V\u0161eobecn\u00fd popis: Lavica Thor 200 cm p\u00edniov\u00e9 drevo. Praskliny, z\u00e1rezy a uzly dod\u00e1vaj\u00fa drevu jeho prirodzen\u00e9 \u010daro. Kovov\u00e9 nohy dod\u00e1vaj\u00fa lavi\u010dke skvel\u00fd priemyseln\u00fd n\u00e1dych.<\/p>\n","protected":false},"featured_media":132107,"comment_status":"closed","ping_status":"closed","template":"","meta":[],"product_cat":[750,772,600],"product_tag":[261],"yoast_head":"<!-- This site is optimized with the Yoast SEO plugin v22.1 - https:\/\/yoast.com\/wordpress\/plugins\/seo\/ -->\n<title>Lavica Thor 200 cm p\u00edniov\u00e9 drevo \u00bb &#187; iKuchyne iSHOP s n\u00e1bytkom<\/title>\n<meta name=\"description\" content=\"Lavica Thor 200 cm p\u00edniov\u00e9 drevo \u00bb - r\u00fdchle dodanie, poradenstvo, n\u00e1bytok skladom v Bratislave s ikuchyne.sk - kuchyne na mieru.\" \/>\n<meta name=\"robots\" content=\"index, follow, max-snippet:-1, max-image-preview:large, max-video-preview:-1\" \/>\n<link rel=\"canonical\" href=\"https:\/\/www.ikuchyne.sk\/eshop\/produkt\/lavica-thor-200cm-piniove-drevo\/\" \/>\n<meta property=\"og:locale\" content=\"sk_SK\" \/>\n<meta property=\"og:type\" content=\"article\" \/>\n<meta property=\"og:title\" content=\"Lavica Thor 200 cm p\u00edniov\u00e9 drevo \u00bb &#187; iKuchyne iSHOP s n\u00e1bytkom\" \/>\n<meta property=\"og:description\" content=\"Lavica Thor 200 cm p\u00edniov\u00e9 drevo \u00bb - r\u00fdchle dodanie, poradenstvo, n\u00e1bytok skladom v Bratislave s ikuchyne.sk - kuchyne na mieru.\" \/>\n<meta property=\"og:url\" content=\"https:\/\/www.ikuchyne.sk\/eshop\/produkt\/lavica-thor-200cm-piniove-drevo\/\" \/>\n<meta property=\"og:site_name\" content=\"iKuchyne iSHOP s n\u00e1bytkom\" \/>\n<meta property=\"article:publisher\" content=\"https:\/\/www.facebook.com\/ikuchyne\/\" \/>\n<meta property=\"article:modified_time\" content=\"2024-01-10T14:34:14+00:00\" \/>\n<meta property=\"og:image\" content=\"https:\/\/www.ikuchyne.sk\/eshop\/wp-content\/uploads\/2020\/07\/media_images_org_file0036023.jpg\" \/>\n\t<meta property=\"og:image:width\" content=\"2000\" \/>\n\t<meta property=\"og:image:height\" content=\"1333\" \/>\n\t<meta property=\"og:image:type\" content=\"image\/jpeg\" \/>\n<meta name=\"twitter:card\" content=\"summary_large_image\" \/>\n<meta name=\"twitter:label1\" content=\"Predpokladan\u00fd \u010das \u010d\u00edtania\" \/>\n\t<meta name=\"twitter:data1\" content=\"2 min\u00faty\" \/>\n<script type=\"application\/ld+json\" class=\"yoast-schema-graph\">{\"@context\":\"https:\/\/schema.org\",\"@graph\":[{\"@type\":\"WebPage\",\"@id\":\"https:\/\/www.ikuchyne.sk\/eshop\/produkt\/lavica-thor-200cm-piniove-drevo\/\",\"url\":\"https:\/\/www.ikuchyne.sk\/eshop\/produkt\/lavica-thor-200cm-piniove-drevo\/\",\"name\":\"Lavica Thor 200 cm p\u00edniov\u00e9 drevo \u00bb &#187; iKuchyne iSHOP s n\u00e1bytkom\",\"isPartOf\":{\"@id\":\"https:\/\/www.ikuchyne.sk\/eshop\/#website\"},\"datePublished\":\"2020-07-25T12:58:19+00:00\",\"dateModified\":\"2024-01-10T14:34:14+00:00\",\"description\":\"Lavica Thor 200 cm p\u00edniov\u00e9 drevo \u00bb - r\u00fdchle dodanie, poradenstvo, n\u00e1bytok skladom v Bratislave s ikuchyne.sk - kuchyne na mieru.\",\"breadcrumb\":{\"@id\":\"https:\/\/www.ikuchyne.sk\/eshop\/produkt\/lavica-thor-200cm-piniove-drevo\/#breadcrumb\"},\"inLanguage\":\"sk-SK\",\"potentialAction\":[{\"@type\":\"ReadAction\",\"target\":[\"https:\/\/www.ikuchyne.sk\/eshop\/produkt\/lavica-thor-200cm-piniove-drevo\/\"]}]},{\"@type\":\"BreadcrumbList\",\"@id\":\"https:\/\/www.ikuchyne.sk\/eshop\/produkt\/lavica-thor-200cm-piniove-drevo\/#breadcrumb\",\"itemListElement\":[{\"@type\":\"ListItem\",\"position\":1,\"name\":\"Home\",\"item\":\"https:\/\/www.ikuchyne.sk\/eshop\/\"},{\"@type\":\"ListItem\",\"position\":2,\"name\":\"Obchod\",\"item\":\"https:\/\/www.ikuchyne.sk\/eshop\/obchod\/\"},{\"@type\":\"ListItem\",\"position\":3,\"name\":\"Lavica Thor 200 cm p\u00edniov\u00e9 drevo \u00bb\"}]},{\"@type\":\"WebSite\",\"@id\":\"https:\/\/www.ikuchyne.sk\/eshop\/#website\",\"url\":\"https:\/\/www.ikuchyne.sk\/eshop\/\",\"name\":\"iKuchyne iSHOP s n\u00e1bytkom\",\"description\":\"Jed\u00e1lensk\u00e9 stoly, stoli\u010dky, n\u00e1bytok, svietidl\u00e1...\",\"publisher\":{\"@id\":\"https:\/\/www.ikuchyne.sk\/eshop\/#organization\"},\"potentialAction\":[{\"@type\":\"SearchAction\",\"target\":{\"@type\":\"EntryPoint\",\"urlTemplate\":\"https:\/\/www.ikuchyne.sk\/eshop\/?s={search_term_string}\"},\"query-input\":\"required name=search_term_string\"}],\"inLanguage\":\"sk-SK\"},{\"@type\":\"Organization\",\"@id\":\"https:\/\/www.ikuchyne.sk\/eshop\/#organization\",\"name\":\"ikuchyne!\",\"url\":\"https:\/\/www.ikuchyne.sk\/eshop\/\",\"logo\":{\"@type\":\"ImageObject\",\"inLanguage\":\"sk-SK\",\"@id\":\"https:\/\/www.ikuchyne.sk\/eshop\/#\/schema\/logo\/image\/\",\"url\":\"https:\/\/www.ikuchyne.sk\/eshop\/wp-content\/uploads\/2017\/04\/ikuchyne-logo.jpg\",\"contentUrl\":\"https:\/\/www.ikuchyne.sk\/eshop\/wp-content\/uploads\/2017\/04\/ikuchyne-logo.jpg\",\"width\":200,\"height\":48,\"caption\":\"ikuchyne!\"},\"image\":{\"@id\":\"https:\/\/www.ikuchyne.sk\/eshop\/#\/schema\/logo\/image\/\"},\"sameAs\":[\"https:\/\/www.facebook.com\/ikuchyne\/\",\"https:\/\/www.instagram.com\/ikuchyne.sk\/\",\"https:\/\/sk.pinterest.com\/ikuchynesk\/\"]}]}<\/script>\n<!-- \/ Yoast SEO plugin. -->","yoast_head_json":{"title":"Lavica Thor 200 cm p\u00edniov\u00e9 drevo \u00bb &#187; iKuchyne iSHOP s n\u00e1bytkom","description":"Lavica Thor 200 cm p\u00edniov\u00e9 drevo \u00bb - r\u00fdchle dodanie, poradenstvo, n\u00e1bytok skladom v Bratislave s ikuchyne.sk - kuchyne na mieru.","robots":{"index":"index","follow":"follow","max-snippet":"max-snippet:-1","max-image-preview":"max-image-preview:large","max-video-preview":"max-video-preview:-1"},"canonical":"https:\/\/www.ikuchyne.sk\/eshop\/produkt\/lavica-thor-200cm-piniove-drevo\/","og_locale":"sk_SK","og_type":"article","og_title":"Lavica Thor 200 cm p\u00edniov\u00e9 drevo \u00bb &#187; iKuchyne iSHOP s n\u00e1bytkom","og_description":"Lavica Thor 200 cm p\u00edniov\u00e9 drevo \u00bb - r\u00fdchle dodanie, poradenstvo, n\u00e1bytok skladom v Bratislave s ikuchyne.sk - kuchyne na mieru.","og_url":"https:\/\/www.ikuchyne.sk\/eshop\/produkt\/lavica-thor-200cm-piniove-drevo\/","og_site_name":"iKuchyne iSHOP s n\u00e1bytkom","article_publisher":"https:\/\/www.facebook.com\/ikuchyne\/","article_modified_time":"2024-01-10T14:34:14+00:00","og_image":[{"width":2000,"height":1333,"url":"https:\/\/www.ikuchyne.sk\/eshop\/wp-content\/uploads\/2020\/07\/media_images_org_file0036023.jpg","type":"image\/jpeg"}],"twitter_card":"summary_large_image","twitter_misc":{"Predpokladan\u00fd \u010das \u010d\u00edtania":"2 min\u00faty"},"schema":{"@context":"https:\/\/schema.org","@graph":[{"@type":"WebPage","@id":"https:\/\/www.ikuchyne.sk\/eshop\/produkt\/lavica-thor-200cm-piniove-drevo\/","url":"https:\/\/www.ikuchyne.sk\/eshop\/produkt\/lavica-thor-200cm-piniove-drevo\/","name":"Lavica Thor 200 cm p\u00edniov\u00e9 drevo \u00bb &#187; iKuchyne iSHOP s n\u00e1bytkom","isPartOf":{"@id":"https:\/\/www.ikuchyne.sk\/eshop\/#website"},"datePublished":"2020-07-25T12:58:19+00:00","dateModified":"2024-01-10T14:34:14+00:00","description":"Lavica Thor 200 cm p\u00edniov\u00e9 drevo \u00bb - r\u00fdchle dodanie, poradenstvo, n\u00e1bytok skladom v Bratislave s ikuchyne.sk - kuchyne na mieru.","breadcrumb":{"@id":"https:\/\/www.ikuchyne.sk\/eshop\/produkt\/lavica-thor-200cm-piniove-drevo\/#breadcrumb"},"inLanguage":"sk-SK","potentialAction":[{"@type":"ReadAction","target":["https:\/\/www.ikuchyne.sk\/eshop\/produkt\/lavica-thor-200cm-piniove-drevo\/"]}]},{"@type":"BreadcrumbList","@id":"https:\/\/www.ikuchyne.sk\/eshop\/produkt\/lavica-thor-200cm-piniove-drevo\/#breadcrumb","itemListElement":[{"@type":"ListItem","position":1,"name":"Home","item":"https:\/\/www.ikuchyne.sk\/eshop\/"},{"@type":"ListItem","position":2,"name":"Obchod","item":"https:\/\/www.ikuchyne.sk\/eshop\/obchod\/"},{"@type":"ListItem","position":3,"name":"Lavica Thor 200 cm p\u00edniov\u00e9 drevo \u00bb"}]},{"@type":"WebSite","@id":"https:\/\/www.ikuchyne.sk\/eshop\/#website","url":"https:\/\/www.ikuchyne.sk\/eshop\/","name":"iKuchyne iSHOP s n\u00e1bytkom","description":"Jed\u00e1lensk\u00e9 stoly, stoli\u010dky, n\u00e1bytok, svietidl\u00e1...","publisher":{"@id":"https:\/\/www.ikuchyne.sk\/eshop\/#organization"},"potentialAction":[{"@type":"SearchAction","target":{"@type":"EntryPoint","urlTemplate":"https:\/\/www.ikuchyne.sk\/eshop\/?s={search_term_string}"},"query-input":"required name=search_term_string"}],"inLanguage":"sk-SK"},{"@type":"Organization","@id":"https:\/\/www.ikuchyne.sk\/eshop\/#organization","name":"ikuchyne!","url":"https:\/\/www.ikuchyne.sk\/eshop\/","logo":{"@type":"ImageObject","inLanguage":"sk-SK","@id":"https:\/\/www.ikuchyne.sk\/eshop\/#\/schema\/logo\/image\/","url":"https:\/\/www.ikuchyne.sk\/eshop\/wp-content\/uploads\/2017\/04\/ikuchyne-logo.jpg","contentUrl":"https:\/\/www.ikuchyne.sk\/eshop\/wp-content\/uploads\/2017\/04\/ikuchyne-logo.jpg","width":200,"height":48,"caption":"ikuchyne!"},"image":{"@id":"https:\/\/www.ikuchyne.sk\/eshop\/#\/schema\/logo\/image\/"},"sameAs":["https:\/\/www.facebook.com\/ikuchyne\/","https:\/\/www.instagram.com\/ikuchyne.sk\/","https:\/\/sk.pinterest.com\/ikuchynesk\/"]}]}},"_links":{"self":[{"href":"https:\/\/www.ikuchyne.sk\/eshop\/wp-json\/wp\/v2\/product\/131313"}],"collection":[{"href":"https:\/\/www.ikuchyne.sk\/eshop\/wp-json\/wp\/v2\/product"}],"about":[{"href":"https:\/\/www.ikuchyne.sk\/eshop\/wp-json\/wp\/v2\/types\/product"}],"replies":[{"embeddable":true,"href":"https:\/\/www.ikuchyne.sk\/eshop\/wp-json\/wp\/v2\/comments?post=131313"}],"wp:featuredmedia":[{"embeddable":true,"href":"https:\/\/www.ikuchyne.sk\/eshop\/wp-json\/wp\/v2\/media\/132107"}],"wp:attachment":[{"href":"https:\/\/www.ikuchyne.sk\/eshop\/wp-json\/wp\/v2\/media?parent=131313"}],"wp:term":[{"taxonomy":"product_cat","embeddable":true,"href":"https:\/\/www.ikuchyne.sk\/eshop\/wp-json\/wp\/v2\/product_cat?post=131313"},{"taxonomy":"product_tag","embeddable":true,"href":"https:\/\/www.ikuchyne.sk\/eshop\/wp-json\/wp\/v2\/product_tag?post=131313"}],"curies":[{"name":"wp","href":"https:\/\/api.w.org\/{rel}","templated":true}]}}