{"id":131610,"date":"2020-08-07T12:43:12","date_gmt":"2020-08-07T10:43:12","guid":{"rendered":"https:\/\/www.ikuchyne.sk\/eshop\/?post_type=product&#038;p=131610"},"modified":"2024-02-20T23:59:05","modified_gmt":"2024-02-20T22:59:05","slug":"vinoteka-hemingway-z-recyklovaneho-dreva","status":"publish","type":"product","link":"https:\/\/www.ikuchyne.sk\/eshop\/produkt\/vinoteka-hemingway-z-recyklovaneho-dreva\/","title":{"rendered":"Vinot\u00e9ka Hemingway z recyklovan\u00e9ho dreva \u00bb"},"content":{"rendered":"<h1>Vinot\u00e9ka Hemingway z recyklovan\u00e9ho dreva \u00bb<\/h1>\n<p><strong>V\u0161eobecn\u00fd popis:<br \/>\n<\/strong>V\u0161etky va\u0161e ob\u013e\u00faben\u00e9 v\u00edna si n\u00e1jdu bezpe\u010dn\u00e9 miesto v tomto impozantnom stojane na v\u00edno. M\u00f4\u017eete sem po\u013eahky ulo\u017ei\u0165 a\u017e 16 flia\u0161 a aj ich prezent\u00e1cia bude \u0161t\u00fdlov\u00e1. Nad priehradkami na f\u013ea\u0161e je tie\u017e mal\u00e1 z\u00e1suvka s \u00fachytkou v tvare gomb\u00edka. V nej je mo\u017en\u00e9 ulo\u017ei\u0165 doplnky, ako s\u00fa v\u00fdvrtky, podlo\u017eky a podobn\u00e9 predmety. Recyklovan\u00e9 teakov\u00e9 drevo dod\u00e1va vinot\u00e9ke \u00fatuln\u00fd a elegantn\u00fd charakter. Kr\u00e1sne dopln\u00ed vidiecky \u0161t\u00fdl, no aj industri\u00e1lny. Alebo vinot\u00e9ku umiestnite na chalupu?<\/p>\n<p><strong>\u010eal\u0161ie inform\u00e1cie:<br \/>\n<\/strong>Teakov\u00e9 drevo je jedno z najodolnej\u0161\u00edch a preto v\u00e1m bude u\u017eito\u0107ne sl\u00fa\u017ai\u0165 aj nieko\u013eko rokov bez rozdielu vzh\u013eadu.<\/p>\n<p><b>Rozmery<\/b> (cca):<br \/>\n<strong>\u0160\u00edrka:<\/strong> 56cm<br \/>\n<strong>V\u00fd\u0161ka:<\/strong>\u00a081cm<br \/>\n<strong>H\u013abka:<\/strong>\u00a031cm<\/p>\n<p><strong>Z\u00e1suvka:<\/strong> 42cm x 10cm x 22cm (\u0160xVxH)<br \/>\n<strong>Priehradky na f\u013ea\u0161e:<\/strong> 16x 10cm x 10cm x 28cm (\u0160xVxH)<\/p>\n<p><b>Farba:<\/b> pr\u00edrodn\u00e1<br \/>\n<b>Materi\u00e1l:<\/b> recyklovan\u00e9 teakov\u00e9 drevo<\/p>\n","protected":false},"excerpt":{"rendered":"<p>Vinot\u00e9ka Hemingway z recyklovan\u00e9ho dreva \u00bb V\u0161eobecn\u00fd popis: V\u0161etky va\u0161e ob\u013e\u00faben\u00e9 v\u00edna si n\u00e1jdu bezpe\u010dn\u00e9 miesto v tomto impozantnom stojane na v\u00edno. M\u00f4\u017eete sem po\u013eahky ulo\u017ei\u0165 a\u017e 16 flia\u0161 a<\/p>\n","protected":false},"featured_media":131611,"comment_status":"closed","ping_status":"closed","template":"","meta":[],"product_cat":[293,286,772,296],"product_tag":[261],"yoast_head":"<!-- This site is optimized with the Yoast SEO plugin v22.1 - https:\/\/yoast.com\/wordpress\/plugins\/seo\/ -->\n<title>Vinot\u00e9ka Hemingway z recyklovan\u00e9ho dreva \u00bb &#187; iKuchyne iSHOP s n\u00e1bytkom<\/title>\n<meta name=\"description\" content=\"K\u00fapte si u n\u00e1s Vinot\u00e9ka Hemingway z recyklovan\u00e9ho dreva \u00bb za akciov\u00fa cenu. R\u00fdchle dodanie tovaru, odborn\u00e9 poradenstvo a stovky produktov skladom. Vinot\u00e9ka Hemingway z recyklovan\u00e9ho dreva \u00bb sa stane dominantou V\u00e1\u0161ho interi\u00e9ru. Internetov\u00fd obchod ikuchyne! pon\u00faka odber Vinot\u00e9ka Hemingway z recyklovan\u00e9ho dreva \u00bb u\u017e od 1 kusu.\" \/>\n<meta name=\"robots\" content=\"index, follow, max-snippet:-1, max-image-preview:large, max-video-preview:-1\" \/>\n<link rel=\"canonical\" href=\"https:\/\/www.ikuchyne.sk\/eshop\/produkt\/vinoteka-hemingway-z-recyklovaneho-dreva\/\" \/>\n<meta property=\"og:locale\" content=\"sk_SK\" \/>\n<meta property=\"og:type\" content=\"article\" \/>\n<meta property=\"og:title\" content=\"Vinot\u00e9ka Hemingway z recyklovan\u00e9ho dreva \u00bb &#187; iKuchyne iSHOP s n\u00e1bytkom\" \/>\n<meta property=\"og:description\" content=\"K\u00fapte si u n\u00e1s Vinot\u00e9ka Hemingway z recyklovan\u00e9ho dreva \u00bb za akciov\u00fa cenu. R\u00fdchle dodanie tovaru, odborn\u00e9 poradenstvo a stovky produktov skladom. Vinot\u00e9ka Hemingway z recyklovan\u00e9ho dreva \u00bb sa stane dominantou V\u00e1\u0161ho interi\u00e9ru. Internetov\u00fd obchod ikuchyne! pon\u00faka odber Vinot\u00e9ka Hemingway z recyklovan\u00e9ho dreva \u00bb u\u017e od 1 kusu.\" \/>\n<meta property=\"og:url\" content=\"https:\/\/www.ikuchyne.sk\/eshop\/produkt\/vinoteka-hemingway-z-recyklovaneho-dreva\/\" \/>\n<meta property=\"og:site_name\" content=\"iKuchyne iSHOP s n\u00e1bytkom\" \/>\n<meta property=\"article:publisher\" content=\"https:\/\/www.facebook.com\/ikuchyne\/\" \/>\n<meta property=\"article:modified_time\" content=\"2024-02-20T22:59:05+00:00\" \/>\n<meta property=\"og:image\" content=\"https:\/\/www.ikuchyne.sk\/eshop\/wp-content\/uploads\/2020\/08\/Weinschrank-Hemingway-recyklovan\u00e9-drevo-40312.jpg\" \/>\n\t<meta property=\"og:image:width\" content=\"800\" \/>\n\t<meta property=\"og:image:height\" content=\"533\" \/>\n\t<meta property=\"og:image:type\" content=\"image\/jpeg\" \/>\n<meta name=\"twitter:card\" content=\"summary_large_image\" \/>\n<meta name=\"twitter:label1\" content=\"Predpokladan\u00fd \u010das \u010d\u00edtania\" \/>\n\t<meta name=\"twitter:data1\" content=\"1 min\u00fata\" \/>\n<script type=\"application\/ld+json\" class=\"yoast-schema-graph\">{\"@context\":\"https:\/\/schema.org\",\"@graph\":[{\"@type\":\"WebPage\",\"@id\":\"https:\/\/www.ikuchyne.sk\/eshop\/produkt\/vinoteka-hemingway-z-recyklovaneho-dreva\/\",\"url\":\"https:\/\/www.ikuchyne.sk\/eshop\/produkt\/vinoteka-hemingway-z-recyklovaneho-dreva\/\",\"name\":\"Vinot\u00e9ka Hemingway z recyklovan\u00e9ho dreva \u00bb &#187; iKuchyne iSHOP s n\u00e1bytkom\",\"isPartOf\":{\"@id\":\"https:\/\/www.ikuchyne.sk\/eshop\/#website\"},\"datePublished\":\"2020-08-07T10:43:12+00:00\",\"dateModified\":\"2024-02-20T22:59:05+00:00\",\"description\":\"K\u00fapte si u n\u00e1s Vinot\u00e9ka Hemingway z recyklovan\u00e9ho dreva \u00bb za akciov\u00fa cenu. R\u00fdchle dodanie tovaru, odborn\u00e9 poradenstvo a stovky produktov skladom. Vinot\u00e9ka Hemingway z recyklovan\u00e9ho dreva \u00bb sa stane dominantou V\u00e1\u0161ho interi\u00e9ru. Internetov\u00fd obchod ikuchyne! pon\u00faka odber Vinot\u00e9ka Hemingway z recyklovan\u00e9ho dreva \u00bb u\u017e od 1 kusu.\",\"breadcrumb\":{\"@id\":\"https:\/\/www.ikuchyne.sk\/eshop\/produkt\/vinoteka-hemingway-z-recyklovaneho-dreva\/#breadcrumb\"},\"inLanguage\":\"sk-SK\",\"potentialAction\":[{\"@type\":\"ReadAction\",\"target\":[\"https:\/\/www.ikuchyne.sk\/eshop\/produkt\/vinoteka-hemingway-z-recyklovaneho-dreva\/\"]}]},{\"@type\":\"BreadcrumbList\",\"@id\":\"https:\/\/www.ikuchyne.sk\/eshop\/produkt\/vinoteka-hemingway-z-recyklovaneho-dreva\/#breadcrumb\",\"itemListElement\":[{\"@type\":\"ListItem\",\"position\":1,\"name\":\"Home\",\"item\":\"https:\/\/www.ikuchyne.sk\/eshop\/\"},{\"@type\":\"ListItem\",\"position\":2,\"name\":\"Obchod\",\"item\":\"https:\/\/www.ikuchyne.sk\/eshop\/obchod\/\"},{\"@type\":\"ListItem\",\"position\":3,\"name\":\"Vinot\u00e9ka Hemingway z recyklovan\u00e9ho dreva \u00bb\"}]},{\"@type\":\"WebSite\",\"@id\":\"https:\/\/www.ikuchyne.sk\/eshop\/#website\",\"url\":\"https:\/\/www.ikuchyne.sk\/eshop\/\",\"name\":\"iKuchyne iSHOP s n\u00e1bytkom\",\"description\":\"Jed\u00e1lensk\u00e9 stoly, stoli\u010dky, n\u00e1bytok, svietidl\u00e1...\",\"publisher\":{\"@id\":\"https:\/\/www.ikuchyne.sk\/eshop\/#organization\"},\"potentialAction\":[{\"@type\":\"SearchAction\",\"target\":{\"@type\":\"EntryPoint\",\"urlTemplate\":\"https:\/\/www.ikuchyne.sk\/eshop\/?s={search_term_string}\"},\"query-input\":\"required name=search_term_string\"}],\"inLanguage\":\"sk-SK\"},{\"@type\":\"Organization\",\"@id\":\"https:\/\/www.ikuchyne.sk\/eshop\/#organization\",\"name\":\"ikuchyne!\",\"url\":\"https:\/\/www.ikuchyne.sk\/eshop\/\",\"logo\":{\"@type\":\"ImageObject\",\"inLanguage\":\"sk-SK\",\"@id\":\"https:\/\/www.ikuchyne.sk\/eshop\/#\/schema\/logo\/image\/\",\"url\":\"https:\/\/www.ikuchyne.sk\/eshop\/wp-content\/uploads\/2017\/04\/ikuchyne-logo.jpg\",\"contentUrl\":\"https:\/\/www.ikuchyne.sk\/eshop\/wp-content\/uploads\/2017\/04\/ikuchyne-logo.jpg\",\"width\":200,\"height\":48,\"caption\":\"ikuchyne!\"},\"image\":{\"@id\":\"https:\/\/www.ikuchyne.sk\/eshop\/#\/schema\/logo\/image\/\"},\"sameAs\":[\"https:\/\/www.facebook.com\/ikuchyne\/\",\"https:\/\/www.instagram.com\/ikuchyne.sk\/\",\"https:\/\/sk.pinterest.com\/ikuchynesk\/\"]}]}<\/script>\n<!-- \/ Yoast SEO plugin. -->","yoast_head_json":{"title":"Vinot\u00e9ka Hemingway z recyklovan\u00e9ho dreva \u00bb &#187; iKuchyne iSHOP s n\u00e1bytkom","description":"K\u00fapte si u n\u00e1s Vinot\u00e9ka Hemingway z recyklovan\u00e9ho dreva \u00bb za akciov\u00fa cenu. R\u00fdchle dodanie tovaru, odborn\u00e9 poradenstvo a stovky produktov skladom. Vinot\u00e9ka Hemingway z recyklovan\u00e9ho dreva \u00bb sa stane dominantou V\u00e1\u0161ho interi\u00e9ru. Internetov\u00fd obchod ikuchyne! pon\u00faka odber Vinot\u00e9ka Hemingway z recyklovan\u00e9ho dreva \u00bb u\u017e od 1 kusu.","robots":{"index":"index","follow":"follow","max-snippet":"max-snippet:-1","max-image-preview":"max-image-preview:large","max-video-preview":"max-video-preview:-1"},"canonical":"https:\/\/www.ikuchyne.sk\/eshop\/produkt\/vinoteka-hemingway-z-recyklovaneho-dreva\/","og_locale":"sk_SK","og_type":"article","og_title":"Vinot\u00e9ka Hemingway z recyklovan\u00e9ho dreva \u00bb &#187; iKuchyne iSHOP s n\u00e1bytkom","og_description":"K\u00fapte si u n\u00e1s Vinot\u00e9ka Hemingway z recyklovan\u00e9ho dreva \u00bb za akciov\u00fa cenu. R\u00fdchle dodanie tovaru, odborn\u00e9 poradenstvo a stovky produktov skladom. Vinot\u00e9ka Hemingway z recyklovan\u00e9ho dreva \u00bb sa stane dominantou V\u00e1\u0161ho interi\u00e9ru. Internetov\u00fd obchod ikuchyne! pon\u00faka odber Vinot\u00e9ka Hemingway z recyklovan\u00e9ho dreva \u00bb u\u017e od 1 kusu.","og_url":"https:\/\/www.ikuchyne.sk\/eshop\/produkt\/vinoteka-hemingway-z-recyklovaneho-dreva\/","og_site_name":"iKuchyne iSHOP s n\u00e1bytkom","article_publisher":"https:\/\/www.facebook.com\/ikuchyne\/","article_modified_time":"2024-02-20T22:59:05+00:00","og_image":[{"width":800,"height":533,"url":"https:\/\/www.ikuchyne.sk\/eshop\/wp-content\/uploads\/2020\/08\/Weinschrank-Hemingway-recyklovan\u00e9-drevo-40312.jpg","type":"image\/jpeg"}],"twitter_card":"summary_large_image","twitter_misc":{"Predpokladan\u00fd \u010das \u010d\u00edtania":"1 min\u00fata"},"schema":{"@context":"https:\/\/schema.org","@graph":[{"@type":"WebPage","@id":"https:\/\/www.ikuchyne.sk\/eshop\/produkt\/vinoteka-hemingway-z-recyklovaneho-dreva\/","url":"https:\/\/www.ikuchyne.sk\/eshop\/produkt\/vinoteka-hemingway-z-recyklovaneho-dreva\/","name":"Vinot\u00e9ka Hemingway z recyklovan\u00e9ho dreva \u00bb &#187; iKuchyne iSHOP s n\u00e1bytkom","isPartOf":{"@id":"https:\/\/www.ikuchyne.sk\/eshop\/#website"},"datePublished":"2020-08-07T10:43:12+00:00","dateModified":"2024-02-20T22:59:05+00:00","description":"K\u00fapte si u n\u00e1s Vinot\u00e9ka Hemingway z recyklovan\u00e9ho dreva \u00bb za akciov\u00fa cenu. R\u00fdchle dodanie tovaru, odborn\u00e9 poradenstvo a stovky produktov skladom. Vinot\u00e9ka Hemingway z recyklovan\u00e9ho dreva \u00bb sa stane dominantou V\u00e1\u0161ho interi\u00e9ru. Internetov\u00fd obchod ikuchyne! pon\u00faka odber Vinot\u00e9ka Hemingway z recyklovan\u00e9ho dreva \u00bb u\u017e od 1 kusu.","breadcrumb":{"@id":"https:\/\/www.ikuchyne.sk\/eshop\/produkt\/vinoteka-hemingway-z-recyklovaneho-dreva\/#breadcrumb"},"inLanguage":"sk-SK","potentialAction":[{"@type":"ReadAction","target":["https:\/\/www.ikuchyne.sk\/eshop\/produkt\/vinoteka-hemingway-z-recyklovaneho-dreva\/"]}]},{"@type":"BreadcrumbList","@id":"https:\/\/www.ikuchyne.sk\/eshop\/produkt\/vinoteka-hemingway-z-recyklovaneho-dreva\/#breadcrumb","itemListElement":[{"@type":"ListItem","position":1,"name":"Home","item":"https:\/\/www.ikuchyne.sk\/eshop\/"},{"@type":"ListItem","position":2,"name":"Obchod","item":"https:\/\/www.ikuchyne.sk\/eshop\/obchod\/"},{"@type":"ListItem","position":3,"name":"Vinot\u00e9ka Hemingway z recyklovan\u00e9ho dreva \u00bb"}]},{"@type":"WebSite","@id":"https:\/\/www.ikuchyne.sk\/eshop\/#website","url":"https:\/\/www.ikuchyne.sk\/eshop\/","name":"iKuchyne iSHOP s n\u00e1bytkom","description":"Jed\u00e1lensk\u00e9 stoly, stoli\u010dky, n\u00e1bytok, svietidl\u00e1...","publisher":{"@id":"https:\/\/www.ikuchyne.sk\/eshop\/#organization"},"potentialAction":[{"@type":"SearchAction","target":{"@type":"EntryPoint","urlTemplate":"https:\/\/www.ikuchyne.sk\/eshop\/?s={search_term_string}"},"query-input":"required name=search_term_string"}],"inLanguage":"sk-SK"},{"@type":"Organization","@id":"https:\/\/www.ikuchyne.sk\/eshop\/#organization","name":"ikuchyne!","url":"https:\/\/www.ikuchyne.sk\/eshop\/","logo":{"@type":"ImageObject","inLanguage":"sk-SK","@id":"https:\/\/www.ikuchyne.sk\/eshop\/#\/schema\/logo\/image\/","url":"https:\/\/www.ikuchyne.sk\/eshop\/wp-content\/uploads\/2017\/04\/ikuchyne-logo.jpg","contentUrl":"https:\/\/www.ikuchyne.sk\/eshop\/wp-content\/uploads\/2017\/04\/ikuchyne-logo.jpg","width":200,"height":48,"caption":"ikuchyne!"},"image":{"@id":"https:\/\/www.ikuchyne.sk\/eshop\/#\/schema\/logo\/image\/"},"sameAs":["https:\/\/www.facebook.com\/ikuchyne\/","https:\/\/www.instagram.com\/ikuchyne.sk\/","https:\/\/sk.pinterest.com\/ikuchynesk\/"]}]}},"_links":{"self":[{"href":"https:\/\/www.ikuchyne.sk\/eshop\/wp-json\/wp\/v2\/product\/131610"}],"collection":[{"href":"https:\/\/www.ikuchyne.sk\/eshop\/wp-json\/wp\/v2\/product"}],"about":[{"href":"https:\/\/www.ikuchyne.sk\/eshop\/wp-json\/wp\/v2\/types\/product"}],"replies":[{"embeddable":true,"href":"https:\/\/www.ikuchyne.sk\/eshop\/wp-json\/wp\/v2\/comments?post=131610"}],"wp:featuredmedia":[{"embeddable":true,"href":"https:\/\/www.ikuchyne.sk\/eshop\/wp-json\/wp\/v2\/media\/131611"}],"wp:attachment":[{"href":"https:\/\/www.ikuchyne.sk\/eshop\/wp-json\/wp\/v2\/media?parent=131610"}],"wp:term":[{"taxonomy":"product_cat","embeddable":true,"href":"https:\/\/www.ikuchyne.sk\/eshop\/wp-json\/wp\/v2\/product_cat?post=131610"},{"taxonomy":"product_tag","embeddable":true,"href":"https:\/\/www.ikuchyne.sk\/eshop\/wp-json\/wp\/v2\/product_tag?post=131610"}],"curies":[{"name":"wp","href":"https:\/\/api.w.org\/{rel}","templated":true}]}}