{"id":132903,"date":"2021-03-02T14:54:32","date_gmt":"2021-03-02T13:54:32","guid":{"rendered":"https:\/\/www.ikuchyne.sk\/eshop\/?post_type=product&#038;p=132903"},"modified":"2021-04-13T04:41:42","modified_gmt":"2021-04-13T02:41:42","slug":"konferencny-stolik-loft-set-3ks-dub-optik-cierny","status":"publish","type":"product","link":"https:\/\/www.ikuchyne.sk\/eshop\/produkt\/konferencny-stolik-loft-set-3ks-dub-optik-cierny\/","title":{"rendered":"Konferen\u010dn\u00fd stol\u00edk Loft set 3ks dub-Optik \u010dierny \u00bb"},"content":{"rendered":"<h1>Konferen\u010dn\u00fd stol\u00edk Loft set 3ks dub-Optik \u010dierny \u00bb<\/h1>\n<h4><strong>V\u0161eobecn\u00fd popis:<\/strong><\/h4>\n<p>V\u0161estrann\u00fd konferen\u010dn\u00fd stol\u00edk Loft set 3ks dub-Optik \u010dierny, pozost\u00e1vaj\u00faci z troch stolov. \u010cierne stolov\u00e9 dosky s\u00fa tie\u017e odn\u00edmate\u013en\u00fdmi podnosmi. Stol\u00edky je mo\u017en\u00e9 z d\u00f4vodu \u00faspory miesta pos\u00fava\u0165 jeden do druh\u00e9ho. Te\u0161te sa na nov\u00fd p\u00fata\u010d o\u010d\u00ed vo svojej ob\u00fdvacej izbe!<\/p>\n<p>Jeden konferen\u010dn\u00fd stol\u00edk &#8211; nespo\u010detn\u00e9 mno\u017estvo mo\u017enost\u00ed. Radi znova a znova prer\u00e1bate svoj interi\u00e9r a rad\u0161ej ho obmie\u0148ate ka\u017ed\u00fd t\u00fd\u017ede\u0148? Potom m\u00f4\u017ee by\u0165 n\u00e1\u0161 konferen\u010dn\u00fd stol\u00edk LOFT pr\u00e1ve pre v\u00e1s. Sada sa sklad\u00e1 z troch konferen\u010dn\u00fdch stol\u00edkov, ktor\u00e9 boli navrhnut\u00e9 v kombin\u00e1cii vzh\u013eadu dubu a \u010diernych prvkov. Vzh\u013ead v\u0161estranne nastavite\u013en\u00fdch stolov je absol\u00fatne nad\u010dasov\u00fd a n\u00e1dherne \u013eahko kombinovate\u013en\u00fd &#8211; vysk\u00fa\u0161ajte to na vlastnej ko\u017ei!<\/p>\n<p>Konferen\u010dn\u00fd stol\u00edk a podnos v jednom. \u0160peci\u00e1lne vlastnosti stol\u00edkov sa v\u0161ak prejavia a\u017e na druh\u00fd poh\u013ead. Dva \u010dierne povrchy vyroben\u00e9 z kovu sa daj\u00fa \u013eahko odstr\u00e1ni\u0165 a pou\u017ei\u0165 ako \u0161t\u00fdlov\u00fd podnos. Dva mal\u00e9 pr\u00edru\u010dn\u00e9 stol\u00edky je mo\u017en\u00e9 navy\u0161e ulo\u017ei\u0165 pod ve\u013ek\u00fd st\u00f4l, aby ste u\u0161etrili miesto, ak potrebujete viac miesta v ob\u00fdvacej izbe.<\/p>\n<h4><strong>Detaily produktu:<\/strong><\/h4>\n<p>M\u00e1loktor\u00fd trend je v s\u00fa\u010dasnosti tak\u00fd popul\u00e1rny ako \u00faspe\u0161n\u00e1 kombin\u00e1cia dreven\u00fdch prvkov a \u010dierneho kovu. \u010ci u\u017e pr\u00edborn\u00edk, jed\u00e1lensk\u00fd st\u00f4l alebo komoda: \u010dierny kov a pr\u00edrodn\u00e9 drevo spolu vyzeraj\u00fa u\u0161\u013eachtil\u00e9 a v\u017edy dodaj\u00fa va\u0161ej atmosf\u00e9re trochu retro a industri\u00e1lneho vkusu. Max. nosnos\u0165 stol\u00edkov je 40 kg. Vhodn\u00e9 bytov\u00e9 doplnky len zd\u00f4raznia industri\u00e1lny\u00a0 vzh\u013ead. Pora\u010fte sa s na\u0161imi odborn\u00edkmi, ktor\u00ed v\u00e1m ochotne pom\u00f4\u017eu pri v\u00fdbere spr\u00e1vnych doplnkov do va\u0161ej dom\u00e1cnosti.<\/p>\n<p><strong>Rozmery (cca):<\/strong><br \/>\nVe\u013ek\u00fd st\u00f4l: 120cm x 45cm x 50cm (\u0160xVxH)<br \/>\nMal\u00e9 stol\u00edky: 50cm x 38cm x 45cm (\u0160xVxH)<br \/>\n<b><br \/>\nFarba:\u00a0<\/b>pr\u00edrodn\u00fd dub, \u010dierna<br \/>\n<b>Materi\u00e1l:<br \/>\n<\/b>Doska stola: MDF, f\u00f3lia<br \/>\nTablety: kov<br \/>\nR\u00e1m: kov<\/p>\n<p>Mo\u017eno pou\u017ei\u0165 aj ako pr\u00edru\u010dn\u00fd stol\u00edk.<\/p>\n<p>Dodato\u010dn\u00e9 inform\u00e1cie:<\/p>\n<p>V pr\u00edpade z\u00e1ujmu o in\u00e9 stoly ako toaletn\u00e9, p\u00edsacie, konferen\u010dn\u00e9 stol\u00edky \u010di jed\u00e1lensk\u00e9 stoly, nav\u0161t\u00edvte sekciu stoly na <a href=\"https:\/\/www.ikuchyne.sk\/eshop\/kategoria\/stoly\/\">www.ikuchyne.sk\/eshop<\/a><br \/>\nV pr\u00edpade z\u00e1ujmu o n\u00e1bytok na mieru n\u00e1s kontaktuje na <a href=\"http:\/\/www.ikuchyne.sk\">www.ikuchyne.sk<\/a><\/p>\n","protected":false},"excerpt":{"rendered":"<p>Konferen\u010dn\u00fd stol\u00edk Loft set 3ks dub-Optik \u010dierny \u00bb V\u0161eobecn\u00fd popis: V\u0161estrann\u00fd konferen\u010dn\u00fd stol\u00edk Loft set 3ks dub-Optik \u010dierny, pozost\u00e1vaj\u00faci z troch stolov. \u010cierne stolov\u00e9 dosky s\u00fa tie\u017e odn\u00edmate\u013en\u00fdmi podnosmi. Stol\u00edky<\/p>\n","protected":false},"featured_media":132904,"comment_status":"closed","ping_status":"closed","template":"","meta":[],"product_cat":[832,834,842,304,837,839,836,772,590,287,588],"product_tag":[187,736],"yoast_head":"<!-- This site is optimized with the Yoast SEO plugin v22.1 - https:\/\/yoast.com\/wordpress\/plugins\/seo\/ -->\n<title>Konferen\u010dn\u00fd stol\u00edk Loft set 3ks dub-Optik &#187; iKuchyne iSHOP s n\u00e1bytkom<\/title>\n<meta name=\"description\" content=\"Konferen\u010dn\u00fd stol\u00edk Loft set 3ks dub-Optik \u010dierny \u00bb - r\u00fdchle dodanie, poradenstvo, n\u00e1bytok skladom v Bratislave s ikuchyne.sk\" \/>\n<meta name=\"robots\" content=\"index, follow, max-snippet:-1, max-image-preview:large, max-video-preview:-1\" \/>\n<link rel=\"canonical\" href=\"https:\/\/www.ikuchyne.sk\/eshop\/produkt\/konferencny-stolik-loft-set-3ks-dub-optik-cierny\/\" \/>\n<meta property=\"og:locale\" content=\"sk_SK\" \/>\n<meta property=\"og:type\" content=\"article\" \/>\n<meta property=\"og:title\" content=\"Konferen\u010dn\u00fd stol\u00edk Loft set 3ks dub-Optik &#187; iKuchyne iSHOP s n\u00e1bytkom\" \/>\n<meta property=\"og:description\" content=\"Konferen\u010dn\u00fd stol\u00edk Loft set 3ks dub-Optik \u010dierny \u00bb - r\u00fdchle dodanie, poradenstvo, n\u00e1bytok skladom v Bratislave s ikuchyne.sk\" \/>\n<meta property=\"og:url\" content=\"https:\/\/www.ikuchyne.sk\/eshop\/produkt\/konferencny-stolik-loft-set-3ks-dub-optik-cierny\/\" \/>\n<meta property=\"og:site_name\" content=\"iKuchyne iSHOP s n\u00e1bytkom\" \/>\n<meta property=\"article:publisher\" content=\"https:\/\/www.facebook.com\/ikuchyne\/\" \/>\n<meta property=\"article:modified_time\" content=\"2021-04-13T02:41:42+00:00\" \/>\n<meta property=\"og:image\" content=\"https:\/\/www.ikuchyne.sk\/eshop\/wp-content\/uploads\/2020\/10\/Konferen\u010dn\u00fd-stol\u00edk-Loft-set-3ks-dub-Optik-\u010dierna-40623.jpg\" \/>\n\t<meta property=\"og:image:width\" content=\"800\" \/>\n\t<meta property=\"og:image:height\" content=\"533\" \/>\n\t<meta property=\"og:image:type\" content=\"image\/jpeg\" \/>\n<meta name=\"twitter:card\" content=\"summary_large_image\" \/>\n<meta name=\"twitter:label1\" content=\"Predpokladan\u00fd \u010das \u010d\u00edtania\" \/>\n\t<meta name=\"twitter:data1\" content=\"2 min\u00faty\" \/>\n<script type=\"application\/ld+json\" class=\"yoast-schema-graph\">{\"@context\":\"https:\/\/schema.org\",\"@graph\":[{\"@type\":\"WebPage\",\"@id\":\"https:\/\/www.ikuchyne.sk\/eshop\/produkt\/konferencny-stolik-loft-set-3ks-dub-optik-cierny\/\",\"url\":\"https:\/\/www.ikuchyne.sk\/eshop\/produkt\/konferencny-stolik-loft-set-3ks-dub-optik-cierny\/\",\"name\":\"Konferen\u010dn\u00fd stol\u00edk Loft set 3ks dub-Optik &#187; iKuchyne iSHOP s n\u00e1bytkom\",\"isPartOf\":{\"@id\":\"https:\/\/www.ikuchyne.sk\/eshop\/#website\"},\"datePublished\":\"2021-03-02T13:54:32+00:00\",\"dateModified\":\"2021-04-13T02:41:42+00:00\",\"description\":\"Konferen\u010dn\u00fd stol\u00edk Loft set 3ks dub-Optik \u010dierny \u00bb - r\u00fdchle dodanie, poradenstvo, n\u00e1bytok skladom v Bratislave s ikuchyne.sk\",\"breadcrumb\":{\"@id\":\"https:\/\/www.ikuchyne.sk\/eshop\/produkt\/konferencny-stolik-loft-set-3ks-dub-optik-cierny\/#breadcrumb\"},\"inLanguage\":\"sk-SK\",\"potentialAction\":[{\"@type\":\"ReadAction\",\"target\":[\"https:\/\/www.ikuchyne.sk\/eshop\/produkt\/konferencny-stolik-loft-set-3ks-dub-optik-cierny\/\"]}]},{\"@type\":\"BreadcrumbList\",\"@id\":\"https:\/\/www.ikuchyne.sk\/eshop\/produkt\/konferencny-stolik-loft-set-3ks-dub-optik-cierny\/#breadcrumb\",\"itemListElement\":[{\"@type\":\"ListItem\",\"position\":1,\"name\":\"Home\",\"item\":\"https:\/\/www.ikuchyne.sk\/eshop\/\"},{\"@type\":\"ListItem\",\"position\":2,\"name\":\"Obchod\",\"item\":\"https:\/\/www.ikuchyne.sk\/eshop\/obchod\/\"},{\"@type\":\"ListItem\",\"position\":3,\"name\":\"Konferen\u010dn\u00fd stol\u00edk Loft set 3ks dub-Optik \u010dierny \u00bb\"}]},{\"@type\":\"WebSite\",\"@id\":\"https:\/\/www.ikuchyne.sk\/eshop\/#website\",\"url\":\"https:\/\/www.ikuchyne.sk\/eshop\/\",\"name\":\"iKuchyne iSHOP s n\u00e1bytkom\",\"description\":\"Jed\u00e1lensk\u00e9 stoly, stoli\u010dky, n\u00e1bytok, svietidl\u00e1...\",\"publisher\":{\"@id\":\"https:\/\/www.ikuchyne.sk\/eshop\/#organization\"},\"potentialAction\":[{\"@type\":\"SearchAction\",\"target\":{\"@type\":\"EntryPoint\",\"urlTemplate\":\"https:\/\/www.ikuchyne.sk\/eshop\/?s={search_term_string}\"},\"query-input\":\"required name=search_term_string\"}],\"inLanguage\":\"sk-SK\"},{\"@type\":\"Organization\",\"@id\":\"https:\/\/www.ikuchyne.sk\/eshop\/#organization\",\"name\":\"ikuchyne!\",\"url\":\"https:\/\/www.ikuchyne.sk\/eshop\/\",\"logo\":{\"@type\":\"ImageObject\",\"inLanguage\":\"sk-SK\",\"@id\":\"https:\/\/www.ikuchyne.sk\/eshop\/#\/schema\/logo\/image\/\",\"url\":\"https:\/\/www.ikuchyne.sk\/eshop\/wp-content\/uploads\/2017\/04\/ikuchyne-logo.jpg\",\"contentUrl\":\"https:\/\/www.ikuchyne.sk\/eshop\/wp-content\/uploads\/2017\/04\/ikuchyne-logo.jpg\",\"width\":200,\"height\":48,\"caption\":\"ikuchyne!\"},\"image\":{\"@id\":\"https:\/\/www.ikuchyne.sk\/eshop\/#\/schema\/logo\/image\/\"},\"sameAs\":[\"https:\/\/www.facebook.com\/ikuchyne\/\",\"https:\/\/www.instagram.com\/ikuchyne.sk\/\",\"https:\/\/sk.pinterest.com\/ikuchynesk\/\"]}]}<\/script>\n<!-- \/ Yoast SEO plugin. -->","yoast_head_json":{"title":"Konferen\u010dn\u00fd stol\u00edk Loft set 3ks dub-Optik &#187; iKuchyne iSHOP s n\u00e1bytkom","description":"Konferen\u010dn\u00fd stol\u00edk Loft set 3ks dub-Optik \u010dierny \u00bb - r\u00fdchle dodanie, poradenstvo, n\u00e1bytok skladom v Bratislave s ikuchyne.sk","robots":{"index":"index","follow":"follow","max-snippet":"max-snippet:-1","max-image-preview":"max-image-preview:large","max-video-preview":"max-video-preview:-1"},"canonical":"https:\/\/www.ikuchyne.sk\/eshop\/produkt\/konferencny-stolik-loft-set-3ks-dub-optik-cierny\/","og_locale":"sk_SK","og_type":"article","og_title":"Konferen\u010dn\u00fd stol\u00edk Loft set 3ks dub-Optik &#187; iKuchyne iSHOP s n\u00e1bytkom","og_description":"Konferen\u010dn\u00fd stol\u00edk Loft set 3ks dub-Optik \u010dierny \u00bb - r\u00fdchle dodanie, poradenstvo, n\u00e1bytok skladom v Bratislave s ikuchyne.sk","og_url":"https:\/\/www.ikuchyne.sk\/eshop\/produkt\/konferencny-stolik-loft-set-3ks-dub-optik-cierny\/","og_site_name":"iKuchyne iSHOP s n\u00e1bytkom","article_publisher":"https:\/\/www.facebook.com\/ikuchyne\/","article_modified_time":"2021-04-13T02:41:42+00:00","og_image":[{"width":800,"height":533,"url":"https:\/\/www.ikuchyne.sk\/eshop\/wp-content\/uploads\/2020\/10\/Konferen\u010dn\u00fd-stol\u00edk-Loft-set-3ks-dub-Optik-\u010dierna-40623.jpg","type":"image\/jpeg"}],"twitter_card":"summary_large_image","twitter_misc":{"Predpokladan\u00fd \u010das \u010d\u00edtania":"2 min\u00faty"},"schema":{"@context":"https:\/\/schema.org","@graph":[{"@type":"WebPage","@id":"https:\/\/www.ikuchyne.sk\/eshop\/produkt\/konferencny-stolik-loft-set-3ks-dub-optik-cierny\/","url":"https:\/\/www.ikuchyne.sk\/eshop\/produkt\/konferencny-stolik-loft-set-3ks-dub-optik-cierny\/","name":"Konferen\u010dn\u00fd stol\u00edk Loft set 3ks dub-Optik &#187; iKuchyne iSHOP s n\u00e1bytkom","isPartOf":{"@id":"https:\/\/www.ikuchyne.sk\/eshop\/#website"},"datePublished":"2021-03-02T13:54:32+00:00","dateModified":"2021-04-13T02:41:42+00:00","description":"Konferen\u010dn\u00fd stol\u00edk Loft set 3ks dub-Optik \u010dierny \u00bb - r\u00fdchle dodanie, poradenstvo, n\u00e1bytok skladom v Bratislave s ikuchyne.sk","breadcrumb":{"@id":"https:\/\/www.ikuchyne.sk\/eshop\/produkt\/konferencny-stolik-loft-set-3ks-dub-optik-cierny\/#breadcrumb"},"inLanguage":"sk-SK","potentialAction":[{"@type":"ReadAction","target":["https:\/\/www.ikuchyne.sk\/eshop\/produkt\/konferencny-stolik-loft-set-3ks-dub-optik-cierny\/"]}]},{"@type":"BreadcrumbList","@id":"https:\/\/www.ikuchyne.sk\/eshop\/produkt\/konferencny-stolik-loft-set-3ks-dub-optik-cierny\/#breadcrumb","itemListElement":[{"@type":"ListItem","position":1,"name":"Home","item":"https:\/\/www.ikuchyne.sk\/eshop\/"},{"@type":"ListItem","position":2,"name":"Obchod","item":"https:\/\/www.ikuchyne.sk\/eshop\/obchod\/"},{"@type":"ListItem","position":3,"name":"Konferen\u010dn\u00fd stol\u00edk Loft set 3ks dub-Optik \u010dierny \u00bb"}]},{"@type":"WebSite","@id":"https:\/\/www.ikuchyne.sk\/eshop\/#website","url":"https:\/\/www.ikuchyne.sk\/eshop\/","name":"iKuchyne iSHOP s n\u00e1bytkom","description":"Jed\u00e1lensk\u00e9 stoly, stoli\u010dky, n\u00e1bytok, svietidl\u00e1...","publisher":{"@id":"https:\/\/www.ikuchyne.sk\/eshop\/#organization"},"potentialAction":[{"@type":"SearchAction","target":{"@type":"EntryPoint","urlTemplate":"https:\/\/www.ikuchyne.sk\/eshop\/?s={search_term_string}"},"query-input":"required name=search_term_string"}],"inLanguage":"sk-SK"},{"@type":"Organization","@id":"https:\/\/www.ikuchyne.sk\/eshop\/#organization","name":"ikuchyne!","url":"https:\/\/www.ikuchyne.sk\/eshop\/","logo":{"@type":"ImageObject","inLanguage":"sk-SK","@id":"https:\/\/www.ikuchyne.sk\/eshop\/#\/schema\/logo\/image\/","url":"https:\/\/www.ikuchyne.sk\/eshop\/wp-content\/uploads\/2017\/04\/ikuchyne-logo.jpg","contentUrl":"https:\/\/www.ikuchyne.sk\/eshop\/wp-content\/uploads\/2017\/04\/ikuchyne-logo.jpg","width":200,"height":48,"caption":"ikuchyne!"},"image":{"@id":"https:\/\/www.ikuchyne.sk\/eshop\/#\/schema\/logo\/image\/"},"sameAs":["https:\/\/www.facebook.com\/ikuchyne\/","https:\/\/www.instagram.com\/ikuchyne.sk\/","https:\/\/sk.pinterest.com\/ikuchynesk\/"]}]}},"_links":{"self":[{"href":"https:\/\/www.ikuchyne.sk\/eshop\/wp-json\/wp\/v2\/product\/132903"}],"collection":[{"href":"https:\/\/www.ikuchyne.sk\/eshop\/wp-json\/wp\/v2\/product"}],"about":[{"href":"https:\/\/www.ikuchyne.sk\/eshop\/wp-json\/wp\/v2\/types\/product"}],"replies":[{"embeddable":true,"href":"https:\/\/www.ikuchyne.sk\/eshop\/wp-json\/wp\/v2\/comments?post=132903"}],"wp:featuredmedia":[{"embeddable":true,"href":"https:\/\/www.ikuchyne.sk\/eshop\/wp-json\/wp\/v2\/media\/132904"}],"wp:attachment":[{"href":"https:\/\/www.ikuchyne.sk\/eshop\/wp-json\/wp\/v2\/media?parent=132903"}],"wp:term":[{"taxonomy":"product_cat","embeddable":true,"href":"https:\/\/www.ikuchyne.sk\/eshop\/wp-json\/wp\/v2\/product_cat?post=132903"},{"taxonomy":"product_tag","embeddable":true,"href":"https:\/\/www.ikuchyne.sk\/eshop\/wp-json\/wp\/v2\/product_tag?post=132903"}],"curies":[{"name":"wp","href":"https:\/\/api.w.org\/{rel}","templated":true}]}}