{"id":147907,"date":"2021-03-03T15:12:28","date_gmt":"2021-03-03T14:12:28","guid":{"rendered":"https:\/\/www.ikuchyne.sk\/eshop\/?post_type=product&#038;p=147907"},"modified":"2021-03-18T06:26:14","modified_gmt":"2021-03-18T05:26:14","slug":"konferencny-stolik-noble-i-modro-zlaty-achat","status":"publish","type":"product","link":"https:\/\/www.ikuchyne.sk\/eshop\/produkt\/konferencny-stolik-noble-i-modro-zlaty-achat\/","title":{"rendered":"Konferen\u010dn\u00fd stol\u00edk Noble I modro-zlat\u00fd Ach\u00e1t \u00bb"},"content":{"rendered":"<h1>Konferen\u010dn\u00fd stol\u00edk Noble I modro-zlat\u00fd Ach\u00e1t \u00bb<\/h1>\n<h4><strong>V\u0161eobecn\u00fd popis:<\/strong><\/h4>\n<p>O\u010daruj\u00faci Konferen\u010dn\u00fd stol\u00edk Noble I modro-zlat\u00fd Ach\u00e1t s odn\u00edmate\u013enou mramorovou doskou. Kr\u00e1sny vzh\u013ead stolovej dosky je v\u017edy jedine\u010dn\u00fd. Zlat\u00fd r\u00e1m je mo\u017en\u00e9 pre \u00fasporu miesta sklopi\u0165. Doprajte si s origin\u00e1lnym k\u00faskom skuto\u010dne jedine\u010dn\u00fd k\u00fasok do svojho domova!<\/p>\n<p>Sily ach\u00e1tu s\u00fa zn\u00e1me u\u017e tis\u00edce rokov. Vysoko kvalitn\u00fd ach\u00e1t z polodrahokamov patr\u00ed u\u017e od staroveku k najob\u013e\u00fabenej\u0161\u00edm lie\u010div\u00fdm a drahokamov\u00fdm kame\u0148om, o ktor\u00fdch sa hovor\u00ed, \u017ee maj\u00fa nespo\u010detn\u00e9 pozit\u00edvne vlastnosti. Je to siln\u00fd ochrann\u00fd kame\u0148, ktor\u00fd je n\u00e1pomocn\u00fd v pr\u00edpade choroby a sm\u00fatku a podporuje upevnenie vn\u00fatornej rovnov\u00e1hy a stability. Nechajte vo svojom prostred\u00ed p\u00f4sobi\u0165 aj ve\u013ea pozit\u00edvnych energi\u00ed tohto kame\u0148a: Oboha\u0165te svoj \u017eivotn\u00fd priestor o tento pr\u00edru\u010dn\u00fd stol\u00edk so stolovou doskou z umelecky zostaven\u00fdch ach\u00e1tov\u00fdch kame\u0148ov, ktor\u00fd efekt\u00edvne spo\u010d\u00edva na zlatistom kovovom r\u00e1me. Ten sa d\u00e1 aj zlo\u017ei\u0165.<\/p>\n<p>Po mnoho tis\u00edcro\u010d\u00ed sa jednotliv\u00e9 vrstvy kame\u0148a tvaruj\u00fa, a\u017e k\u00fdm nakoniec nevznikne jedine\u010dn\u00e1 \u0161trukt\u00fara. Farba ach\u00e1tu sa pohybuje od hlbokej, takmer \u010diernej, polno\u010dnej modrej a\u017e po ve\u013emi \u013eahk\u00e9, siv\u00e9 z\u00e1bery a odtiene. \u017diadny kame\u0148 nie je ako in\u00fd &#8211; \u017eiadny pr\u00edru\u010dn\u00fd stol\u00edk nen\u00e1jdete druh\u00fdkr\u00e1t rovnak\u00fd na svete. Ru\u010dne le\u0161ten\u00e1 stolov\u00e1 doska pon\u00faka dokonal\u00fd v\u00fdh\u013ead na mno\u017estvo kr\u00e1snych a jednotliv\u00fdch odr\u00f4d ka\u017ed\u00e9ho kame\u0148a z ach\u00e1tu a vo va\u0161ej dom\u00e1cnosti ur\u010dite up\u00fata pozornos\u0165 v\u0161etk\u00fdch! Doska je navy\u0161e ve\u013emi robustn\u00e1 a nen\u00e1ro\u010dn\u00e1 na starostlivos\u0165.<\/p>\n<h4><strong>Detaily produktu:<\/strong><\/h4>\n<p>Jedine\u010dn\u00fd vzh\u013ead ka\u017ed\u00e9ho kame\u0148a rob\u00ed zo stola \u00fa\u017easn\u00fd jedine\u010dn\u00fd k\u00fasok. Ach\u00e1tov\u00e9 kamene boli rafinovane zasaden\u00e9 do stolovej dosky a le\u0161ten\u00e9 ru\u010dne. Ve\u013ea farebn\u00fdch odtie\u0148ov od tmavo modrej po svetlo\u0161ed\u00fa vedie k vzru\u0161uj\u00facemu vzoru. Vrch je odn\u00edmate\u013en\u00fd a r\u00e1m je mo\u017en\u00e9 sklopi\u0165.\u00a0 Vhodn\u00e9 bytov\u00e9 doplnky pre kombinovanie interi\u00e9ru s t\u00fdmto konferen\u010dn\u00fdm stol\u00edkom n\u00e1jdete na na\u0161om e-shope v sekcii Bytov\u00e9 doplnky. Kontaktujte n\u00e1s a my v\u00e1m radi pom\u00f4\u017eeme s v\u00fdberom vhodn\u00fdch dekor\u00e1ci\u00ed.<\/p>\n<p><strong>Rozmery (cca):<\/strong><br \/>\n35cm x 62cm x 35cm (\u0160xVxH)<br \/>\n<strong>Doska: <\/strong>32cm x 2cm x 2cm (\u0160xVxH)<\/p>\n<p><b>Farba: <\/b>modr\u00e1, zlat\u00e1, viacfarebn\u00e9<br \/>\n<b>Materi\u00e1l:\u00a0<\/b>ach\u00e1t (polodrahokam), le\u0161ten\u00fd<br \/>\nR\u00e1m: kov<\/p>\n<p><strong>Tento konferen\u010dn\u00fd stol\u00edk m\u00f4\u017eete n\u00e1js\u0165 aj v t\u00fdchto farebn\u00fdch prevedeniach:<\/strong><\/p>\n<ul>\n<li>siv\u00fd strieborn\u00fd<\/li>\n<li>zelen\u00fd<\/li>\n<li>strieborn\u00fd<\/li>\n<li>had\u00ed vzor<\/li>\n<li>biely strieborn\u00fd<\/li>\n<\/ul>\n<p>Dodato\u010dn\u00e9 inform\u00e1cie:<\/p>\n<p>V pr\u00edpade z\u00e1ujmu o in\u00e9 stoly ako toaletn\u00e9, p\u00edsacie, konferen\u010dn\u00e9 stol\u00edky \u010di jed\u00e1lensk\u00e9 stoly, nav\u0161t\u00edvte sekciu stoly na <a href=\"https:\/\/www.ikuchyne.sk\/eshop\/kategoria\/stoly\/\">www.ikuchyne.sk\/eshop<\/a><br \/>\nV pr\u00edpade z\u00e1ujmu o n\u00e1bytok na mieru n\u00e1s kontaktuje na <a href=\"http:\/\/www.ikuchyne.sk\">www.ikuchyne.sk<\/a><\/p>\n<p>&nbsp;<\/p>\n","protected":false},"excerpt":{"rendered":"<p>Konferen\u010dn\u00fd stol\u00edk Noble I modro-zlat\u00fd Ach\u00e1t \u00bb V\u0161eobecn\u00fd popis: O\u010daruj\u00faci Konferen\u010dn\u00fd stol\u00edk Noble I modro-zlat\u00fd Ach\u00e1t s odn\u00edmate\u013enou mramorovou doskou. Kr\u00e1sny vzh\u013ead stolovej dosky je v\u017edy jedine\u010dn\u00fd. Zlat\u00fd r\u00e1m je<\/p>\n","protected":false},"featured_media":147908,"comment_status":"closed","ping_status":"closed","template":"","meta":[],"product_cat":[304,839,836,772,841,287],"product_tag":[984,343,207,188],"yoast_head":"<!-- This site is optimized with the Yoast SEO plugin v22.1 - https:\/\/yoast.com\/wordpress\/plugins\/seo\/ -->\n<title>Konferen\u010dn\u00fd stol\u00edk Noble modro-zlat\u00fd Ach\u00e1t &#187; iKuchyne iSHOP s n\u00e1bytkom<\/title>\n<meta name=\"description\" content=\"Konferen\u010dn\u00fd stol\u00edk Noble I modro-zlat\u00fd Ach\u00e1t \u00bb r\u00fdchle dodanie, poradenstvo, n\u00e1bytok skladom, ktor\u00e1 bude dominantou dom\u00e1cnosti s ikuchyne.sk\" \/>\n<meta name=\"robots\" content=\"index, follow, max-snippet:-1, max-image-preview:large, max-video-preview:-1\" \/>\n<link rel=\"canonical\" href=\"https:\/\/www.ikuchyne.sk\/eshop\/produkt\/konferencny-stolik-noble-i-modro-zlaty-achat\/\" \/>\n<meta property=\"og:locale\" content=\"sk_SK\" \/>\n<meta property=\"og:type\" content=\"article\" \/>\n<meta property=\"og:title\" content=\"Konferen\u010dn\u00fd stol\u00edk Noble modro-zlat\u00fd Ach\u00e1t &#187; iKuchyne iSHOP s n\u00e1bytkom\" \/>\n<meta property=\"og:description\" content=\"Konferen\u010dn\u00fd stol\u00edk Noble I modro-zlat\u00fd Ach\u00e1t \u00bb r\u00fdchle dodanie, poradenstvo, n\u00e1bytok skladom, ktor\u00e1 bude dominantou dom\u00e1cnosti s ikuchyne.sk\" \/>\n<meta property=\"og:url\" content=\"https:\/\/www.ikuchyne.sk\/eshop\/produkt\/konferencny-stolik-noble-i-modro-zlaty-achat\/\" \/>\n<meta property=\"og:site_name\" content=\"iKuchyne iSHOP s n\u00e1bytkom\" \/>\n<meta property=\"article:publisher\" content=\"https:\/\/www.facebook.com\/ikuchyne\/\" \/>\n<meta property=\"article:modified_time\" content=\"2021-03-18T05:26:14+00:00\" \/>\n<meta property=\"og:image\" content=\"https:\/\/www.ikuchyne.sk\/eshop\/wp-content\/uploads\/2020\/11\/Konferen\u010dn\u00fd-stol\u00edk-Noble-I-blauer-Achat-40368.jpg\" \/>\n\t<meta property=\"og:image:width\" content=\"800\" \/>\n\t<meta property=\"og:image:height\" content=\"533\" \/>\n\t<meta property=\"og:image:type\" content=\"image\/jpeg\" \/>\n<meta name=\"twitter:card\" content=\"summary_large_image\" \/>\n<meta name=\"twitter:label1\" content=\"Predpokladan\u00fd \u010das \u010d\u00edtania\" \/>\n\t<meta name=\"twitter:data1\" content=\"2 min\u00faty\" \/>\n<script type=\"application\/ld+json\" class=\"yoast-schema-graph\">{\"@context\":\"https:\/\/schema.org\",\"@graph\":[{\"@type\":\"WebPage\",\"@id\":\"https:\/\/www.ikuchyne.sk\/eshop\/produkt\/konferencny-stolik-noble-i-modro-zlaty-achat\/\",\"url\":\"https:\/\/www.ikuchyne.sk\/eshop\/produkt\/konferencny-stolik-noble-i-modro-zlaty-achat\/\",\"name\":\"Konferen\u010dn\u00fd stol\u00edk Noble modro-zlat\u00fd Ach\u00e1t &#187; iKuchyne iSHOP s n\u00e1bytkom\",\"isPartOf\":{\"@id\":\"https:\/\/www.ikuchyne.sk\/eshop\/#website\"},\"datePublished\":\"2021-03-03T14:12:28+00:00\",\"dateModified\":\"2021-03-18T05:26:14+00:00\",\"description\":\"Konferen\u010dn\u00fd stol\u00edk Noble I modro-zlat\u00fd Ach\u00e1t \u00bb r\u00fdchle dodanie, poradenstvo, n\u00e1bytok skladom, ktor\u00e1 bude dominantou dom\u00e1cnosti s ikuchyne.sk\",\"breadcrumb\":{\"@id\":\"https:\/\/www.ikuchyne.sk\/eshop\/produkt\/konferencny-stolik-noble-i-modro-zlaty-achat\/#breadcrumb\"},\"inLanguage\":\"sk-SK\",\"potentialAction\":[{\"@type\":\"ReadAction\",\"target\":[\"https:\/\/www.ikuchyne.sk\/eshop\/produkt\/konferencny-stolik-noble-i-modro-zlaty-achat\/\"]}]},{\"@type\":\"BreadcrumbList\",\"@id\":\"https:\/\/www.ikuchyne.sk\/eshop\/produkt\/konferencny-stolik-noble-i-modro-zlaty-achat\/#breadcrumb\",\"itemListElement\":[{\"@type\":\"ListItem\",\"position\":1,\"name\":\"Home\",\"item\":\"https:\/\/www.ikuchyne.sk\/eshop\/\"},{\"@type\":\"ListItem\",\"position\":2,\"name\":\"Obchod\",\"item\":\"https:\/\/www.ikuchyne.sk\/eshop\/obchod\/\"},{\"@type\":\"ListItem\",\"position\":3,\"name\":\"Konferen\u010dn\u00fd stol\u00edk Noble I modro-zlat\u00fd Ach\u00e1t \u00bb\"}]},{\"@type\":\"WebSite\",\"@id\":\"https:\/\/www.ikuchyne.sk\/eshop\/#website\",\"url\":\"https:\/\/www.ikuchyne.sk\/eshop\/\",\"name\":\"iKuchyne iSHOP s n\u00e1bytkom\",\"description\":\"Jed\u00e1lensk\u00e9 stoly, stoli\u010dky, n\u00e1bytok, svietidl\u00e1...\",\"publisher\":{\"@id\":\"https:\/\/www.ikuchyne.sk\/eshop\/#organization\"},\"potentialAction\":[{\"@type\":\"SearchAction\",\"target\":{\"@type\":\"EntryPoint\",\"urlTemplate\":\"https:\/\/www.ikuchyne.sk\/eshop\/?s={search_term_string}\"},\"query-input\":\"required name=search_term_string\"}],\"inLanguage\":\"sk-SK\"},{\"@type\":\"Organization\",\"@id\":\"https:\/\/www.ikuchyne.sk\/eshop\/#organization\",\"name\":\"ikuchyne!\",\"url\":\"https:\/\/www.ikuchyne.sk\/eshop\/\",\"logo\":{\"@type\":\"ImageObject\",\"inLanguage\":\"sk-SK\",\"@id\":\"https:\/\/www.ikuchyne.sk\/eshop\/#\/schema\/logo\/image\/\",\"url\":\"https:\/\/www.ikuchyne.sk\/eshop\/wp-content\/uploads\/2017\/04\/ikuchyne-logo.jpg\",\"contentUrl\":\"https:\/\/www.ikuchyne.sk\/eshop\/wp-content\/uploads\/2017\/04\/ikuchyne-logo.jpg\",\"width\":200,\"height\":48,\"caption\":\"ikuchyne!\"},\"image\":{\"@id\":\"https:\/\/www.ikuchyne.sk\/eshop\/#\/schema\/logo\/image\/\"},\"sameAs\":[\"https:\/\/www.facebook.com\/ikuchyne\/\",\"https:\/\/www.instagram.com\/ikuchyne.sk\/\",\"https:\/\/sk.pinterest.com\/ikuchynesk\/\"]}]}<\/script>\n<!-- \/ Yoast SEO plugin. -->","yoast_head_json":{"title":"Konferen\u010dn\u00fd stol\u00edk Noble modro-zlat\u00fd Ach\u00e1t &#187; iKuchyne iSHOP s n\u00e1bytkom","description":"Konferen\u010dn\u00fd stol\u00edk Noble I modro-zlat\u00fd Ach\u00e1t \u00bb r\u00fdchle dodanie, poradenstvo, n\u00e1bytok skladom, ktor\u00e1 bude dominantou dom\u00e1cnosti s ikuchyne.sk","robots":{"index":"index","follow":"follow","max-snippet":"max-snippet:-1","max-image-preview":"max-image-preview:large","max-video-preview":"max-video-preview:-1"},"canonical":"https:\/\/www.ikuchyne.sk\/eshop\/produkt\/konferencny-stolik-noble-i-modro-zlaty-achat\/","og_locale":"sk_SK","og_type":"article","og_title":"Konferen\u010dn\u00fd stol\u00edk Noble modro-zlat\u00fd Ach\u00e1t &#187; iKuchyne iSHOP s n\u00e1bytkom","og_description":"Konferen\u010dn\u00fd stol\u00edk Noble I modro-zlat\u00fd Ach\u00e1t \u00bb r\u00fdchle dodanie, poradenstvo, n\u00e1bytok skladom, ktor\u00e1 bude dominantou dom\u00e1cnosti s ikuchyne.sk","og_url":"https:\/\/www.ikuchyne.sk\/eshop\/produkt\/konferencny-stolik-noble-i-modro-zlaty-achat\/","og_site_name":"iKuchyne iSHOP s n\u00e1bytkom","article_publisher":"https:\/\/www.facebook.com\/ikuchyne\/","article_modified_time":"2021-03-18T05:26:14+00:00","og_image":[{"width":800,"height":533,"url":"https:\/\/www.ikuchyne.sk\/eshop\/wp-content\/uploads\/2020\/11\/Konferen\u010dn\u00fd-stol\u00edk-Noble-I-blauer-Achat-40368.jpg","type":"image\/jpeg"}],"twitter_card":"summary_large_image","twitter_misc":{"Predpokladan\u00fd \u010das \u010d\u00edtania":"2 min\u00faty"},"schema":{"@context":"https:\/\/schema.org","@graph":[{"@type":"WebPage","@id":"https:\/\/www.ikuchyne.sk\/eshop\/produkt\/konferencny-stolik-noble-i-modro-zlaty-achat\/","url":"https:\/\/www.ikuchyne.sk\/eshop\/produkt\/konferencny-stolik-noble-i-modro-zlaty-achat\/","name":"Konferen\u010dn\u00fd stol\u00edk Noble modro-zlat\u00fd Ach\u00e1t &#187; iKuchyne iSHOP s n\u00e1bytkom","isPartOf":{"@id":"https:\/\/www.ikuchyne.sk\/eshop\/#website"},"datePublished":"2021-03-03T14:12:28+00:00","dateModified":"2021-03-18T05:26:14+00:00","description":"Konferen\u010dn\u00fd stol\u00edk Noble I modro-zlat\u00fd Ach\u00e1t \u00bb r\u00fdchle dodanie, poradenstvo, n\u00e1bytok skladom, ktor\u00e1 bude dominantou dom\u00e1cnosti s ikuchyne.sk","breadcrumb":{"@id":"https:\/\/www.ikuchyne.sk\/eshop\/produkt\/konferencny-stolik-noble-i-modro-zlaty-achat\/#breadcrumb"},"inLanguage":"sk-SK","potentialAction":[{"@type":"ReadAction","target":["https:\/\/www.ikuchyne.sk\/eshop\/produkt\/konferencny-stolik-noble-i-modro-zlaty-achat\/"]}]},{"@type":"BreadcrumbList","@id":"https:\/\/www.ikuchyne.sk\/eshop\/produkt\/konferencny-stolik-noble-i-modro-zlaty-achat\/#breadcrumb","itemListElement":[{"@type":"ListItem","position":1,"name":"Home","item":"https:\/\/www.ikuchyne.sk\/eshop\/"},{"@type":"ListItem","position":2,"name":"Obchod","item":"https:\/\/www.ikuchyne.sk\/eshop\/obchod\/"},{"@type":"ListItem","position":3,"name":"Konferen\u010dn\u00fd stol\u00edk Noble I modro-zlat\u00fd Ach\u00e1t \u00bb"}]},{"@type":"WebSite","@id":"https:\/\/www.ikuchyne.sk\/eshop\/#website","url":"https:\/\/www.ikuchyne.sk\/eshop\/","name":"iKuchyne iSHOP s n\u00e1bytkom","description":"Jed\u00e1lensk\u00e9 stoly, stoli\u010dky, n\u00e1bytok, svietidl\u00e1...","publisher":{"@id":"https:\/\/www.ikuchyne.sk\/eshop\/#organization"},"potentialAction":[{"@type":"SearchAction","target":{"@type":"EntryPoint","urlTemplate":"https:\/\/www.ikuchyne.sk\/eshop\/?s={search_term_string}"},"query-input":"required name=search_term_string"}],"inLanguage":"sk-SK"},{"@type":"Organization","@id":"https:\/\/www.ikuchyne.sk\/eshop\/#organization","name":"ikuchyne!","url":"https:\/\/www.ikuchyne.sk\/eshop\/","logo":{"@type":"ImageObject","inLanguage":"sk-SK","@id":"https:\/\/www.ikuchyne.sk\/eshop\/#\/schema\/logo\/image\/","url":"https:\/\/www.ikuchyne.sk\/eshop\/wp-content\/uploads\/2017\/04\/ikuchyne-logo.jpg","contentUrl":"https:\/\/www.ikuchyne.sk\/eshop\/wp-content\/uploads\/2017\/04\/ikuchyne-logo.jpg","width":200,"height":48,"caption":"ikuchyne!"},"image":{"@id":"https:\/\/www.ikuchyne.sk\/eshop\/#\/schema\/logo\/image\/"},"sameAs":["https:\/\/www.facebook.com\/ikuchyne\/","https:\/\/www.instagram.com\/ikuchyne.sk\/","https:\/\/sk.pinterest.com\/ikuchynesk\/"]}]}},"_links":{"self":[{"href":"https:\/\/www.ikuchyne.sk\/eshop\/wp-json\/wp\/v2\/product\/147907"}],"collection":[{"href":"https:\/\/www.ikuchyne.sk\/eshop\/wp-json\/wp\/v2\/product"}],"about":[{"href":"https:\/\/www.ikuchyne.sk\/eshop\/wp-json\/wp\/v2\/types\/product"}],"replies":[{"embeddable":true,"href":"https:\/\/www.ikuchyne.sk\/eshop\/wp-json\/wp\/v2\/comments?post=147907"}],"wp:featuredmedia":[{"embeddable":true,"href":"https:\/\/www.ikuchyne.sk\/eshop\/wp-json\/wp\/v2\/media\/147908"}],"wp:attachment":[{"href":"https:\/\/www.ikuchyne.sk\/eshop\/wp-json\/wp\/v2\/media?parent=147907"}],"wp:term":[{"taxonomy":"product_cat","embeddable":true,"href":"https:\/\/www.ikuchyne.sk\/eshop\/wp-json\/wp\/v2\/product_cat?post=147907"},{"taxonomy":"product_tag","embeddable":true,"href":"https:\/\/www.ikuchyne.sk\/eshop\/wp-json\/wp\/v2\/product_tag?post=147907"}],"curies":[{"name":"wp","href":"https:\/\/api.w.org\/{rel}","templated":true}]}}