{"id":148130,"date":"2021-03-03T17:47:01","date_gmt":"2021-03-03T16:47:01","guid":{"rendered":"https:\/\/www.ikuchyne.sk\/eshop\/?post_type=product&#038;p=148130"},"modified":"2021-03-26T09:44:46","modified_gmt":"2021-03-26T08:44:46","slug":"pohovka-diva-196cm-zamat-smaragd-zelena","status":"publish","type":"product","link":"https:\/\/www.ikuchyne.sk\/eshop\/produkt\/pohovka-diva-196cm-zamat-smaragd-zelena\/","title":{"rendered":"Pohovka Diva 196 cm zamat smaragd zelen\u00e1 \u00bb"},"content":{"rendered":"<h1>Pohovka Diva 196 cm zamat smaragd zelen\u00e1 \u00bb<\/h1>\n<h4><strong>V\u0161eobecn\u00fd opis zamatovej pohovky:<\/strong><\/h4>\n<p>O\u010daruj\u00faca pohovka Diva 196 cm zamat smaragd zelen\u00e1 s u\u0161\u013eachtil\u00fdm, smaragdovo zelen\u00fdm zamatov\u00fdm po\u0165ahom. S pohodln\u00fdm \u010dal\u00fanen\u00edm pru\u017einov\u00e9ho jadra v sedadle. Vank\u00fa\u0161e s\u00fa s\u00fa\u010das\u0165ou balenia. S le\u0148o\u0161kou spestr\u00edte svoj \u017eivotn\u00fd priestor pod\u013ea v\u00e1\u0161ho v\u00fdberu!<\/p>\n<p>Pohovka Diva 196 cm zamat smaragd zelen\u00e1 je skuto\u010dn\u00fd dotyk luxusu. Ak chcete da\u0165 svojmu domovu obzvl\u00e1\u0161\u0165 elegantn\u00fd vkus, le\u0148o\u0161ka je vynikaj\u00facou vo\u013ebou. Najm\u00e4 ke\u010f je pokryt\u00e1 jemn\u00fdm zamatov\u00fdm po\u0165ahom, ako napr\u00edklad na\u0161a DIVA. Kombin\u00e1cia smaragdovo zelen\u00e9ho zamatu a kovov\u00fdch no\u017ei\u010diek je skuto\u010dn\u00fdm p\u00fata\u010dom pozornosti v ka\u017edej ob\u00fdvacej izbe a d\u00e1 sa \u00fa\u017easne kombinova\u0165 aj s in\u00fdm n\u00e1bytkom.<\/p>\n<p>Urobte si pohodlie na svojom p\u00f4vabnom leh\u00e1tku. Le\u017eadlov\u00e1 plocha le\u0148o\u0161ky je vybaven\u00e1 v\u00fdpl\u0148ou z pru\u017einov\u00e9ho jadra. To zais\u0165uje optim\u00e1lne vyrovnanie tlaku a maxim\u00e1lny komfort sedenia a le\u017eania. S\u00fa\u010das\u0165ou s\u00fa aj dva pohodln\u00e9 zadn\u00e9 vank\u00fa\u0161e a elegantn\u00e1 rolka okolo krku, ktor\u00e9 dokonale dotv\u00e1raj\u00fa dizajn tejto le\u0148o\u0161ky. \u010ci u\u017e v ob\u00fdvacej izbe, v sp\u00e1lni alebo vo svojej hos\u0165ovskej izbe: DIVA sa stane skuto\u010dn\u00fdm obohaten\u00edm v\u00e1\u0161ho interi\u00e9ru v ka\u017edej miestnosti, za\u017eite to sami!<\/p>\n<h4>Detaily produktu:<\/h4>\n<p>Zamat je ve\u013emi \u0161peci\u00e1lna po\u0165ahov\u00e1 l\u00e1tka s jedine\u010dn\u00fdmi vlastnos\u0165ami. Jas a intenzita farby sa m\u00f4\u017eu l\u00ed\u0161i\u0165 a na l\u00e1tke je mo\u017en\u00e9 vytv\u00e1ra\u0165 jedine\u010dn\u00e9 vzory &#8211; pod\u013ea toho, v akom smere s\u00fa jemn\u00e9 vl\u00e1kna ma\u013eovan\u00e9 a ako je l\u00e1tka osvetlen\u00e1. V\u00fdsledkom je individu\u00e1lne zlo\u017eenie farebn\u00fdch odtie\u0148ov a povrchov\u00fdch \u0161trukt\u00far, ktor\u00e9 z v\u00e1\u0161ho kusu n\u00e1bytku urobia v\u017edy fascinuj\u00faci poh\u013ead.<\/p>\n<p><strong>\u010eal\u0161ie inform\u00e1cie:<\/strong><br \/>\nPre \u010distenie pohovky pou\u017eite navlh\u010den\u00fa handri\u010dku. Pokia\u013e ide o v\u00e4\u010d\u0161ie zne\u010distenie, handri\u010dkou namo\u010denou v mydlovej vode kr\u00fa\u017eiv\u00fdmi pohybmi vy\u010distite \u0161kvrnu.<\/p>\n<p><strong>Rozmery (cca):<\/strong><br \/>\n196cm x 83cm x 89cm (\u0160xVxH)<br \/>\n<strong>Vank\u00fa\u0161e:<\/strong><br \/>\n2x 60cm x 38cm (\u0160xV)<br \/>\n1x 53cm x 17cm (\u0160xV)<\/p>\n<p><b>Farba: <\/b>smaragdovo zelen\u00e1, zlat\u00e1\u00a0&#8211; Retro \u0161t\u00fdl<br \/>\n<b>Materi\u00e1l: <\/b><br \/>\nPo\u0165ah: zamat, 100% polyester<br \/>\nNohy: kov<\/p>\n<p>Vr\u00e1tane vank\u00fa\u0161ov.<\/p>\n<p>Dodato\u010dn\u00e9 inform\u00e1cie:<\/p>\n<p>V pr\u00edpade z\u00e1ujmu o in\u00e9 seda\u010dky, pohovky \u010di le\u0148o\u0161ky, nav\u0161t\u00edvte sekciu sedenie na <a href=\"https:\/\/www.ikuchyne.sk\/eshop\/kategoria\/sedenie\/\">www.ikuchyne.sk\/eshop<\/a><br \/>\nV pr\u00edpade z\u00e1ujmu o n\u00e1bytok na mieru n\u00e1s kontaktuje na <a href=\"http:\/\/www.ikuchyne.sk\">www.ikuchyne.sk<\/a><\/p>\n","protected":false},"excerpt":{"rendered":"<p>Pohovka Diva 196 cm zamat smaragd zelen\u00e1 \u00bb V\u0161eobecn\u00fd opis zamatovej pohovky: O\u010daruj\u00faca pohovka Diva 196 cm zamat smaragd zelen\u00e1 s u\u0161\u013eachtil\u00fdm, smaragdovo zelen\u00fdm zamatov\u00fdm po\u0165ahom. S pohodln\u00fdm \u010dal\u00fanen\u00edm pru\u017einov\u00e9ho<\/p>\n","protected":false},"featured_media":148131,"comment_status":"closed","ping_status":"closed","template":"","meta":[],"product_cat":[605,772,602,601,600],"product_tag":[1036,188],"yoast_head":"<!-- This site is optimized with the Yoast SEO plugin v22.1 - https:\/\/yoast.com\/wordpress\/plugins\/seo\/ -->\n<title>Pohovka Diva 196 cm zamat smaragd &#187; iKuchyne iSHOP s n\u00e1bytkom<\/title>\n<meta name=\"description\" content=\"Pohovka Diva 196 cm zamat smaragd zelen\u00e1 \u00bb - r\u00fdchle dodanie, poradenstvo, n\u00e1bytok skladom v Bratislave s ikuchyne.sk - kuchyne na mieru.\" \/>\n<meta name=\"robots\" content=\"index, follow, max-snippet:-1, max-image-preview:large, max-video-preview:-1\" \/>\n<link rel=\"canonical\" href=\"https:\/\/www.ikuchyne.sk\/eshop\/produkt\/pohovka-diva-196cm-zamat-smaragd-zelena\/\" \/>\n<meta property=\"og:locale\" content=\"sk_SK\" \/>\n<meta property=\"og:type\" content=\"article\" \/>\n<meta property=\"og:title\" content=\"Pohovka Diva 196 cm zamat smaragd &#187; iKuchyne iSHOP s n\u00e1bytkom\" \/>\n<meta property=\"og:description\" content=\"Pohovka Diva 196 cm zamat smaragd zelen\u00e1 \u00bb - r\u00fdchle dodanie, poradenstvo, n\u00e1bytok skladom v Bratislave s ikuchyne.sk - kuchyne na mieru.\" \/>\n<meta property=\"og:url\" content=\"https:\/\/www.ikuchyne.sk\/eshop\/produkt\/pohovka-diva-196cm-zamat-smaragd-zelena\/\" \/>\n<meta property=\"og:site_name\" content=\"iKuchyne iSHOP s n\u00e1bytkom\" \/>\n<meta property=\"article:publisher\" content=\"https:\/\/www.facebook.com\/ikuchyne\/\" \/>\n<meta property=\"article:modified_time\" content=\"2021-03-26T08:44:46+00:00\" \/>\n<meta property=\"og:image\" content=\"https:\/\/www.ikuchyne.sk\/eshop\/wp-content\/uploads\/2020\/11\/Recamiere-Diva-196cm-zamat-smaragdzelen\u00e1-40602.jpg\" \/>\n\t<meta property=\"og:image:width\" content=\"800\" \/>\n\t<meta property=\"og:image:height\" content=\"533\" \/>\n\t<meta property=\"og:image:type\" content=\"image\/jpeg\" \/>\n<meta name=\"twitter:card\" content=\"summary_large_image\" \/>\n<meta name=\"twitter:label1\" content=\"Predpokladan\u00fd \u010das \u010d\u00edtania\" \/>\n\t<meta name=\"twitter:data1\" content=\"2 min\u00faty\" \/>\n<script type=\"application\/ld+json\" class=\"yoast-schema-graph\">{\"@context\":\"https:\/\/schema.org\",\"@graph\":[{\"@type\":\"WebPage\",\"@id\":\"https:\/\/www.ikuchyne.sk\/eshop\/produkt\/pohovka-diva-196cm-zamat-smaragd-zelena\/\",\"url\":\"https:\/\/www.ikuchyne.sk\/eshop\/produkt\/pohovka-diva-196cm-zamat-smaragd-zelena\/\",\"name\":\"Pohovka Diva 196 cm zamat smaragd &#187; iKuchyne iSHOP s n\u00e1bytkom\",\"isPartOf\":{\"@id\":\"https:\/\/www.ikuchyne.sk\/eshop\/#website\"},\"datePublished\":\"2021-03-03T16:47:01+00:00\",\"dateModified\":\"2021-03-26T08:44:46+00:00\",\"description\":\"Pohovka Diva 196 cm zamat smaragd zelen\u00e1 \u00bb - r\u00fdchle dodanie, poradenstvo, n\u00e1bytok skladom v Bratislave s ikuchyne.sk - kuchyne na mieru.\",\"breadcrumb\":{\"@id\":\"https:\/\/www.ikuchyne.sk\/eshop\/produkt\/pohovka-diva-196cm-zamat-smaragd-zelena\/#breadcrumb\"},\"inLanguage\":\"sk-SK\",\"potentialAction\":[{\"@type\":\"ReadAction\",\"target\":[\"https:\/\/www.ikuchyne.sk\/eshop\/produkt\/pohovka-diva-196cm-zamat-smaragd-zelena\/\"]}]},{\"@type\":\"BreadcrumbList\",\"@id\":\"https:\/\/www.ikuchyne.sk\/eshop\/produkt\/pohovka-diva-196cm-zamat-smaragd-zelena\/#breadcrumb\",\"itemListElement\":[{\"@type\":\"ListItem\",\"position\":1,\"name\":\"Home\",\"item\":\"https:\/\/www.ikuchyne.sk\/eshop\/\"},{\"@type\":\"ListItem\",\"position\":2,\"name\":\"Obchod\",\"item\":\"https:\/\/www.ikuchyne.sk\/eshop\/obchod\/\"},{\"@type\":\"ListItem\",\"position\":3,\"name\":\"Pohovka Diva 196 cm zamat smaragd zelen\u00e1 \u00bb\"}]},{\"@type\":\"WebSite\",\"@id\":\"https:\/\/www.ikuchyne.sk\/eshop\/#website\",\"url\":\"https:\/\/www.ikuchyne.sk\/eshop\/\",\"name\":\"iKuchyne iSHOP s n\u00e1bytkom\",\"description\":\"Jed\u00e1lensk\u00e9 stoly, stoli\u010dky, n\u00e1bytok, svietidl\u00e1...\",\"publisher\":{\"@id\":\"https:\/\/www.ikuchyne.sk\/eshop\/#organization\"},\"potentialAction\":[{\"@type\":\"SearchAction\",\"target\":{\"@type\":\"EntryPoint\",\"urlTemplate\":\"https:\/\/www.ikuchyne.sk\/eshop\/?s={search_term_string}\"},\"query-input\":\"required name=search_term_string\"}],\"inLanguage\":\"sk-SK\"},{\"@type\":\"Organization\",\"@id\":\"https:\/\/www.ikuchyne.sk\/eshop\/#organization\",\"name\":\"ikuchyne!\",\"url\":\"https:\/\/www.ikuchyne.sk\/eshop\/\",\"logo\":{\"@type\":\"ImageObject\",\"inLanguage\":\"sk-SK\",\"@id\":\"https:\/\/www.ikuchyne.sk\/eshop\/#\/schema\/logo\/image\/\",\"url\":\"https:\/\/www.ikuchyne.sk\/eshop\/wp-content\/uploads\/2017\/04\/ikuchyne-logo.jpg\",\"contentUrl\":\"https:\/\/www.ikuchyne.sk\/eshop\/wp-content\/uploads\/2017\/04\/ikuchyne-logo.jpg\",\"width\":200,\"height\":48,\"caption\":\"ikuchyne!\"},\"image\":{\"@id\":\"https:\/\/www.ikuchyne.sk\/eshop\/#\/schema\/logo\/image\/\"},\"sameAs\":[\"https:\/\/www.facebook.com\/ikuchyne\/\",\"https:\/\/www.instagram.com\/ikuchyne.sk\/\",\"https:\/\/sk.pinterest.com\/ikuchynesk\/\"]}]}<\/script>\n<!-- \/ Yoast SEO plugin. -->","yoast_head_json":{"title":"Pohovka Diva 196 cm zamat smaragd &#187; iKuchyne iSHOP s n\u00e1bytkom","description":"Pohovka Diva 196 cm zamat smaragd zelen\u00e1 \u00bb - r\u00fdchle dodanie, poradenstvo, n\u00e1bytok skladom v Bratislave s ikuchyne.sk - kuchyne na mieru.","robots":{"index":"index","follow":"follow","max-snippet":"max-snippet:-1","max-image-preview":"max-image-preview:large","max-video-preview":"max-video-preview:-1"},"canonical":"https:\/\/www.ikuchyne.sk\/eshop\/produkt\/pohovka-diva-196cm-zamat-smaragd-zelena\/","og_locale":"sk_SK","og_type":"article","og_title":"Pohovka Diva 196 cm zamat smaragd &#187; iKuchyne iSHOP s n\u00e1bytkom","og_description":"Pohovka Diva 196 cm zamat smaragd zelen\u00e1 \u00bb - r\u00fdchle dodanie, poradenstvo, n\u00e1bytok skladom v Bratislave s ikuchyne.sk - kuchyne na mieru.","og_url":"https:\/\/www.ikuchyne.sk\/eshop\/produkt\/pohovka-diva-196cm-zamat-smaragd-zelena\/","og_site_name":"iKuchyne iSHOP s n\u00e1bytkom","article_publisher":"https:\/\/www.facebook.com\/ikuchyne\/","article_modified_time":"2021-03-26T08:44:46+00:00","og_image":[{"width":800,"height":533,"url":"https:\/\/www.ikuchyne.sk\/eshop\/wp-content\/uploads\/2020\/11\/Recamiere-Diva-196cm-zamat-smaragdzelen\u00e1-40602.jpg","type":"image\/jpeg"}],"twitter_card":"summary_large_image","twitter_misc":{"Predpokladan\u00fd \u010das \u010d\u00edtania":"2 min\u00faty"},"schema":{"@context":"https:\/\/schema.org","@graph":[{"@type":"WebPage","@id":"https:\/\/www.ikuchyne.sk\/eshop\/produkt\/pohovka-diva-196cm-zamat-smaragd-zelena\/","url":"https:\/\/www.ikuchyne.sk\/eshop\/produkt\/pohovka-diva-196cm-zamat-smaragd-zelena\/","name":"Pohovka Diva 196 cm zamat smaragd &#187; iKuchyne iSHOP s n\u00e1bytkom","isPartOf":{"@id":"https:\/\/www.ikuchyne.sk\/eshop\/#website"},"datePublished":"2021-03-03T16:47:01+00:00","dateModified":"2021-03-26T08:44:46+00:00","description":"Pohovka Diva 196 cm zamat smaragd zelen\u00e1 \u00bb - r\u00fdchle dodanie, poradenstvo, n\u00e1bytok skladom v Bratislave s ikuchyne.sk - kuchyne na mieru.","breadcrumb":{"@id":"https:\/\/www.ikuchyne.sk\/eshop\/produkt\/pohovka-diva-196cm-zamat-smaragd-zelena\/#breadcrumb"},"inLanguage":"sk-SK","potentialAction":[{"@type":"ReadAction","target":["https:\/\/www.ikuchyne.sk\/eshop\/produkt\/pohovka-diva-196cm-zamat-smaragd-zelena\/"]}]},{"@type":"BreadcrumbList","@id":"https:\/\/www.ikuchyne.sk\/eshop\/produkt\/pohovka-diva-196cm-zamat-smaragd-zelena\/#breadcrumb","itemListElement":[{"@type":"ListItem","position":1,"name":"Home","item":"https:\/\/www.ikuchyne.sk\/eshop\/"},{"@type":"ListItem","position":2,"name":"Obchod","item":"https:\/\/www.ikuchyne.sk\/eshop\/obchod\/"},{"@type":"ListItem","position":3,"name":"Pohovka Diva 196 cm zamat smaragd zelen\u00e1 \u00bb"}]},{"@type":"WebSite","@id":"https:\/\/www.ikuchyne.sk\/eshop\/#website","url":"https:\/\/www.ikuchyne.sk\/eshop\/","name":"iKuchyne iSHOP s n\u00e1bytkom","description":"Jed\u00e1lensk\u00e9 stoly, stoli\u010dky, n\u00e1bytok, svietidl\u00e1...","publisher":{"@id":"https:\/\/www.ikuchyne.sk\/eshop\/#organization"},"potentialAction":[{"@type":"SearchAction","target":{"@type":"EntryPoint","urlTemplate":"https:\/\/www.ikuchyne.sk\/eshop\/?s={search_term_string}"},"query-input":"required name=search_term_string"}],"inLanguage":"sk-SK"},{"@type":"Organization","@id":"https:\/\/www.ikuchyne.sk\/eshop\/#organization","name":"ikuchyne!","url":"https:\/\/www.ikuchyne.sk\/eshop\/","logo":{"@type":"ImageObject","inLanguage":"sk-SK","@id":"https:\/\/www.ikuchyne.sk\/eshop\/#\/schema\/logo\/image\/","url":"https:\/\/www.ikuchyne.sk\/eshop\/wp-content\/uploads\/2017\/04\/ikuchyne-logo.jpg","contentUrl":"https:\/\/www.ikuchyne.sk\/eshop\/wp-content\/uploads\/2017\/04\/ikuchyne-logo.jpg","width":200,"height":48,"caption":"ikuchyne!"},"image":{"@id":"https:\/\/www.ikuchyne.sk\/eshop\/#\/schema\/logo\/image\/"},"sameAs":["https:\/\/www.facebook.com\/ikuchyne\/","https:\/\/www.instagram.com\/ikuchyne.sk\/","https:\/\/sk.pinterest.com\/ikuchynesk\/"]}]}},"_links":{"self":[{"href":"https:\/\/www.ikuchyne.sk\/eshop\/wp-json\/wp\/v2\/product\/148130"}],"collection":[{"href":"https:\/\/www.ikuchyne.sk\/eshop\/wp-json\/wp\/v2\/product"}],"about":[{"href":"https:\/\/www.ikuchyne.sk\/eshop\/wp-json\/wp\/v2\/types\/product"}],"replies":[{"embeddable":true,"href":"https:\/\/www.ikuchyne.sk\/eshop\/wp-json\/wp\/v2\/comments?post=148130"}],"wp:featuredmedia":[{"embeddable":true,"href":"https:\/\/www.ikuchyne.sk\/eshop\/wp-json\/wp\/v2\/media\/148131"}],"wp:attachment":[{"href":"https:\/\/www.ikuchyne.sk\/eshop\/wp-json\/wp\/v2\/media?parent=148130"}],"wp:term":[{"taxonomy":"product_cat","embeddable":true,"href":"https:\/\/www.ikuchyne.sk\/eshop\/wp-json\/wp\/v2\/product_cat?post=148130"},{"taxonomy":"product_tag","embeddable":true,"href":"https:\/\/www.ikuchyne.sk\/eshop\/wp-json\/wp\/v2\/product_tag?post=148130"}],"curies":[{"name":"wp","href":"https:\/\/api.w.org\/{rel}","templated":true}]}}