{"id":148208,"date":"2021-03-03T17:11:58","date_gmt":"2021-03-03T16:11:58","guid":{"rendered":"https:\/\/www.ikuchyne.sk\/eshop\/?post_type=product&#038;p=148208"},"modified":"2021-03-11T13:07:18","modified_gmt":"2021-03-11T12:07:18","slug":"sofa-arielle-220-cm-zamat-tyrkysova","status":"publish","type":"product","link":"https:\/\/www.ikuchyne.sk\/eshop\/produkt\/sofa-arielle-220-cm-zamat-tyrkysova\/","title":{"rendered":"Sofa Arielle 220 cm zamat tyrkysov\u00e1 \u00bb"},"content":{"rendered":"<h1>Sofa Arielle 220 cm zamat tyrkysov\u00e1 \u00bb<\/h1>\n<h4><strong>V\u0161eobecn\u00fd popis:<\/strong><\/h4>\n<p>Sofa ARIELLE 220 cm zamat tyrkysov\u00e1 in\u0161piruje svojim mimoriadnym noblesn\u00fdm dizajnom. Operadlo m\u00e1 svie\u017ee ozdobn\u00e9 pre\u0161\u00edvanie a je mierne zahnut\u00e9, navrhnut\u00e9 ako morsk\u00e1 mu\u0161\u013ea. Dva mal\u00e9 ozdobn\u00e9 vank\u00fa\u0161e, ktor\u00e9 s\u00fa tie\u017e s\u00fa\u010das\u0165ou dodania, tvoria dokonal\u00fa povrchov\u00fa \u00fapravu. Modern\u00fd a klasick\u00fd retro vintage dizajn v zamatovom \u010dal\u00fanen\u00ed s robustn\u00fdmi nohami.<\/p>\n<p>T\u00e1to pohovka m\u00e1 \u0161t\u00fdlov\u00e9 elegantn\u00e9 nohy a kontrastn\u00e9 l\u00ednie. Arielle hladko sp\u00e1ja tradi\u010dn\u00fd dizajn s modern\u00fdmi trendmi pomocou remeseln\u00fdch techn\u00edk a vytv\u00e1ra tak vlastnosti, ako s\u00fa n\u00e1dhern\u00e9 tvary pozd\u013a\u017e okrajov. S touto pohovkou sa stretne dokonal\u00fd dizajn a pohodlie, ktor\u00e9 sa hod\u00ed do v\u00e1\u0161ho domova.<\/p>\n<h4>Popis:<\/h4>\n<p>\u010cist\u00e1 elegancia vo va\u0161ej ob\u00fdvacej izbe. Ke\u010f dizajn a pohodlie pr\u00eddu do harmonickej symbi\u00f3zy, vytvor\u00ed sa mihnut\u00edm oka nov\u00fd ob\u013e\u00faben\u00fd prvok va\u0161ej ob\u00fdva\u010dky. Na\u0161a elegantn\u00e1 seda\u010dka ARIELLE in\u0161piruje u\u017e na prv\u00fd poh\u013ead svoj\u00edm neobvykl\u00fdm dizajnom.\u00a0Skombinujte si pohovku pod\u013ea v\u00e1\u0161ho vkusu.<br \/>\nZlat\u00e9 nohy v retro \u0161t\u00fdle dotv\u00e1raj\u00fa extravagantn\u00fd dizajn pohovky a tie\u017e poskytuj\u00fa stabiln\u00fd podstavec na akomko\u013evek povrchu. Napriek p\u00fatav\u00e9mu dizajnu je mo\u017en\u00e9 pohovku kombinova\u0165 s in\u00fdmi kusmi n\u00e1bytku mnoh\u00fdmi skvel\u00fdmi sp\u00f4sobmi. N\u00e1\u0161 tip: Nieko\u013eko doplnkov zlatej farby vylep\u0161uje vzh\u013ead pohovky a dokonalo ju dotv\u00e1ra.<\/p>\n<p><strong>Rozmery (cca):<\/strong><br \/>\n220cm x 92cm x 92cm (\u0160xVxH)<\/p>\n<p><b>Farba:\u00a0<\/b>tyrkysov\u00e1, zlat\u00e1 &#8211; Retro \u0161t\u00fdl<br \/>\n<b>Materi\u00e1l: <\/b><br \/>\nPo\u0165ah: zamat, 100% polyester<br \/>\nR\u00e1m: mas\u00edvne drevo<br \/>\nNohy: oce\u013e<\/p>\n<p>Vr\u00e1tane 2 mal\u00fdch ozdobn\u00fdch vank\u00fa\u0161ov.<\/p>\n<h4>Dopl\u0148uj\u00face inform\u00e1cie:<\/h4>\n<p>Uveden\u00e9 rozmery \u010dal\u00fanen\u00e9ho n\u00e1bytku (pohovky, rohy, postele) s\u00fa pribli\u017en\u00e9 rozmery, ktor\u00e9 sa m\u00f4\u017eu mierne l\u00ed\u0161i\u0165 od skuto\u010dn\u00fdch (tolerancia rozmerov: +\/- 3 cm). Pr\u00edpadn\u00e9 rozdiely m\u00f4\u017eu by\u0165 sp\u00f4soben\u00e9 r\u00f4znymi typmi po\u0165ahov\u00fdch a v\u00fdpl\u0148ov\u00fdch materi\u00e1lov &#8211; to plat\u00ed najm\u00e4 pre v\u00fdrobky dostupn\u00e9 v nieko\u013ek\u00fdch farebn\u00fdch variantoch.<\/p>\n<p><strong>T\u00e1to kr\u00e1sna retro sofa sa tie\u017e vyr\u00e1ba aj v t\u00fdchto farb\u00e1ch:<\/strong><\/p>\n<p>Sofa Arielle 220 cm altrosa ru\u017eov\u00e1<br \/>\nSofa Arielle 220 cm f\u013ea\u0161kovo zelen\u00e1<\/p>\n<p>Dodato\u010dn\u00e9 inform\u00e1cie:<\/p>\n<p>V pr\u00edpade z\u00e1ujmu o in\u00e9 seda\u010dky, pohovky \u010di le\u0148o\u0161ky, nav\u0161t\u00edvte sekciu sedenie na <a href=\"https:\/\/www.ikuchyne.sk\/eshop\/kategoria\/sedenie\/\">www.ikuchyne.sk\/eshop<\/a><br \/>\nV pr\u00edpade z\u00e1ujmu o n\u00e1bytok na mieru n\u00e1s kontaktuje na <a href=\"http:\/\/www.ikuchyne.sk\">www.ikuchyne.sk<\/a><\/p>\n","protected":false},"excerpt":{"rendered":"<p>Sofa Arielle 220 cm zamat tyrkysov\u00e1 \u00bb V\u0161eobecn\u00fd popis: Sofa ARIELLE 220 cm zamat tyrkysov\u00e1 in\u0161piruje svojim mimoriadnym noblesn\u00fdm dizajnom. Operadlo m\u00e1 svie\u017ee ozdobn\u00e9 pre\u0161\u00edvanie a je mierne zahnut\u00e9, navrhnut\u00e9<\/p>\n","protected":false},"featured_media":148209,"comment_status":"closed","ping_status":"closed","template":"","meta":[],"product_cat":[772,602,601,600],"product_tag":[339,188],"yoast_head":"<!-- This site is optimized with the Yoast SEO plugin v22.1 - https:\/\/yoast.com\/wordpress\/plugins\/seo\/ -->\n<title>Sofa Arielle 220 cm zamat tyrkysov\u00e1 \u00bb &#187; iKuchyne iSHOP s n\u00e1bytkom<\/title>\n<meta name=\"description\" content=\"Sofa Arielle 220 cm zamat tyrkysov\u00e1 \u00bb r\u00fdchle dodanie, poradenstvo, n\u00e1bytok skladom, ktor\u00e1 bude dominantou dom\u00e1cnosti v\u010faka ikuchyne.sk\" \/>\n<meta name=\"robots\" content=\"index, follow, max-snippet:-1, max-image-preview:large, max-video-preview:-1\" \/>\n<link rel=\"canonical\" href=\"https:\/\/www.ikuchyne.sk\/eshop\/produkt\/sofa-arielle-220-cm-zamat-tyrkysova\/\" \/>\n<meta property=\"og:locale\" content=\"sk_SK\" \/>\n<meta property=\"og:type\" content=\"article\" \/>\n<meta property=\"og:title\" content=\"Sofa Arielle 220 cm zamat tyrkysov\u00e1 \u00bb &#187; iKuchyne iSHOP s n\u00e1bytkom\" \/>\n<meta property=\"og:description\" content=\"Sofa Arielle 220 cm zamat tyrkysov\u00e1 \u00bb r\u00fdchle dodanie, poradenstvo, n\u00e1bytok skladom, ktor\u00e1 bude dominantou dom\u00e1cnosti v\u010faka ikuchyne.sk\" \/>\n<meta property=\"og:url\" content=\"https:\/\/www.ikuchyne.sk\/eshop\/produkt\/sofa-arielle-220-cm-zamat-tyrkysova\/\" \/>\n<meta property=\"og:site_name\" content=\"iKuchyne iSHOP s n\u00e1bytkom\" \/>\n<meta property=\"article:publisher\" content=\"https:\/\/www.facebook.com\/ikuchyne\/\" \/>\n<meta property=\"article:modified_time\" content=\"2021-03-11T12:07:18+00:00\" \/>\n<meta property=\"og:image\" content=\"https:\/\/www.ikuchyne.sk\/eshop\/wp-content\/uploads\/2020\/12\/Sofa-Arielle-220cm-zamat-tyrkysov\u00e1-40752.jpg\" \/>\n\t<meta property=\"og:image:width\" content=\"800\" \/>\n\t<meta property=\"og:image:height\" content=\"533\" \/>\n\t<meta property=\"og:image:type\" content=\"image\/jpeg\" \/>\n<meta name=\"twitter:card\" content=\"summary_large_image\" \/>\n<meta name=\"twitter:label1\" content=\"Predpokladan\u00fd \u010das \u010d\u00edtania\" \/>\n\t<meta name=\"twitter:data1\" content=\"2 min\u00faty\" \/>\n<script type=\"application\/ld+json\" class=\"yoast-schema-graph\">{\"@context\":\"https:\/\/schema.org\",\"@graph\":[{\"@type\":\"WebPage\",\"@id\":\"https:\/\/www.ikuchyne.sk\/eshop\/produkt\/sofa-arielle-220-cm-zamat-tyrkysova\/\",\"url\":\"https:\/\/www.ikuchyne.sk\/eshop\/produkt\/sofa-arielle-220-cm-zamat-tyrkysova\/\",\"name\":\"Sofa Arielle 220 cm zamat tyrkysov\u00e1 \u00bb &#187; iKuchyne iSHOP s n\u00e1bytkom\",\"isPartOf\":{\"@id\":\"https:\/\/www.ikuchyne.sk\/eshop\/#website\"},\"datePublished\":\"2021-03-03T16:11:58+00:00\",\"dateModified\":\"2021-03-11T12:07:18+00:00\",\"description\":\"Sofa Arielle 220 cm zamat tyrkysov\u00e1 \u00bb r\u00fdchle dodanie, poradenstvo, n\u00e1bytok skladom, ktor\u00e1 bude dominantou dom\u00e1cnosti v\u010faka ikuchyne.sk\",\"breadcrumb\":{\"@id\":\"https:\/\/www.ikuchyne.sk\/eshop\/produkt\/sofa-arielle-220-cm-zamat-tyrkysova\/#breadcrumb\"},\"inLanguage\":\"sk-SK\",\"potentialAction\":[{\"@type\":\"ReadAction\",\"target\":[\"https:\/\/www.ikuchyne.sk\/eshop\/produkt\/sofa-arielle-220-cm-zamat-tyrkysova\/\"]}]},{\"@type\":\"BreadcrumbList\",\"@id\":\"https:\/\/www.ikuchyne.sk\/eshop\/produkt\/sofa-arielle-220-cm-zamat-tyrkysova\/#breadcrumb\",\"itemListElement\":[{\"@type\":\"ListItem\",\"position\":1,\"name\":\"Home\",\"item\":\"https:\/\/www.ikuchyne.sk\/eshop\/\"},{\"@type\":\"ListItem\",\"position\":2,\"name\":\"Obchod\",\"item\":\"https:\/\/www.ikuchyne.sk\/eshop\/obchod\/\"},{\"@type\":\"ListItem\",\"position\":3,\"name\":\"Sofa Arielle 220 cm zamat tyrkysov\u00e1 \u00bb\"}]},{\"@type\":\"WebSite\",\"@id\":\"https:\/\/www.ikuchyne.sk\/eshop\/#website\",\"url\":\"https:\/\/www.ikuchyne.sk\/eshop\/\",\"name\":\"iKuchyne iSHOP s n\u00e1bytkom\",\"description\":\"Jed\u00e1lensk\u00e9 stoly, stoli\u010dky, n\u00e1bytok, svietidl\u00e1...\",\"publisher\":{\"@id\":\"https:\/\/www.ikuchyne.sk\/eshop\/#organization\"},\"potentialAction\":[{\"@type\":\"SearchAction\",\"target\":{\"@type\":\"EntryPoint\",\"urlTemplate\":\"https:\/\/www.ikuchyne.sk\/eshop\/?s={search_term_string}\"},\"query-input\":\"required name=search_term_string\"}],\"inLanguage\":\"sk-SK\"},{\"@type\":\"Organization\",\"@id\":\"https:\/\/www.ikuchyne.sk\/eshop\/#organization\",\"name\":\"ikuchyne!\",\"url\":\"https:\/\/www.ikuchyne.sk\/eshop\/\",\"logo\":{\"@type\":\"ImageObject\",\"inLanguage\":\"sk-SK\",\"@id\":\"https:\/\/www.ikuchyne.sk\/eshop\/#\/schema\/logo\/image\/\",\"url\":\"https:\/\/www.ikuchyne.sk\/eshop\/wp-content\/uploads\/2017\/04\/ikuchyne-logo.jpg\",\"contentUrl\":\"https:\/\/www.ikuchyne.sk\/eshop\/wp-content\/uploads\/2017\/04\/ikuchyne-logo.jpg\",\"width\":200,\"height\":48,\"caption\":\"ikuchyne!\"},\"image\":{\"@id\":\"https:\/\/www.ikuchyne.sk\/eshop\/#\/schema\/logo\/image\/\"},\"sameAs\":[\"https:\/\/www.facebook.com\/ikuchyne\/\",\"https:\/\/www.instagram.com\/ikuchyne.sk\/\",\"https:\/\/sk.pinterest.com\/ikuchynesk\/\"]}]}<\/script>\n<!-- \/ Yoast SEO plugin. -->","yoast_head_json":{"title":"Sofa Arielle 220 cm zamat tyrkysov\u00e1 \u00bb &#187; iKuchyne iSHOP s n\u00e1bytkom","description":"Sofa Arielle 220 cm zamat tyrkysov\u00e1 \u00bb r\u00fdchle dodanie, poradenstvo, n\u00e1bytok skladom, ktor\u00e1 bude dominantou dom\u00e1cnosti v\u010faka ikuchyne.sk","robots":{"index":"index","follow":"follow","max-snippet":"max-snippet:-1","max-image-preview":"max-image-preview:large","max-video-preview":"max-video-preview:-1"},"canonical":"https:\/\/www.ikuchyne.sk\/eshop\/produkt\/sofa-arielle-220-cm-zamat-tyrkysova\/","og_locale":"sk_SK","og_type":"article","og_title":"Sofa Arielle 220 cm zamat tyrkysov\u00e1 \u00bb &#187; iKuchyne iSHOP s n\u00e1bytkom","og_description":"Sofa Arielle 220 cm zamat tyrkysov\u00e1 \u00bb r\u00fdchle dodanie, poradenstvo, n\u00e1bytok skladom, ktor\u00e1 bude dominantou dom\u00e1cnosti v\u010faka ikuchyne.sk","og_url":"https:\/\/www.ikuchyne.sk\/eshop\/produkt\/sofa-arielle-220-cm-zamat-tyrkysova\/","og_site_name":"iKuchyne iSHOP s n\u00e1bytkom","article_publisher":"https:\/\/www.facebook.com\/ikuchyne\/","article_modified_time":"2021-03-11T12:07:18+00:00","og_image":[{"width":800,"height":533,"url":"https:\/\/www.ikuchyne.sk\/eshop\/wp-content\/uploads\/2020\/12\/Sofa-Arielle-220cm-zamat-tyrkysov\u00e1-40752.jpg","type":"image\/jpeg"}],"twitter_card":"summary_large_image","twitter_misc":{"Predpokladan\u00fd \u010das \u010d\u00edtania":"2 min\u00faty"},"schema":{"@context":"https:\/\/schema.org","@graph":[{"@type":"WebPage","@id":"https:\/\/www.ikuchyne.sk\/eshop\/produkt\/sofa-arielle-220-cm-zamat-tyrkysova\/","url":"https:\/\/www.ikuchyne.sk\/eshop\/produkt\/sofa-arielle-220-cm-zamat-tyrkysova\/","name":"Sofa Arielle 220 cm zamat tyrkysov\u00e1 \u00bb &#187; iKuchyne iSHOP s n\u00e1bytkom","isPartOf":{"@id":"https:\/\/www.ikuchyne.sk\/eshop\/#website"},"datePublished":"2021-03-03T16:11:58+00:00","dateModified":"2021-03-11T12:07:18+00:00","description":"Sofa Arielle 220 cm zamat tyrkysov\u00e1 \u00bb r\u00fdchle dodanie, poradenstvo, n\u00e1bytok skladom, ktor\u00e1 bude dominantou dom\u00e1cnosti v\u010faka ikuchyne.sk","breadcrumb":{"@id":"https:\/\/www.ikuchyne.sk\/eshop\/produkt\/sofa-arielle-220-cm-zamat-tyrkysova\/#breadcrumb"},"inLanguage":"sk-SK","potentialAction":[{"@type":"ReadAction","target":["https:\/\/www.ikuchyne.sk\/eshop\/produkt\/sofa-arielle-220-cm-zamat-tyrkysova\/"]}]},{"@type":"BreadcrumbList","@id":"https:\/\/www.ikuchyne.sk\/eshop\/produkt\/sofa-arielle-220-cm-zamat-tyrkysova\/#breadcrumb","itemListElement":[{"@type":"ListItem","position":1,"name":"Home","item":"https:\/\/www.ikuchyne.sk\/eshop\/"},{"@type":"ListItem","position":2,"name":"Obchod","item":"https:\/\/www.ikuchyne.sk\/eshop\/obchod\/"},{"@type":"ListItem","position":3,"name":"Sofa Arielle 220 cm zamat tyrkysov\u00e1 \u00bb"}]},{"@type":"WebSite","@id":"https:\/\/www.ikuchyne.sk\/eshop\/#website","url":"https:\/\/www.ikuchyne.sk\/eshop\/","name":"iKuchyne iSHOP s n\u00e1bytkom","description":"Jed\u00e1lensk\u00e9 stoly, stoli\u010dky, n\u00e1bytok, svietidl\u00e1...","publisher":{"@id":"https:\/\/www.ikuchyne.sk\/eshop\/#organization"},"potentialAction":[{"@type":"SearchAction","target":{"@type":"EntryPoint","urlTemplate":"https:\/\/www.ikuchyne.sk\/eshop\/?s={search_term_string}"},"query-input":"required name=search_term_string"}],"inLanguage":"sk-SK"},{"@type":"Organization","@id":"https:\/\/www.ikuchyne.sk\/eshop\/#organization","name":"ikuchyne!","url":"https:\/\/www.ikuchyne.sk\/eshop\/","logo":{"@type":"ImageObject","inLanguage":"sk-SK","@id":"https:\/\/www.ikuchyne.sk\/eshop\/#\/schema\/logo\/image\/","url":"https:\/\/www.ikuchyne.sk\/eshop\/wp-content\/uploads\/2017\/04\/ikuchyne-logo.jpg","contentUrl":"https:\/\/www.ikuchyne.sk\/eshop\/wp-content\/uploads\/2017\/04\/ikuchyne-logo.jpg","width":200,"height":48,"caption":"ikuchyne!"},"image":{"@id":"https:\/\/www.ikuchyne.sk\/eshop\/#\/schema\/logo\/image\/"},"sameAs":["https:\/\/www.facebook.com\/ikuchyne\/","https:\/\/www.instagram.com\/ikuchyne.sk\/","https:\/\/sk.pinterest.com\/ikuchynesk\/"]}]}},"_links":{"self":[{"href":"https:\/\/www.ikuchyne.sk\/eshop\/wp-json\/wp\/v2\/product\/148208"}],"collection":[{"href":"https:\/\/www.ikuchyne.sk\/eshop\/wp-json\/wp\/v2\/product"}],"about":[{"href":"https:\/\/www.ikuchyne.sk\/eshop\/wp-json\/wp\/v2\/types\/product"}],"replies":[{"embeddable":true,"href":"https:\/\/www.ikuchyne.sk\/eshop\/wp-json\/wp\/v2\/comments?post=148208"}],"wp:featuredmedia":[{"embeddable":true,"href":"https:\/\/www.ikuchyne.sk\/eshop\/wp-json\/wp\/v2\/media\/148209"}],"wp:attachment":[{"href":"https:\/\/www.ikuchyne.sk\/eshop\/wp-json\/wp\/v2\/media?parent=148208"}],"wp:term":[{"taxonomy":"product_cat","embeddable":true,"href":"https:\/\/www.ikuchyne.sk\/eshop\/wp-json\/wp\/v2\/product_cat?post=148208"},{"taxonomy":"product_tag","embeddable":true,"href":"https:\/\/www.ikuchyne.sk\/eshop\/wp-json\/wp\/v2\/product_tag?post=148208"}],"curies":[{"name":"wp","href":"https:\/\/api.w.org\/{rel}","templated":true}]}}