{"id":149097,"date":"2021-03-04T11:13:49","date_gmt":"2021-03-04T10:13:49","guid":{"rendered":"https:\/\/www.ikuchyne.sk\/eshop\/?post_type=product&#038;p=149097"},"modified":"2021-04-26T06:29:00","modified_gmt":"2021-04-26T04:29:00","slug":"kancelarska-stolicka-euphoria-biela-umela-koza","status":"publish","type":"product","link":"https:\/\/www.ikuchyne.sk\/eshop\/produkt\/kancelarska-stolicka-euphoria-biela-umela-koza\/","title":{"rendered":"Kancel\u00e1rska stoli\u010dka Euphoria biela umel\u00e1 ko\u017ea \u00bb"},"content":{"rendered":"<h1>Kancel\u00e1rska stoli\u010dka Euphoria biela umel\u00e1 ko\u017ea \u00bb<\/h1>\n<h4><strong>V\u0161eobecn\u00fd popis:<\/strong><\/h4>\n<p>Elegantn\u00e1 kancel\u00e1rska stoli\u010dka Euphoria biela umel\u00e1 ko\u017ea s po\u0165ahom z vysoko kvalitnej syntetickej ko\u017ee. Sedadlo sa d\u00e1 pohodlne nastavi\u0165 na v\u00fd\u0161ku. V\u010faka piatim kolieskam s hladk\u00fdm chodom je mo\u017en\u00e9 stoli\u010dku bez probl\u00e9mov pos\u00fava\u0165. Dajte svojej kancel\u00e1rii nov\u00fd modern\u00fd vzh\u013ead s retro n\u00e1dychom!<\/p>\n<p>Pohodlie je ve\u013emi d\u00f4le\u017eit\u00e9! Ak h\u013ead\u00e1te obzvl\u00e1\u0161\u0165 pohodln\u00fa kancel\u00e1rsku stoli\u010dku so skvel\u00fdm dizajnom, kancel\u00e1rska stoli\u010dka Euphoria biela umel\u00e1 ko\u017ea je spr\u00e1vna vo\u013eba. Na\u0161a pohodln\u00e1 klasika s extra hrub\u00fdm \u010dal\u00fanen\u00edm na sedadle a operadle zaujme nad\u010dasov\u00fdm a trendov\u00fdm modern\u00fdm dizajnom. \u010cierny kovov\u00fd r\u00e1m s piatimi kolieskami s hladk\u00fdm chodom vytv\u00e1ra skvel\u00fd kontrast s bielym po\u0165ahom sedadla a zaru\u010duje, \u017ee je mo\u017en\u00e9 s n\u00edm bez n\u00e1mahy pohybova\u0165 na akomko\u013evek povrchu.<\/p>\n<p>\u0160t\u00fdlov\u00e1 oto\u010dn\u00e1 stoli\u010dka obohat\u00ed va\u0161u kacel\u00e1riu. Sedadlov\u00fa \u010das\u0165 kancel\u00e1rskej stoli\u010dky je mo\u017en\u00e9 tie\u017e oto\u010di\u0165 a v\u00fd\u0161kovo nastavi\u0165 a\u017e o 10 cm &#8211; m\u00f4\u017eete sa teda te\u0161i\u0165 na obzvl\u00e1\u0161\u0165 flexibiln\u00e9 sedenie. V\u010faka elegantn\u00e9mu a absol\u00fatne nad\u010dasov\u00e9mu dizajnu je mo\u017en\u00e9 stoli\u010dku kombinova\u0165 s dizajnovo r\u00f4znymi pracovn\u00fdmi stolmi, sta\u010d\u00ed to len vysk\u00fa\u0161a\u0165!<\/p>\n<h4><strong>Detaily produktu:<\/strong><\/h4>\n<p>V\u010faka kolieskam s hladk\u00fdm chodom sa d\u00e1 stoli\u010dka \u013eahko pos\u00fava\u0165. Sedadlo je mo\u017en\u00e9 nastavi\u0165 na v\u00fd\u0161ku a\u017e o 10 cm. Po\u0165ah zo syntetickej ko\u017ee je odoln\u00fd a nen\u00e1ro\u010dn\u00fd na \u00fadr\u017ebu. Max. nosnos\u0165: cca 120 kg. Vhodn\u00e9 bytov\u00e9 doplnky \u010di stoly pre kombinovanie interi\u00e9ru s touto stoli\u010dkou n\u00e1jdete na na\u0161om e-shope v sekcii Bytov\u00e9 doplnky a Stoly. Kontaktujte n\u00e1s a my v\u00e1m radi pom\u00f4\u017eeme s v\u00fdberom vhodn\u00fdch dekor\u00e1ci\u00ed a n\u00e1bytku.<\/p>\n<p><strong>Rozmery (cca):<br \/>\n<\/strong>58cm x 81-91cm x 61cm (\u0160xVxH)<\/p>\n<p><b>Farba:\u00a0<\/b>biela, \u010dierna &#8211; Retro \u0161t\u00fdl<br \/>\n<b>Materi\u00e1l:<br \/>\n<\/b>Po\u0165ah: umel\u00e1 ko\u017ea, 100% polyurethan<br \/>\nR\u00e1m: kov<br \/>\n5x kolieska<\/p>\n<p><strong>T\u00fato stoli\u010dku m\u00f4\u017eete n\u00e1js\u0165 aj v in\u00fdch farebn\u00fdch prevedeniach:<\/strong><\/p>\n<ul>\n<li>hor\u010dicovo \u017elt\u00e1<\/li>\n<li>tmav\u00e1 siv\u00e1<\/li>\n<\/ul>\n<p>Dodato\u010dn\u00e9 inform\u00e1cie:<\/p>\n<p>V pr\u00edpade z\u00e1ujmu o in\u00e9 stoli\u010dky &#8211; jed\u00e1lensk\u00e9, barov\u00e9, kancel\u00e1rske, nav\u0161t\u00edvte sekciu stoli\u010dky na <a href=\"https:\/\/www.ikuchyne.sk\/eshop\/kategoria\/stolicky\/\">www.ikuchyne.sk\/eshop<\/a><br \/>\nV pr\u00edpade z\u00e1ujmu o n\u00e1bytok na mieru n\u00e1s kontaktuje na <a href=\"http:\/\/www.ikuchyne.sk\">www.ikuchyne.sk<\/a><\/p>\n","protected":false},"excerpt":{"rendered":"<p>Kancel\u00e1rska stoli\u010dka Euphoria biela umel\u00e1 ko\u017ea \u00bb V\u0161eobecn\u00fd popis: Elegantn\u00e1 kancel\u00e1rska stoli\u010dka Euphoria biela umel\u00e1 ko\u017ea s po\u0165ahom z vysoko kvalitnej syntetickej ko\u017ee. Sedadlo sa d\u00e1 pohodlne nastavi\u0165 na v\u00fd\u0161ku.<\/p>\n","protected":false},"featured_media":149946,"comment_status":"closed","ping_status":"closed","template":"","meta":[],"product_cat":[772,288,309],"product_tag":[193,187,2953],"yoast_head":"<!-- This site is optimized with the Yoast SEO plugin v22.1 - https:\/\/yoast.com\/wordpress\/plugins\/seo\/ -->\n<title>Kancel\u00e1rska stoli\u010dka Euphoria biela ko\u017ea &#187; iKuchyne iSHOP s n\u00e1bytkom<\/title>\n<meta name=\"description\" content=\"Kancel\u00e1rska stoli\u010dka Euphoria biela umel\u00e1 ko\u017ea \u00bb r\u00fdchle dodanie, poradenstvo, n\u00e1bytok skladom, ktor\u00e1 bude dominantou dom\u00e1cnosti s ikuchyne.sk\" \/>\n<meta name=\"robots\" content=\"index, follow, max-snippet:-1, max-image-preview:large, max-video-preview:-1\" \/>\n<link rel=\"canonical\" href=\"https:\/\/www.ikuchyne.sk\/eshop\/produkt\/kancelarska-stolicka-euphoria-biela-umela-koza\/\" \/>\n<meta property=\"og:locale\" content=\"sk_SK\" \/>\n<meta property=\"og:type\" content=\"article\" \/>\n<meta property=\"og:title\" content=\"Kancel\u00e1rska stoli\u010dka Euphoria biela ko\u017ea &#187; iKuchyne iSHOP s n\u00e1bytkom\" \/>\n<meta property=\"og:description\" content=\"Kancel\u00e1rska stoli\u010dka Euphoria biela umel\u00e1 ko\u017ea \u00bb r\u00fdchle dodanie, poradenstvo, n\u00e1bytok skladom, ktor\u00e1 bude dominantou dom\u00e1cnosti s ikuchyne.sk\" \/>\n<meta property=\"og:url\" content=\"https:\/\/www.ikuchyne.sk\/eshop\/produkt\/kancelarska-stolicka-euphoria-biela-umela-koza\/\" \/>\n<meta property=\"og:site_name\" content=\"iKuchyne iSHOP s n\u00e1bytkom\" \/>\n<meta property=\"article:publisher\" content=\"https:\/\/www.facebook.com\/ikuchyne\/\" \/>\n<meta property=\"article:modified_time\" content=\"2021-04-26T04:29:00+00:00\" \/>\n<meta property=\"og:image\" content=\"https:\/\/www.ikuchyne.sk\/eshop\/wp-content\/uploads\/2021\/01\/file0040313.jpg\" \/>\n\t<meta property=\"og:image:width\" content=\"800\" \/>\n\t<meta property=\"og:image:height\" content=\"533\" \/>\n\t<meta property=\"og:image:type\" content=\"image\/jpeg\" \/>\n<meta name=\"twitter:card\" content=\"summary_large_image\" \/>\n<meta name=\"twitter:label1\" content=\"Predpokladan\u00fd \u010das \u010d\u00edtania\" \/>\n\t<meta name=\"twitter:data1\" content=\"2 min\u00faty\" \/>\n<script type=\"application\/ld+json\" class=\"yoast-schema-graph\">{\"@context\":\"https:\/\/schema.org\",\"@graph\":[{\"@type\":\"WebPage\",\"@id\":\"https:\/\/www.ikuchyne.sk\/eshop\/produkt\/kancelarska-stolicka-euphoria-biela-umela-koza\/\",\"url\":\"https:\/\/www.ikuchyne.sk\/eshop\/produkt\/kancelarska-stolicka-euphoria-biela-umela-koza\/\",\"name\":\"Kancel\u00e1rska stoli\u010dka Euphoria biela ko\u017ea &#187; iKuchyne iSHOP s n\u00e1bytkom\",\"isPartOf\":{\"@id\":\"https:\/\/www.ikuchyne.sk\/eshop\/#website\"},\"datePublished\":\"2021-03-04T10:13:49+00:00\",\"dateModified\":\"2021-04-26T04:29:00+00:00\",\"description\":\"Kancel\u00e1rska stoli\u010dka Euphoria biela umel\u00e1 ko\u017ea \u00bb r\u00fdchle dodanie, poradenstvo, n\u00e1bytok skladom, ktor\u00e1 bude dominantou dom\u00e1cnosti s ikuchyne.sk\",\"breadcrumb\":{\"@id\":\"https:\/\/www.ikuchyne.sk\/eshop\/produkt\/kancelarska-stolicka-euphoria-biela-umela-koza\/#breadcrumb\"},\"inLanguage\":\"sk-SK\",\"potentialAction\":[{\"@type\":\"ReadAction\",\"target\":[\"https:\/\/www.ikuchyne.sk\/eshop\/produkt\/kancelarska-stolicka-euphoria-biela-umela-koza\/\"]}]},{\"@type\":\"BreadcrumbList\",\"@id\":\"https:\/\/www.ikuchyne.sk\/eshop\/produkt\/kancelarska-stolicka-euphoria-biela-umela-koza\/#breadcrumb\",\"itemListElement\":[{\"@type\":\"ListItem\",\"position\":1,\"name\":\"Home\",\"item\":\"https:\/\/www.ikuchyne.sk\/eshop\/\"},{\"@type\":\"ListItem\",\"position\":2,\"name\":\"Obchod\",\"item\":\"https:\/\/www.ikuchyne.sk\/eshop\/obchod\/\"},{\"@type\":\"ListItem\",\"position\":3,\"name\":\"Kancel\u00e1rska stoli\u010dka Euphoria biela umel\u00e1 ko\u017ea \u00bb\"}]},{\"@type\":\"WebSite\",\"@id\":\"https:\/\/www.ikuchyne.sk\/eshop\/#website\",\"url\":\"https:\/\/www.ikuchyne.sk\/eshop\/\",\"name\":\"iKuchyne iSHOP s n\u00e1bytkom\",\"description\":\"Jed\u00e1lensk\u00e9 stoly, stoli\u010dky, n\u00e1bytok, svietidl\u00e1...\",\"publisher\":{\"@id\":\"https:\/\/www.ikuchyne.sk\/eshop\/#organization\"},\"potentialAction\":[{\"@type\":\"SearchAction\",\"target\":{\"@type\":\"EntryPoint\",\"urlTemplate\":\"https:\/\/www.ikuchyne.sk\/eshop\/?s={search_term_string}\"},\"query-input\":\"required name=search_term_string\"}],\"inLanguage\":\"sk-SK\"},{\"@type\":\"Organization\",\"@id\":\"https:\/\/www.ikuchyne.sk\/eshop\/#organization\",\"name\":\"ikuchyne!\",\"url\":\"https:\/\/www.ikuchyne.sk\/eshop\/\",\"logo\":{\"@type\":\"ImageObject\",\"inLanguage\":\"sk-SK\",\"@id\":\"https:\/\/www.ikuchyne.sk\/eshop\/#\/schema\/logo\/image\/\",\"url\":\"https:\/\/www.ikuchyne.sk\/eshop\/wp-content\/uploads\/2017\/04\/ikuchyne-logo.jpg\",\"contentUrl\":\"https:\/\/www.ikuchyne.sk\/eshop\/wp-content\/uploads\/2017\/04\/ikuchyne-logo.jpg\",\"width\":200,\"height\":48,\"caption\":\"ikuchyne!\"},\"image\":{\"@id\":\"https:\/\/www.ikuchyne.sk\/eshop\/#\/schema\/logo\/image\/\"},\"sameAs\":[\"https:\/\/www.facebook.com\/ikuchyne\/\",\"https:\/\/www.instagram.com\/ikuchyne.sk\/\",\"https:\/\/sk.pinterest.com\/ikuchynesk\/\"]}]}<\/script>\n<!-- \/ Yoast SEO plugin. -->","yoast_head_json":{"title":"Kancel\u00e1rska stoli\u010dka Euphoria biela ko\u017ea &#187; iKuchyne iSHOP s n\u00e1bytkom","description":"Kancel\u00e1rska stoli\u010dka Euphoria biela umel\u00e1 ko\u017ea \u00bb r\u00fdchle dodanie, poradenstvo, n\u00e1bytok skladom, ktor\u00e1 bude dominantou dom\u00e1cnosti s ikuchyne.sk","robots":{"index":"index","follow":"follow","max-snippet":"max-snippet:-1","max-image-preview":"max-image-preview:large","max-video-preview":"max-video-preview:-1"},"canonical":"https:\/\/www.ikuchyne.sk\/eshop\/produkt\/kancelarska-stolicka-euphoria-biela-umela-koza\/","og_locale":"sk_SK","og_type":"article","og_title":"Kancel\u00e1rska stoli\u010dka Euphoria biela ko\u017ea &#187; iKuchyne iSHOP s n\u00e1bytkom","og_description":"Kancel\u00e1rska stoli\u010dka Euphoria biela umel\u00e1 ko\u017ea \u00bb r\u00fdchle dodanie, poradenstvo, n\u00e1bytok skladom, ktor\u00e1 bude dominantou dom\u00e1cnosti s ikuchyne.sk","og_url":"https:\/\/www.ikuchyne.sk\/eshop\/produkt\/kancelarska-stolicka-euphoria-biela-umela-koza\/","og_site_name":"iKuchyne iSHOP s n\u00e1bytkom","article_publisher":"https:\/\/www.facebook.com\/ikuchyne\/","article_modified_time":"2021-04-26T04:29:00+00:00","og_image":[{"width":800,"height":533,"url":"https:\/\/www.ikuchyne.sk\/eshop\/wp-content\/uploads\/2021\/01\/file0040313.jpg","type":"image\/jpeg"}],"twitter_card":"summary_large_image","twitter_misc":{"Predpokladan\u00fd \u010das \u010d\u00edtania":"2 min\u00faty"},"schema":{"@context":"https:\/\/schema.org","@graph":[{"@type":"WebPage","@id":"https:\/\/www.ikuchyne.sk\/eshop\/produkt\/kancelarska-stolicka-euphoria-biela-umela-koza\/","url":"https:\/\/www.ikuchyne.sk\/eshop\/produkt\/kancelarska-stolicka-euphoria-biela-umela-koza\/","name":"Kancel\u00e1rska stoli\u010dka Euphoria biela ko\u017ea &#187; iKuchyne iSHOP s n\u00e1bytkom","isPartOf":{"@id":"https:\/\/www.ikuchyne.sk\/eshop\/#website"},"datePublished":"2021-03-04T10:13:49+00:00","dateModified":"2021-04-26T04:29:00+00:00","description":"Kancel\u00e1rska stoli\u010dka Euphoria biela umel\u00e1 ko\u017ea \u00bb r\u00fdchle dodanie, poradenstvo, n\u00e1bytok skladom, ktor\u00e1 bude dominantou dom\u00e1cnosti s ikuchyne.sk","breadcrumb":{"@id":"https:\/\/www.ikuchyne.sk\/eshop\/produkt\/kancelarska-stolicka-euphoria-biela-umela-koza\/#breadcrumb"},"inLanguage":"sk-SK","potentialAction":[{"@type":"ReadAction","target":["https:\/\/www.ikuchyne.sk\/eshop\/produkt\/kancelarska-stolicka-euphoria-biela-umela-koza\/"]}]},{"@type":"BreadcrumbList","@id":"https:\/\/www.ikuchyne.sk\/eshop\/produkt\/kancelarska-stolicka-euphoria-biela-umela-koza\/#breadcrumb","itemListElement":[{"@type":"ListItem","position":1,"name":"Home","item":"https:\/\/www.ikuchyne.sk\/eshop\/"},{"@type":"ListItem","position":2,"name":"Obchod","item":"https:\/\/www.ikuchyne.sk\/eshop\/obchod\/"},{"@type":"ListItem","position":3,"name":"Kancel\u00e1rska stoli\u010dka Euphoria biela umel\u00e1 ko\u017ea \u00bb"}]},{"@type":"WebSite","@id":"https:\/\/www.ikuchyne.sk\/eshop\/#website","url":"https:\/\/www.ikuchyne.sk\/eshop\/","name":"iKuchyne iSHOP s n\u00e1bytkom","description":"Jed\u00e1lensk\u00e9 stoly, stoli\u010dky, n\u00e1bytok, svietidl\u00e1...","publisher":{"@id":"https:\/\/www.ikuchyne.sk\/eshop\/#organization"},"potentialAction":[{"@type":"SearchAction","target":{"@type":"EntryPoint","urlTemplate":"https:\/\/www.ikuchyne.sk\/eshop\/?s={search_term_string}"},"query-input":"required name=search_term_string"}],"inLanguage":"sk-SK"},{"@type":"Organization","@id":"https:\/\/www.ikuchyne.sk\/eshop\/#organization","name":"ikuchyne!","url":"https:\/\/www.ikuchyne.sk\/eshop\/","logo":{"@type":"ImageObject","inLanguage":"sk-SK","@id":"https:\/\/www.ikuchyne.sk\/eshop\/#\/schema\/logo\/image\/","url":"https:\/\/www.ikuchyne.sk\/eshop\/wp-content\/uploads\/2017\/04\/ikuchyne-logo.jpg","contentUrl":"https:\/\/www.ikuchyne.sk\/eshop\/wp-content\/uploads\/2017\/04\/ikuchyne-logo.jpg","width":200,"height":48,"caption":"ikuchyne!"},"image":{"@id":"https:\/\/www.ikuchyne.sk\/eshop\/#\/schema\/logo\/image\/"},"sameAs":["https:\/\/www.facebook.com\/ikuchyne\/","https:\/\/www.instagram.com\/ikuchyne.sk\/","https:\/\/sk.pinterest.com\/ikuchynesk\/"]}]}},"_links":{"self":[{"href":"https:\/\/www.ikuchyne.sk\/eshop\/wp-json\/wp\/v2\/product\/149097"}],"collection":[{"href":"https:\/\/www.ikuchyne.sk\/eshop\/wp-json\/wp\/v2\/product"}],"about":[{"href":"https:\/\/www.ikuchyne.sk\/eshop\/wp-json\/wp\/v2\/types\/product"}],"replies":[{"embeddable":true,"href":"https:\/\/www.ikuchyne.sk\/eshop\/wp-json\/wp\/v2\/comments?post=149097"}],"wp:featuredmedia":[{"embeddable":true,"href":"https:\/\/www.ikuchyne.sk\/eshop\/wp-json\/wp\/v2\/media\/149946"}],"wp:attachment":[{"href":"https:\/\/www.ikuchyne.sk\/eshop\/wp-json\/wp\/v2\/media?parent=149097"}],"wp:term":[{"taxonomy":"product_cat","embeddable":true,"href":"https:\/\/www.ikuchyne.sk\/eshop\/wp-json\/wp\/v2\/product_cat?post=149097"},{"taxonomy":"product_tag","embeddable":true,"href":"https:\/\/www.ikuchyne.sk\/eshop\/wp-json\/wp\/v2\/product_tag?post=149097"}],"curies":[{"name":"wp","href":"https:\/\/api.w.org\/{rel}","templated":true}]}}