{"id":149203,"date":"2021-03-04T13:14:57","date_gmt":"2021-03-04T12:14:57","guid":{"rendered":"https:\/\/www.ikuchyne.sk\/eshop\/?post_type=product&#038;p=149203"},"modified":"2023-08-09T11:02:15","modified_gmt":"2023-08-09T09:02:15","slug":"jedalensky-stol-iron-craft-ii-180-cm-sheesham-hnedy-45-mm","status":"publish","type":"product","link":"https:\/\/www.ikuchyne.sk\/eshop\/produkt\/jedalensky-stol-iron-craft-ii-180-cm-sheesham-hnedy-45-mm\/","title":{"rendered":"Jed\u00e1lensk\u00fd st\u00f4l Iron Craft II 180 cm sheesham hned\u00fd 45 mm \u00bb"},"content":{"rendered":"<h1>Jed\u00e1lensk\u00fd st\u00f4l Iron Craft II 180 cm sheesham 45 mm \u00bb<\/h1>\n<h4><strong>V\u0161eobecn\u00fd popis:<\/strong><\/h4>\n<p>Jed\u00e1lensk\u00fd st\u00f4l Iron Craft II 180 cm sheesham 45 mm je pr\u00edrodn\u00fd dreven\u00fd kus n\u00e1bytku nielen do interi\u00e9ru. Fenomen\u00e1lne dod\u00e1 konzistenciu v\u0161estrann\u00e9mu usporiadaniu v klasickom monochromatickom byte s tehlou na stene, bet\u00f3nom, parketami na podlahe, priemyseln\u00fdmi lampami alebo kovov\u00fdmi prvkami. Surov\u00e9 interi\u00e9ry, do ktor\u00fdch kolekcia Iron Craft perfektne zapadne, s\u00fa vynikaj\u00facim z\u00e1kladom pre aran\u017eovanie r\u00f4znych \u0161t\u00fdlov. Nerovnos\u0165 sa zjednocuje a drevo v\u00e1m umo\u017e\u0148uje zachova\u0165 klasiku a pokoj. Cel\u00e1 kolekcia Iron Craft sa nesie v industri\u00e1lnom \u0161t\u00fdle. je ide\u00e1lny pre spolo\u010dn\u00e9 posedenie s rodinou a priate\u013emi, ktor\u00fd m\u00f4\u017eete ve\u013emi pekne kombinova\u0165 s in\u00fdm n\u00e1bytkom z rovnakej s\u00e9rie Iron Craft, pr\u00edpadne si nechajte poradi\u0165 na\u0161imi ochotn\u00fdmi odborn\u00edkmi, ak\u00fd n\u00e1bytok, \u010di u\u017e pr\u00edborn\u00edky, komody alebo jed\u00e1lensk\u00e9 stoli\u010dky je mo\u017en\u00e9 kombinova\u0165 s jed\u00e1lensk\u00fdm stolom zo sheeshamov\u00e9ho dreva. V\u00fdberom vhodn\u00fdch bytov\u00fdch doplnkov docielite, \u017ee va\u0161a miestnos\u0165 s jed\u00e1lensk\u00fdm stolom Iron Craft bude jednou z najob\u013e\u00fabenej\u0161\u00edch miestnost\u00ed vo va\u0161om dome \u010di byte. Lakovan\u00e9 mas\u00edvne le\u0161ten\u00e9 drevo Sheesham &#8211; pr\u00edrodn\u00e9 uzly vyskytuj\u00face sa v \u0161trukt\u00fare dreva (z\u00e1merne zachovan\u00e9 pri v\u00fdrobe) zd\u00f4raz\u0148uj\u00fa autenticitu a pr\u00edrodn\u00fa kr\u00e1su stola, \u010do dokazuje jeho originalitu a jedine\u010dnos\u0165 dreva. Ide o pr\u00edrodn\u00fd produkt, preto drevo m\u00f4\u017ee obsahova\u0165 nepravidelnosti, hr\u010de, zmenu farby, \u0161krabance, mal\u00e9 praskliny &#8211; v\u0161etky vlastnosti, ktor\u00e9 s\u00fa neoddelite\u013enou s\u00fa\u010das\u0165ou pr\u00edrodn\u00e9ho dreva.<\/p>\n<p><strong>Rozmery (cca):<br \/>\n<\/strong>180cm x 77cm x 90cm (\u0160xVxH)<\/p>\n<p><b>Farba: <\/b>pr\u00edrodn\u00e1 hned\u00e1, \u010dierna<br \/>\n<b>Materi\u00e1l:<br \/>\n<\/b>Doska stola: mas\u00edvne drevo, sheesham, lakovan\u00e9<br \/>\nR\u00e1m: kov<\/p>\n<h4><strong>\u010eal\u0161ie inform\u00e1cie:<\/strong><\/h4>\n<p>Ka\u017ed\u00fd st\u00f4l je unik\u00e1t, tak\u017ee jednotliv\u00e9 kusy sa m\u00f4\u017eu od seba mierne l\u00ed\u0161i\u0165.\u00a0 Originalita dreva je sp\u00f4soben\u00e1 \u0161irokou \u0161k\u00e1lou farieb a kresieb. N\u00e1bytok z mangov\u00e9ho dreva sa st\u00e1va st\u00e1le viac popul\u00e1rnym v\u010faka vysokej trv\u00e1cnosti a odolnosti.<\/p>\n<h4><strong>Tento jed\u00e1lensk\u00fd st\u00f4l sa tie\u017e vyr\u00e1ba aj v t\u00fdchto ve\u013ekostiach:<\/strong><\/h4>\n<p>90 x 160 cm \u2013 45 mm<br \/>\n100 x 200 cm \u2013 45 mm<\/p>\n<p>Dodato\u010dn\u00e9 inform\u00e1cie:<\/p>\n<p>V pr\u00edpade z\u00e1ujmu o in\u00e9 jed\u00e1lensk\u00e9 stoly, nav\u0161t\u00edvte sekciu jed\u00e1lensk\u00e9 stoly na <a href=\"https:\/\/www.ikuchyne.sk\/eshop\/kategoria\/jedalenske-stoly\/\">www.ikuchyne.sk\/eshop<\/a><br \/>\nV pr\u00edpade z\u00e1ujmu o n\u00e1bytok na mieru n\u00e1s kontaktuje na <a href=\"http:\/\/www.ikuchyne.sk\">www.ikuchyne.sk<\/a><\/p>\n","protected":false},"excerpt":{"rendered":"<p>Jed\u00e1lensk\u00fd st\u00f4l Iron Craft II 180 cm sheesham 45 mm \u00bb V\u0161eobecn\u00fd popis: Jed\u00e1lensk\u00fd st\u00f4l Iron Craft II 180 cm sheesham 45 mm je pr\u00edrodn\u00fd dreven\u00fd kus n\u00e1bytku nielen do<\/p>\n","protected":false},"featured_media":161890,"comment_status":"closed","ping_status":"closed","template":"","meta":[],"product_cat":[591,298,855,847,846,848,772,287],"product_tag":[256,272],"yoast_head":"<!-- This site is optimized with the Yoast SEO plugin v22.1 - https:\/\/yoast.com\/wordpress\/plugins\/seo\/ -->\n<title>Jed\u00e1lensk\u00fd st\u00f4l Iron Craft II 180 cm 45 mm &#187; iKuchyne iSHOP s n\u00e1bytkom<\/title>\n<meta name=\"description\" content=\"Jed\u00e1lensk\u00fd st\u00f4l Iron Craft II 180 cm sheesham hned\u00fd 45 mm \u00bb r\u00fdchle dodanie, poradenstvo, n\u00e1bytok skladom, ktor\u00fd bude dominantou dom\u00e1cnosti.\" \/>\n<meta name=\"robots\" content=\"index, follow, max-snippet:-1, max-image-preview:large, max-video-preview:-1\" \/>\n<link rel=\"canonical\" href=\"https:\/\/www.ikuchyne.sk\/eshop\/produkt\/jedalensky-stol-iron-craft-ii-180-cm-sheesham-hnedy-45-mm\/\" \/>\n<meta property=\"og:locale\" content=\"sk_SK\" \/>\n<meta property=\"og:type\" content=\"article\" \/>\n<meta property=\"og:title\" content=\"Jed\u00e1lensk\u00fd st\u00f4l Iron Craft II 180 cm 45 mm &#187; iKuchyne iSHOP s n\u00e1bytkom\" \/>\n<meta property=\"og:description\" content=\"Jed\u00e1lensk\u00fd st\u00f4l Iron Craft II 180 cm sheesham hned\u00fd 45 mm \u00bb r\u00fdchle dodanie, poradenstvo, n\u00e1bytok skladom, ktor\u00fd bude dominantou dom\u00e1cnosti.\" \/>\n<meta property=\"og:url\" content=\"https:\/\/www.ikuchyne.sk\/eshop\/produkt\/jedalensky-stol-iron-craft-ii-180-cm-sheesham-hnedy-45-mm\/\" \/>\n<meta property=\"og:site_name\" content=\"iKuchyne iSHOP s n\u00e1bytkom\" \/>\n<meta property=\"article:publisher\" content=\"https:\/\/www.facebook.com\/ikuchyne\/\" \/>\n<meta property=\"article:modified_time\" content=\"2023-08-09T09:02:15+00:00\" \/>\n<meta property=\"og:image\" content=\"https:\/\/www.ikuchyne.sk\/eshop\/wp-content\/uploads\/2021\/03\/Iron-craft-180cm-sheesham-2.jpg\" \/>\n\t<meta property=\"og:image:width\" content=\"666\" \/>\n\t<meta property=\"og:image:height\" content=\"444\" \/>\n\t<meta property=\"og:image:type\" content=\"image\/jpeg\" \/>\n<meta name=\"twitter:card\" content=\"summary_large_image\" \/>\n<meta name=\"twitter:label1\" content=\"Predpokladan\u00fd \u010das \u010d\u00edtania\" \/>\n\t<meta name=\"twitter:data1\" content=\"2 min\u00faty\" \/>\n<script type=\"application\/ld+json\" class=\"yoast-schema-graph\">{\"@context\":\"https:\/\/schema.org\",\"@graph\":[{\"@type\":\"WebPage\",\"@id\":\"https:\/\/www.ikuchyne.sk\/eshop\/produkt\/jedalensky-stol-iron-craft-ii-180-cm-sheesham-hnedy-45-mm\/\",\"url\":\"https:\/\/www.ikuchyne.sk\/eshop\/produkt\/jedalensky-stol-iron-craft-ii-180-cm-sheesham-hnedy-45-mm\/\",\"name\":\"Jed\u00e1lensk\u00fd st\u00f4l Iron Craft II 180 cm 45 mm &#187; iKuchyne iSHOP s n\u00e1bytkom\",\"isPartOf\":{\"@id\":\"https:\/\/www.ikuchyne.sk\/eshop\/#website\"},\"datePublished\":\"2021-03-04T12:14:57+00:00\",\"dateModified\":\"2023-08-09T09:02:15+00:00\",\"description\":\"Jed\u00e1lensk\u00fd st\u00f4l Iron Craft II 180 cm sheesham hned\u00fd 45 mm \u00bb r\u00fdchle dodanie, poradenstvo, n\u00e1bytok skladom, ktor\u00fd bude dominantou dom\u00e1cnosti.\",\"breadcrumb\":{\"@id\":\"https:\/\/www.ikuchyne.sk\/eshop\/produkt\/jedalensky-stol-iron-craft-ii-180-cm-sheesham-hnedy-45-mm\/#breadcrumb\"},\"inLanguage\":\"sk-SK\",\"potentialAction\":[{\"@type\":\"ReadAction\",\"target\":[\"https:\/\/www.ikuchyne.sk\/eshop\/produkt\/jedalensky-stol-iron-craft-ii-180-cm-sheesham-hnedy-45-mm\/\"]}]},{\"@type\":\"BreadcrumbList\",\"@id\":\"https:\/\/www.ikuchyne.sk\/eshop\/produkt\/jedalensky-stol-iron-craft-ii-180-cm-sheesham-hnedy-45-mm\/#breadcrumb\",\"itemListElement\":[{\"@type\":\"ListItem\",\"position\":1,\"name\":\"Home\",\"item\":\"https:\/\/www.ikuchyne.sk\/eshop\/\"},{\"@type\":\"ListItem\",\"position\":2,\"name\":\"Obchod\",\"item\":\"https:\/\/www.ikuchyne.sk\/eshop\/obchod\/\"},{\"@type\":\"ListItem\",\"position\":3,\"name\":\"Jed\u00e1lensk\u00fd st\u00f4l Iron Craft II 180 cm sheesham hned\u00fd 45 mm \u00bb\"}]},{\"@type\":\"WebSite\",\"@id\":\"https:\/\/www.ikuchyne.sk\/eshop\/#website\",\"url\":\"https:\/\/www.ikuchyne.sk\/eshop\/\",\"name\":\"iKuchyne iSHOP s n\u00e1bytkom\",\"description\":\"Jed\u00e1lensk\u00e9 stoly, stoli\u010dky, n\u00e1bytok, svietidl\u00e1...\",\"publisher\":{\"@id\":\"https:\/\/www.ikuchyne.sk\/eshop\/#organization\"},\"potentialAction\":[{\"@type\":\"SearchAction\",\"target\":{\"@type\":\"EntryPoint\",\"urlTemplate\":\"https:\/\/www.ikuchyne.sk\/eshop\/?s={search_term_string}\"},\"query-input\":\"required name=search_term_string\"}],\"inLanguage\":\"sk-SK\"},{\"@type\":\"Organization\",\"@id\":\"https:\/\/www.ikuchyne.sk\/eshop\/#organization\",\"name\":\"ikuchyne!\",\"url\":\"https:\/\/www.ikuchyne.sk\/eshop\/\",\"logo\":{\"@type\":\"ImageObject\",\"inLanguage\":\"sk-SK\",\"@id\":\"https:\/\/www.ikuchyne.sk\/eshop\/#\/schema\/logo\/image\/\",\"url\":\"https:\/\/www.ikuchyne.sk\/eshop\/wp-content\/uploads\/2017\/04\/ikuchyne-logo.jpg\",\"contentUrl\":\"https:\/\/www.ikuchyne.sk\/eshop\/wp-content\/uploads\/2017\/04\/ikuchyne-logo.jpg\",\"width\":200,\"height\":48,\"caption\":\"ikuchyne!\"},\"image\":{\"@id\":\"https:\/\/www.ikuchyne.sk\/eshop\/#\/schema\/logo\/image\/\"},\"sameAs\":[\"https:\/\/www.facebook.com\/ikuchyne\/\",\"https:\/\/www.instagram.com\/ikuchyne.sk\/\",\"https:\/\/sk.pinterest.com\/ikuchynesk\/\"]}]}<\/script>\n<!-- \/ Yoast SEO plugin. -->","yoast_head_json":{"title":"Jed\u00e1lensk\u00fd st\u00f4l Iron Craft II 180 cm 45 mm &#187; iKuchyne iSHOP s n\u00e1bytkom","description":"Jed\u00e1lensk\u00fd st\u00f4l Iron Craft II 180 cm sheesham hned\u00fd 45 mm \u00bb r\u00fdchle dodanie, poradenstvo, n\u00e1bytok skladom, ktor\u00fd bude dominantou dom\u00e1cnosti.","robots":{"index":"index","follow":"follow","max-snippet":"max-snippet:-1","max-image-preview":"max-image-preview:large","max-video-preview":"max-video-preview:-1"},"canonical":"https:\/\/www.ikuchyne.sk\/eshop\/produkt\/jedalensky-stol-iron-craft-ii-180-cm-sheesham-hnedy-45-mm\/","og_locale":"sk_SK","og_type":"article","og_title":"Jed\u00e1lensk\u00fd st\u00f4l Iron Craft II 180 cm 45 mm &#187; iKuchyne iSHOP s n\u00e1bytkom","og_description":"Jed\u00e1lensk\u00fd st\u00f4l Iron Craft II 180 cm sheesham hned\u00fd 45 mm \u00bb r\u00fdchle dodanie, poradenstvo, n\u00e1bytok skladom, ktor\u00fd bude dominantou dom\u00e1cnosti.","og_url":"https:\/\/www.ikuchyne.sk\/eshop\/produkt\/jedalensky-stol-iron-craft-ii-180-cm-sheesham-hnedy-45-mm\/","og_site_name":"iKuchyne iSHOP s n\u00e1bytkom","article_publisher":"https:\/\/www.facebook.com\/ikuchyne\/","article_modified_time":"2023-08-09T09:02:15+00:00","og_image":[{"width":666,"height":444,"url":"https:\/\/www.ikuchyne.sk\/eshop\/wp-content\/uploads\/2021\/03\/Iron-craft-180cm-sheesham-2.jpg","type":"image\/jpeg"}],"twitter_card":"summary_large_image","twitter_misc":{"Predpokladan\u00fd \u010das \u010d\u00edtania":"2 min\u00faty"},"schema":{"@context":"https:\/\/schema.org","@graph":[{"@type":"WebPage","@id":"https:\/\/www.ikuchyne.sk\/eshop\/produkt\/jedalensky-stol-iron-craft-ii-180-cm-sheesham-hnedy-45-mm\/","url":"https:\/\/www.ikuchyne.sk\/eshop\/produkt\/jedalensky-stol-iron-craft-ii-180-cm-sheesham-hnedy-45-mm\/","name":"Jed\u00e1lensk\u00fd st\u00f4l Iron Craft II 180 cm 45 mm &#187; iKuchyne iSHOP s n\u00e1bytkom","isPartOf":{"@id":"https:\/\/www.ikuchyne.sk\/eshop\/#website"},"datePublished":"2021-03-04T12:14:57+00:00","dateModified":"2023-08-09T09:02:15+00:00","description":"Jed\u00e1lensk\u00fd st\u00f4l Iron Craft II 180 cm sheesham hned\u00fd 45 mm \u00bb r\u00fdchle dodanie, poradenstvo, n\u00e1bytok skladom, ktor\u00fd bude dominantou dom\u00e1cnosti.","breadcrumb":{"@id":"https:\/\/www.ikuchyne.sk\/eshop\/produkt\/jedalensky-stol-iron-craft-ii-180-cm-sheesham-hnedy-45-mm\/#breadcrumb"},"inLanguage":"sk-SK","potentialAction":[{"@type":"ReadAction","target":["https:\/\/www.ikuchyne.sk\/eshop\/produkt\/jedalensky-stol-iron-craft-ii-180-cm-sheesham-hnedy-45-mm\/"]}]},{"@type":"BreadcrumbList","@id":"https:\/\/www.ikuchyne.sk\/eshop\/produkt\/jedalensky-stol-iron-craft-ii-180-cm-sheesham-hnedy-45-mm\/#breadcrumb","itemListElement":[{"@type":"ListItem","position":1,"name":"Home","item":"https:\/\/www.ikuchyne.sk\/eshop\/"},{"@type":"ListItem","position":2,"name":"Obchod","item":"https:\/\/www.ikuchyne.sk\/eshop\/obchod\/"},{"@type":"ListItem","position":3,"name":"Jed\u00e1lensk\u00fd st\u00f4l Iron Craft II 180 cm sheesham hned\u00fd 45 mm \u00bb"}]},{"@type":"WebSite","@id":"https:\/\/www.ikuchyne.sk\/eshop\/#website","url":"https:\/\/www.ikuchyne.sk\/eshop\/","name":"iKuchyne iSHOP s n\u00e1bytkom","description":"Jed\u00e1lensk\u00e9 stoly, stoli\u010dky, n\u00e1bytok, svietidl\u00e1...","publisher":{"@id":"https:\/\/www.ikuchyne.sk\/eshop\/#organization"},"potentialAction":[{"@type":"SearchAction","target":{"@type":"EntryPoint","urlTemplate":"https:\/\/www.ikuchyne.sk\/eshop\/?s={search_term_string}"},"query-input":"required name=search_term_string"}],"inLanguage":"sk-SK"},{"@type":"Organization","@id":"https:\/\/www.ikuchyne.sk\/eshop\/#organization","name":"ikuchyne!","url":"https:\/\/www.ikuchyne.sk\/eshop\/","logo":{"@type":"ImageObject","inLanguage":"sk-SK","@id":"https:\/\/www.ikuchyne.sk\/eshop\/#\/schema\/logo\/image\/","url":"https:\/\/www.ikuchyne.sk\/eshop\/wp-content\/uploads\/2017\/04\/ikuchyne-logo.jpg","contentUrl":"https:\/\/www.ikuchyne.sk\/eshop\/wp-content\/uploads\/2017\/04\/ikuchyne-logo.jpg","width":200,"height":48,"caption":"ikuchyne!"},"image":{"@id":"https:\/\/www.ikuchyne.sk\/eshop\/#\/schema\/logo\/image\/"},"sameAs":["https:\/\/www.facebook.com\/ikuchyne\/","https:\/\/www.instagram.com\/ikuchyne.sk\/","https:\/\/sk.pinterest.com\/ikuchynesk\/"]}]}},"_links":{"self":[{"href":"https:\/\/www.ikuchyne.sk\/eshop\/wp-json\/wp\/v2\/product\/149203"}],"collection":[{"href":"https:\/\/www.ikuchyne.sk\/eshop\/wp-json\/wp\/v2\/product"}],"about":[{"href":"https:\/\/www.ikuchyne.sk\/eshop\/wp-json\/wp\/v2\/types\/product"}],"replies":[{"embeddable":true,"href":"https:\/\/www.ikuchyne.sk\/eshop\/wp-json\/wp\/v2\/comments?post=149203"}],"wp:featuredmedia":[{"embeddable":true,"href":"https:\/\/www.ikuchyne.sk\/eshop\/wp-json\/wp\/v2\/media\/161890"}],"wp:attachment":[{"href":"https:\/\/www.ikuchyne.sk\/eshop\/wp-json\/wp\/v2\/media?parent=149203"}],"wp:term":[{"taxonomy":"product_cat","embeddable":true,"href":"https:\/\/www.ikuchyne.sk\/eshop\/wp-json\/wp\/v2\/product_cat?post=149203"},{"taxonomy":"product_tag","embeddable":true,"href":"https:\/\/www.ikuchyne.sk\/eshop\/wp-json\/wp\/v2\/product_tag?post=149203"}],"curies":[{"name":"wp","href":"https:\/\/api.w.org\/{rel}","templated":true}]}}