{"id":151486,"date":"2021-04-30T22:41:30","date_gmt":"2021-04-30T20:41:30","guid":{"rendered":"https:\/\/www.ikuchyne.sk\/eshop\/?post_type=product&#038;p=151486"},"modified":"2024-02-06T01:52:03","modified_gmt":"2024-02-06T00:52:03","slug":"jedalensky-stol-mammut-x-300cm-agat-60mm-honey","status":"publish","type":"product","link":"https:\/\/www.ikuchyne.sk\/eshop\/produkt\/jedalensky-stol-mammut-x-300cm-agat-60mm-honey\/","title":{"rendered":"Jed\u00e1lensk\u00fd st\u00f4l Mammut X 300cm ag\u00e1t 60mm honey \u00bb"},"content":{"rendered":"<h1>Jed\u00e1lensk\u00fd st\u00f4l Mammut X 300cm ag\u00e1t 60mm honey \u00bb<\/h1>\n<h4><strong>V\u0161eobecn\u00fd popis:<\/strong><\/h4>\n<p>Jed\u00e1lensk\u00fd st\u00f4l Mammut X 300cm ag\u00e1t 60mm honey s impozantnou doskou z ag\u00e1tov\u00e9ho dreva. Kovov\u00fd r\u00e1m v tvare X zv\u00fdraz\u0148uje industri\u00e1lny vzh\u013ead tohto jed\u00e1lensk\u00e9ho stola. Ka\u017ed\u00e1 doska stola sa potom ru\u010dne upravuje a dod\u00e1va sa jej medov\u00fd vzh\u013ead. Doprajte v\u00fdnimo\u010dnos\u0165 ka\u017edej spolo\u010dnej chv\u00edle za t\u00fdmto jed\u00e1lensk\u00fdm stolom!<\/p>\n<p>Tento jed\u00e1lensk\u00fd st\u00f4l je skuto\u010dn\u00fdm p\u00fata\u010dom pozornosti. Objavte n\u00e1\u0161 ve\u013ek\u00fd jed\u00e1lensk\u00fd st\u00f4l MAMMUT HONEY s jeho pr\u00edrodnou stolovou doskou v bohatom medovom t\u00f3ne. Ako \u0161peci\u00e1lne zv\u00fdraznenie boli hrany stola spracovan\u00e9 tak, aby si zachovali prirodzen\u00fd tvar dreva. To vytv\u00e1ra dojem, \u017ee ste presne v strede vyrezali ve\u013ek\u00fd strom, aby ste z neho vytvorili horn\u00fa dosku!<\/p>\n<p>Pre zauj\u00edmav\u00fd celkov\u00fd vzh\u013ead vo va\u0161ej jed\u00e1lni. V zlo\u017eitom procese je na jednej strane odstr\u00e1nen\u00e1 k\u00f4ra, na druhej strane s\u00fa okraje br\u00fasen\u00e9, lakovan\u00e9 a povrchovo utesnen\u00e9, aby ste si pri jedle pri tomto jed\u00e1lenskom stole mohli vychutna\u0165 bezstarostn\u00e9 chv\u00edle s priate\u013emi a pr\u00edbuzn\u00fdmi. Ako posledn\u00fd krok sa 6 cm hrub\u00e1 doska stola podrob\u00ed d\u00f4kladnej kontrole kvality a v\u0161etky drsn\u00e9 miesta sa znovu br\u00fasia a le\u0161tia ru\u010dne. Jed\u00e1lensk\u00fd st\u00f4l podopiera kovov\u00fd r\u00e1m v tvare ich, ktor\u00e9 tvoria kontrast s drevenou doskou a dod\u00e1vaj\u00fa stolu n\u00e1dych priemyseln\u00e9ho dizajnu.<\/p>\n<h4><strong>Detaily produktu:<\/strong><\/h4>\n<p>Preto\u017ee sa jedn\u00e1 o pr\u00edrodn\u00fd produkt, ka\u017ed\u00e1 tabu\u013eka je absol\u00fatne jedine\u010dn\u00e1. Nerovnosti, charizmatick\u00e9 uzly, praskliny alebo dokonca rozmerov\u00e9 rozdiely s\u00fa mo\u017en\u00e9 a vytv\u00e1raj\u00fa originalitu a vytv\u00e1raj\u00fa \u010daro mas\u00edvneho dreva. Existuj\u00face trhliny s\u00fa po\u010das procesu v\u00fdroby spojen\u00e9 a stabilizovan\u00e9 spojovac\u00edmi kusmi z rovnak\u00e9ho dreva. Preto m\u00f4\u017eu existova\u0165 farebn\u00e9 odch\u00fdlky. \u017diadny z t\u00fdchto d\u00f4vodov nie je d\u00f4vodom na s\u0165a\u017enos\u0165. Vhodn\u00e9 bytov\u00e9 doplnky pre kombinovanie interi\u00e9ru s t\u00fdmto jed\u00e1lensk\u00fdm stolom n\u00e1jdete na na\u0161om e-shope v sekcii Bytov\u00e9 doplnky. Kontaktujte n\u00e1s a my v\u00e1m radi pom\u00f4\u017eeme s v\u00fdberom vhodn\u00fdch dekor\u00e1ci\u00ed.<\/p>\n<p>Doska stola vyroben\u00e1 z ak\u00e1ciov\u00e9ho dreva in\u0161piruje s bohat\u00fdm medov\u00fdm t\u00f3nom.<\/p>\n<p><b>Rozmery<\/b> (cca):<br \/>\n300 cm x 76 cm x 100 cm (\u0160xVxH)<br \/>\nVonkaj\u0161ia hr\u00fabka stola: 60 mm<\/p>\n<p><strong>Materi\u00e1l:<\/strong><br \/>\nDoska stola: mas\u00edvne drevo, ak\u00e1ciov\u00e9 drevo, lakovan\u00e9<br \/>\nR\u00e1m: kov<\/p>\n<p><strong>Farba<\/strong>: pr\u00edrodn\u00e1, medov\u00e1 povrchov\u00e1 \u00faprava, \u0161ed\u00e1<br \/>\n\u0160ed\u00e1 farba n\u00f4h sa l\u00ed\u0161i v z\u00e1vislosti od dopadu svetla, od tmavej po svetlo\u0161ed\u00fa.<br \/>\nIndustri\u00e1lny \u0161t\u00fdl<\/p>\n<p>Dodato\u010dn\u00e9 inform\u00e1cie:<\/p>\n<p>V pr\u00edpade z\u00e1ujmu o in\u00e9 stoly ako toaletn\u00e9, p\u00edsacie, konferen\u010dn\u00e9 stol\u00edky \u010di jed\u00e1lensk\u00e9 stoly, nav\u0161t\u00edvte sekciu stoly na <a href=\"https:\/\/www.ikuchyne.sk\/eshop\/kategoria\/stoly\/\">www.ikuchyne.sk\/eshop<\/a><br \/>\nV pr\u00edpade z\u00e1ujmu o n\u00e1bytok na mieru n\u00e1s kontaktuje na <a href=\"http:\/\/www.ikuchyne.sk\">www.ikuchyne.sk<\/a><\/p>\n","protected":false},"excerpt":{"rendered":"<p>Jed\u00e1lensk\u00fd st\u00f4l Mammut X 300cm ag\u00e1t 60mm honey \u00bb V\u0161eobecn\u00fd popis: Jed\u00e1lensk\u00fd st\u00f4l Mammut X 300cm ag\u00e1t 60mm honey s impozantnou doskou z ag\u00e1tov\u00e9ho dreva. Kovov\u00fd r\u00e1m v tvare X<\/p>\n","protected":false},"featured_media":151487,"comment_status":"closed","ping_status":"closed","template":"","meta":[],"product_cat":[298,855,847,849,772,287],"product_tag":[256,632,261,620],"yoast_head":"<!-- This site is optimized with the Yoast SEO plugin v22.1 - https:\/\/yoast.com\/wordpress\/plugins\/seo\/ -->\n<title>Jed\u00e1lensk\u00fd st\u00f4l Mammut X 300cm ag\u00e1t &#187; iKuchyne iSHOP s n\u00e1bytkom<\/title>\n<meta name=\"description\" content=\"Jed\u00e1lensk\u00fd st\u00f4l Mammut X 300cm ag\u00e1t 60mm honey \u00bb - r\u00fdchle dodanie, poradenstvo, n\u00e1bytok skladom v Bratislave s ikuchyne.sk. Kuchyne na mieru.\" \/>\n<meta name=\"robots\" content=\"index, follow, max-snippet:-1, max-image-preview:large, max-video-preview:-1\" \/>\n<link rel=\"canonical\" href=\"https:\/\/www.ikuchyne.sk\/eshop\/produkt\/jedalensky-stol-mammut-x-300cm-agat-60mm-honey\/\" \/>\n<meta property=\"og:locale\" content=\"sk_SK\" \/>\n<meta property=\"og:type\" content=\"article\" \/>\n<meta property=\"og:title\" content=\"Jed\u00e1lensk\u00fd st\u00f4l Mammut X 300cm ag\u00e1t &#187; iKuchyne iSHOP s n\u00e1bytkom\" \/>\n<meta property=\"og:description\" content=\"Jed\u00e1lensk\u00fd st\u00f4l Mammut X 300cm ag\u00e1t 60mm honey \u00bb - r\u00fdchle dodanie, poradenstvo, n\u00e1bytok skladom v Bratislave s ikuchyne.sk. Kuchyne na mieru.\" \/>\n<meta property=\"og:url\" content=\"https:\/\/www.ikuchyne.sk\/eshop\/produkt\/jedalensky-stol-mammut-x-300cm-agat-60mm-honey\/\" \/>\n<meta property=\"og:site_name\" content=\"iKuchyne iSHOP s n\u00e1bytkom\" \/>\n<meta property=\"article:publisher\" content=\"https:\/\/www.facebook.com\/ikuchyne\/\" \/>\n<meta property=\"article:modified_time\" content=\"2024-02-06T00:52:03+00:00\" \/>\n<meta property=\"og:image\" content=\"https:\/\/www.ikuchyne.sk\/eshop\/wp-content\/uploads\/2021\/04\/Jed\u00e1lensk\u00fd-st\u00f4l-Mammut-X-300cm-ag\u00e1t-60mm-honey-41343.jpg\" \/>\n\t<meta property=\"og:image:width\" content=\"800\" \/>\n\t<meta property=\"og:image:height\" content=\"533\" \/>\n\t<meta property=\"og:image:type\" content=\"image\/jpeg\" \/>\n<meta name=\"twitter:card\" content=\"summary_large_image\" \/>\n<meta name=\"twitter:label1\" content=\"Predpokladan\u00fd \u010das \u010d\u00edtania\" \/>\n\t<meta name=\"twitter:data1\" content=\"2 min\u00faty\" \/>\n<script type=\"application\/ld+json\" class=\"yoast-schema-graph\">{\"@context\":\"https:\/\/schema.org\",\"@graph\":[{\"@type\":\"WebPage\",\"@id\":\"https:\/\/www.ikuchyne.sk\/eshop\/produkt\/jedalensky-stol-mammut-x-300cm-agat-60mm-honey\/\",\"url\":\"https:\/\/www.ikuchyne.sk\/eshop\/produkt\/jedalensky-stol-mammut-x-300cm-agat-60mm-honey\/\",\"name\":\"Jed\u00e1lensk\u00fd st\u00f4l Mammut X 300cm ag\u00e1t &#187; iKuchyne iSHOP s n\u00e1bytkom\",\"isPartOf\":{\"@id\":\"https:\/\/www.ikuchyne.sk\/eshop\/#website\"},\"datePublished\":\"2021-04-30T20:41:30+00:00\",\"dateModified\":\"2024-02-06T00:52:03+00:00\",\"description\":\"Jed\u00e1lensk\u00fd st\u00f4l Mammut X 300cm ag\u00e1t 60mm honey \u00bb - r\u00fdchle dodanie, poradenstvo, n\u00e1bytok skladom v Bratislave s ikuchyne.sk. Kuchyne na mieru.\",\"breadcrumb\":{\"@id\":\"https:\/\/www.ikuchyne.sk\/eshop\/produkt\/jedalensky-stol-mammut-x-300cm-agat-60mm-honey\/#breadcrumb\"},\"inLanguage\":\"sk-SK\",\"potentialAction\":[{\"@type\":\"ReadAction\",\"target\":[\"https:\/\/www.ikuchyne.sk\/eshop\/produkt\/jedalensky-stol-mammut-x-300cm-agat-60mm-honey\/\"]}]},{\"@type\":\"BreadcrumbList\",\"@id\":\"https:\/\/www.ikuchyne.sk\/eshop\/produkt\/jedalensky-stol-mammut-x-300cm-agat-60mm-honey\/#breadcrumb\",\"itemListElement\":[{\"@type\":\"ListItem\",\"position\":1,\"name\":\"Home\",\"item\":\"https:\/\/www.ikuchyne.sk\/eshop\/\"},{\"@type\":\"ListItem\",\"position\":2,\"name\":\"Obchod\",\"item\":\"https:\/\/www.ikuchyne.sk\/eshop\/obchod\/\"},{\"@type\":\"ListItem\",\"position\":3,\"name\":\"Jed\u00e1lensk\u00fd st\u00f4l Mammut X 300cm ag\u00e1t 60mm honey \u00bb\"}]},{\"@type\":\"WebSite\",\"@id\":\"https:\/\/www.ikuchyne.sk\/eshop\/#website\",\"url\":\"https:\/\/www.ikuchyne.sk\/eshop\/\",\"name\":\"iKuchyne iSHOP s n\u00e1bytkom\",\"description\":\"Jed\u00e1lensk\u00e9 stoly, stoli\u010dky, n\u00e1bytok, svietidl\u00e1...\",\"publisher\":{\"@id\":\"https:\/\/www.ikuchyne.sk\/eshop\/#organization\"},\"potentialAction\":[{\"@type\":\"SearchAction\",\"target\":{\"@type\":\"EntryPoint\",\"urlTemplate\":\"https:\/\/www.ikuchyne.sk\/eshop\/?s={search_term_string}\"},\"query-input\":\"required name=search_term_string\"}],\"inLanguage\":\"sk-SK\"},{\"@type\":\"Organization\",\"@id\":\"https:\/\/www.ikuchyne.sk\/eshop\/#organization\",\"name\":\"ikuchyne!\",\"url\":\"https:\/\/www.ikuchyne.sk\/eshop\/\",\"logo\":{\"@type\":\"ImageObject\",\"inLanguage\":\"sk-SK\",\"@id\":\"https:\/\/www.ikuchyne.sk\/eshop\/#\/schema\/logo\/image\/\",\"url\":\"https:\/\/www.ikuchyne.sk\/eshop\/wp-content\/uploads\/2017\/04\/ikuchyne-logo.jpg\",\"contentUrl\":\"https:\/\/www.ikuchyne.sk\/eshop\/wp-content\/uploads\/2017\/04\/ikuchyne-logo.jpg\",\"width\":200,\"height\":48,\"caption\":\"ikuchyne!\"},\"image\":{\"@id\":\"https:\/\/www.ikuchyne.sk\/eshop\/#\/schema\/logo\/image\/\"},\"sameAs\":[\"https:\/\/www.facebook.com\/ikuchyne\/\",\"https:\/\/www.instagram.com\/ikuchyne.sk\/\",\"https:\/\/sk.pinterest.com\/ikuchynesk\/\"]}]}<\/script>\n<!-- \/ Yoast SEO plugin. -->","yoast_head_json":{"title":"Jed\u00e1lensk\u00fd st\u00f4l Mammut X 300cm ag\u00e1t &#187; iKuchyne iSHOP s n\u00e1bytkom","description":"Jed\u00e1lensk\u00fd st\u00f4l Mammut X 300cm ag\u00e1t 60mm honey \u00bb - r\u00fdchle dodanie, poradenstvo, n\u00e1bytok skladom v Bratislave s ikuchyne.sk. Kuchyne na mieru.","robots":{"index":"index","follow":"follow","max-snippet":"max-snippet:-1","max-image-preview":"max-image-preview:large","max-video-preview":"max-video-preview:-1"},"canonical":"https:\/\/www.ikuchyne.sk\/eshop\/produkt\/jedalensky-stol-mammut-x-300cm-agat-60mm-honey\/","og_locale":"sk_SK","og_type":"article","og_title":"Jed\u00e1lensk\u00fd st\u00f4l Mammut X 300cm ag\u00e1t &#187; iKuchyne iSHOP s n\u00e1bytkom","og_description":"Jed\u00e1lensk\u00fd st\u00f4l Mammut X 300cm ag\u00e1t 60mm honey \u00bb - r\u00fdchle dodanie, poradenstvo, n\u00e1bytok skladom v Bratislave s ikuchyne.sk. Kuchyne na mieru.","og_url":"https:\/\/www.ikuchyne.sk\/eshop\/produkt\/jedalensky-stol-mammut-x-300cm-agat-60mm-honey\/","og_site_name":"iKuchyne iSHOP s n\u00e1bytkom","article_publisher":"https:\/\/www.facebook.com\/ikuchyne\/","article_modified_time":"2024-02-06T00:52:03+00:00","og_image":[{"width":800,"height":533,"url":"https:\/\/www.ikuchyne.sk\/eshop\/wp-content\/uploads\/2021\/04\/Jed\u00e1lensk\u00fd-st\u00f4l-Mammut-X-300cm-ag\u00e1t-60mm-honey-41343.jpg","type":"image\/jpeg"}],"twitter_card":"summary_large_image","twitter_misc":{"Predpokladan\u00fd \u010das \u010d\u00edtania":"2 min\u00faty"},"schema":{"@context":"https:\/\/schema.org","@graph":[{"@type":"WebPage","@id":"https:\/\/www.ikuchyne.sk\/eshop\/produkt\/jedalensky-stol-mammut-x-300cm-agat-60mm-honey\/","url":"https:\/\/www.ikuchyne.sk\/eshop\/produkt\/jedalensky-stol-mammut-x-300cm-agat-60mm-honey\/","name":"Jed\u00e1lensk\u00fd st\u00f4l Mammut X 300cm ag\u00e1t &#187; iKuchyne iSHOP s n\u00e1bytkom","isPartOf":{"@id":"https:\/\/www.ikuchyne.sk\/eshop\/#website"},"datePublished":"2021-04-30T20:41:30+00:00","dateModified":"2024-02-06T00:52:03+00:00","description":"Jed\u00e1lensk\u00fd st\u00f4l Mammut X 300cm ag\u00e1t 60mm honey \u00bb - r\u00fdchle dodanie, poradenstvo, n\u00e1bytok skladom v Bratislave s ikuchyne.sk. Kuchyne na mieru.","breadcrumb":{"@id":"https:\/\/www.ikuchyne.sk\/eshop\/produkt\/jedalensky-stol-mammut-x-300cm-agat-60mm-honey\/#breadcrumb"},"inLanguage":"sk-SK","potentialAction":[{"@type":"ReadAction","target":["https:\/\/www.ikuchyne.sk\/eshop\/produkt\/jedalensky-stol-mammut-x-300cm-agat-60mm-honey\/"]}]},{"@type":"BreadcrumbList","@id":"https:\/\/www.ikuchyne.sk\/eshop\/produkt\/jedalensky-stol-mammut-x-300cm-agat-60mm-honey\/#breadcrumb","itemListElement":[{"@type":"ListItem","position":1,"name":"Home","item":"https:\/\/www.ikuchyne.sk\/eshop\/"},{"@type":"ListItem","position":2,"name":"Obchod","item":"https:\/\/www.ikuchyne.sk\/eshop\/obchod\/"},{"@type":"ListItem","position":3,"name":"Jed\u00e1lensk\u00fd st\u00f4l Mammut X 300cm ag\u00e1t 60mm honey \u00bb"}]},{"@type":"WebSite","@id":"https:\/\/www.ikuchyne.sk\/eshop\/#website","url":"https:\/\/www.ikuchyne.sk\/eshop\/","name":"iKuchyne iSHOP s n\u00e1bytkom","description":"Jed\u00e1lensk\u00e9 stoly, stoli\u010dky, n\u00e1bytok, svietidl\u00e1...","publisher":{"@id":"https:\/\/www.ikuchyne.sk\/eshop\/#organization"},"potentialAction":[{"@type":"SearchAction","target":{"@type":"EntryPoint","urlTemplate":"https:\/\/www.ikuchyne.sk\/eshop\/?s={search_term_string}"},"query-input":"required name=search_term_string"}],"inLanguage":"sk-SK"},{"@type":"Organization","@id":"https:\/\/www.ikuchyne.sk\/eshop\/#organization","name":"ikuchyne!","url":"https:\/\/www.ikuchyne.sk\/eshop\/","logo":{"@type":"ImageObject","inLanguage":"sk-SK","@id":"https:\/\/www.ikuchyne.sk\/eshop\/#\/schema\/logo\/image\/","url":"https:\/\/www.ikuchyne.sk\/eshop\/wp-content\/uploads\/2017\/04\/ikuchyne-logo.jpg","contentUrl":"https:\/\/www.ikuchyne.sk\/eshop\/wp-content\/uploads\/2017\/04\/ikuchyne-logo.jpg","width":200,"height":48,"caption":"ikuchyne!"},"image":{"@id":"https:\/\/www.ikuchyne.sk\/eshop\/#\/schema\/logo\/image\/"},"sameAs":["https:\/\/www.facebook.com\/ikuchyne\/","https:\/\/www.instagram.com\/ikuchyne.sk\/","https:\/\/sk.pinterest.com\/ikuchynesk\/"]}]}},"_links":{"self":[{"href":"https:\/\/www.ikuchyne.sk\/eshop\/wp-json\/wp\/v2\/product\/151486"}],"collection":[{"href":"https:\/\/www.ikuchyne.sk\/eshop\/wp-json\/wp\/v2\/product"}],"about":[{"href":"https:\/\/www.ikuchyne.sk\/eshop\/wp-json\/wp\/v2\/types\/product"}],"replies":[{"embeddable":true,"href":"https:\/\/www.ikuchyne.sk\/eshop\/wp-json\/wp\/v2\/comments?post=151486"}],"wp:featuredmedia":[{"embeddable":true,"href":"https:\/\/www.ikuchyne.sk\/eshop\/wp-json\/wp\/v2\/media\/151487"}],"wp:attachment":[{"href":"https:\/\/www.ikuchyne.sk\/eshop\/wp-json\/wp\/v2\/media?parent=151486"}],"wp:term":[{"taxonomy":"product_cat","embeddable":true,"href":"https:\/\/www.ikuchyne.sk\/eshop\/wp-json\/wp\/v2\/product_cat?post=151486"},{"taxonomy":"product_tag","embeddable":true,"href":"https:\/\/www.ikuchyne.sk\/eshop\/wp-json\/wp\/v2\/product_tag?post=151486"}],"curies":[{"name":"wp","href":"https:\/\/api.w.org\/{rel}","templated":true}]}}