{"id":159923,"date":"2023-02-28T03:07:42","date_gmt":"2023-02-28T02:07:42","guid":{"rendered":"https:\/\/www.ikuchyne.sk\/eshop\/?post_type=product&#038;p=159923"},"modified":"2023-02-28T03:07:43","modified_gmt":"2023-02-28T02:07:43","slug":"barova-stolicka-the-dutch-comfort-horcicovo-zlta-zamat","status":"publish","type":"product","link":"https:\/\/www.ikuchyne.sk\/eshop\/produkt\/barova-stolicka-the-dutch-comfort-horcicovo-zlta-zamat\/","title":{"rendered":"Barov\u00e1 stoli\u010dka The Dutch Comfort hor\u010dicovo \u017elt\u00e1 zamat"},"content":{"rendered":"<p>Sedacia \u010das\u0165 je obzvl\u00e1\u0161\u0165 hrubo a pohodlne \u010dal\u00fanen\u00e1.<\/p>\n<p><b>Rozmery<\/b> (cca):<br \/>\n53 cm x 105 cm x 53 cm (\u0160xVxH)<br \/>\nSedadlo: 34 cm x 35 cm x 76 cm (\u0160xVxH)<br \/>\nV\u00fd\u0161ka chrbtovej opierky: 32 cm<br \/>\nVzdialenos\u0165 medzi podlahou a opierkou n\u00f4h: 28 cm<br \/>\nmax. nosnos\u0165: cca 130 kg<\/p>\n<p><strong>Materi\u00e1l:<\/strong><br \/>\nPo\u0165ah: zamat (100% polyester)<br \/>\nR\u00e1m: kov<\/p>\n<p>Podno\u017eka | Ozdobn\u00e9 pre\u0161\u00edvanie<\/p>\n<p><strong>Farba<\/strong>: hor\u010dicovo \u017elt\u00e1, \u010dierna<br \/>\nRetro \u0161t\u00fdl<\/p>\n","protected":false},"excerpt":{"rendered":"<p>Sedacia \u010das\u0165 je obzvl\u00e1\u0161\u0165 hrubo a pohodlne \u010dal\u00fanen\u00e1. Rozmery (cca): 53 cm x 105 cm x 53 cm (\u0160xVxH) Sedadlo: 34 cm x 35 cm x 76 cm (\u0160xVxH) V\u00fd\u0161ka<\/p>\n","protected":false},"featured_media":159924,"comment_status":"closed","ping_status":"closed","template":"","meta":[],"product_cat":[311,772,288],"product_tag":[256,690],"yoast_head":"<!-- This site is optimized with the Yoast SEO plugin v22.1 - https:\/\/yoast.com\/wordpress\/plugins\/seo\/ -->\n<title>Barov\u00e1 stoli\u010dka The Dutch Comfort hor\u010dicovo \u017elt\u00e1 zamat &#187; iKuchyne iSHOP s n\u00e1bytkom<\/title>\n<meta name=\"description\" content=\"K\u00fapte si u n\u00e1s Barov\u00e1 stoli\u010dka The Dutch Comfort hor\u010dicovo \u017elt\u00e1 zamat za akciov\u00fa cenu. R\u00fdchle dodanie tovaru, odborn\u00e9 poradenstvo a stovky produktov skladom. Barov\u00e1 stoli\u010dka The Dutch Comfort hor\u010dicovo \u017elt\u00e1 zamat sa stane dominantou V\u00e1\u0161ho interi\u00e9ru. Internetov\u00fd obchod ikuchyne! pon\u00faka odber Barov\u00e1 stoli\u010dka The Dutch Comfort hor\u010dicovo \u017elt\u00e1 zamat u\u017e od 1 kusu.\" \/>\n<meta name=\"robots\" content=\"index, follow, max-snippet:-1, max-image-preview:large, max-video-preview:-1\" \/>\n<link rel=\"canonical\" href=\"https:\/\/www.ikuchyne.sk\/eshop\/produkt\/barova-stolicka-the-dutch-comfort-horcicovo-zlta-zamat\/\" \/>\n<meta property=\"og:locale\" content=\"sk_SK\" \/>\n<meta property=\"og:type\" content=\"article\" \/>\n<meta property=\"og:title\" content=\"Barov\u00e1 stoli\u010dka The Dutch Comfort hor\u010dicovo \u017elt\u00e1 zamat &#187; iKuchyne iSHOP s n\u00e1bytkom\" \/>\n<meta property=\"og:description\" content=\"K\u00fapte si u n\u00e1s Barov\u00e1 stoli\u010dka The Dutch Comfort hor\u010dicovo \u017elt\u00e1 zamat za akciov\u00fa cenu. R\u00fdchle dodanie tovaru, odborn\u00e9 poradenstvo a stovky produktov skladom. Barov\u00e1 stoli\u010dka The Dutch Comfort hor\u010dicovo \u017elt\u00e1 zamat sa stane dominantou V\u00e1\u0161ho interi\u00e9ru. Internetov\u00fd obchod ikuchyne! pon\u00faka odber Barov\u00e1 stoli\u010dka The Dutch Comfort hor\u010dicovo \u017elt\u00e1 zamat u\u017e od 1 kusu.\" \/>\n<meta property=\"og:url\" content=\"https:\/\/www.ikuchyne.sk\/eshop\/produkt\/barova-stolicka-the-dutch-comfort-horcicovo-zlta-zamat\/\" \/>\n<meta property=\"og:site_name\" content=\"iKuchyne iSHOP s n\u00e1bytkom\" \/>\n<meta property=\"article:publisher\" content=\"https:\/\/www.facebook.com\/ikuchyne\/\" \/>\n<meta property=\"article:modified_time\" content=\"2023-02-28T02:07:43+00:00\" \/>\n<meta property=\"og:image\" content=\"https:\/\/www.ikuchyne.sk\/eshop\/wp-content\/uploads\/2023\/02\/Barov\u00e1-stoli\u010dka-The-dutch-comfort-senf\u017elt\u00e1-zamat-41835.jpg\" \/>\n\t<meta property=\"og:image:width\" content=\"800\" \/>\n\t<meta property=\"og:image:height\" content=\"533\" \/>\n\t<meta property=\"og:image:type\" content=\"image\/jpeg\" \/>\n<meta name=\"twitter:card\" content=\"summary_large_image\" \/>\n<meta name=\"twitter:label1\" content=\"Predpokladan\u00fd \u010das \u010d\u00edtania\" \/>\n\t<meta name=\"twitter:data1\" content=\"1 min\u00fata\" \/>\n<script type=\"application\/ld+json\" class=\"yoast-schema-graph\">{\"@context\":\"https:\/\/schema.org\",\"@graph\":[{\"@type\":\"WebPage\",\"@id\":\"https:\/\/www.ikuchyne.sk\/eshop\/produkt\/barova-stolicka-the-dutch-comfort-horcicovo-zlta-zamat\/\",\"url\":\"https:\/\/www.ikuchyne.sk\/eshop\/produkt\/barova-stolicka-the-dutch-comfort-horcicovo-zlta-zamat\/\",\"name\":\"Barov\u00e1 stoli\u010dka The Dutch Comfort hor\u010dicovo \u017elt\u00e1 zamat &#187; iKuchyne iSHOP s n\u00e1bytkom\",\"isPartOf\":{\"@id\":\"https:\/\/www.ikuchyne.sk\/eshop\/#website\"},\"datePublished\":\"2023-02-28T02:07:42+00:00\",\"dateModified\":\"2023-02-28T02:07:43+00:00\",\"description\":\"K\u00fapte si u n\u00e1s Barov\u00e1 stoli\u010dka The Dutch Comfort hor\u010dicovo \u017elt\u00e1 zamat za akciov\u00fa cenu. R\u00fdchle dodanie tovaru, odborn\u00e9 poradenstvo a stovky produktov skladom. Barov\u00e1 stoli\u010dka The Dutch Comfort hor\u010dicovo \u017elt\u00e1 zamat sa stane dominantou V\u00e1\u0161ho interi\u00e9ru. Internetov\u00fd obchod ikuchyne! pon\u00faka odber Barov\u00e1 stoli\u010dka The Dutch Comfort hor\u010dicovo \u017elt\u00e1 zamat u\u017e od 1 kusu.\",\"breadcrumb\":{\"@id\":\"https:\/\/www.ikuchyne.sk\/eshop\/produkt\/barova-stolicka-the-dutch-comfort-horcicovo-zlta-zamat\/#breadcrumb\"},\"inLanguage\":\"sk-SK\",\"potentialAction\":[{\"@type\":\"ReadAction\",\"target\":[\"https:\/\/www.ikuchyne.sk\/eshop\/produkt\/barova-stolicka-the-dutch-comfort-horcicovo-zlta-zamat\/\"]}]},{\"@type\":\"BreadcrumbList\",\"@id\":\"https:\/\/www.ikuchyne.sk\/eshop\/produkt\/barova-stolicka-the-dutch-comfort-horcicovo-zlta-zamat\/#breadcrumb\",\"itemListElement\":[{\"@type\":\"ListItem\",\"position\":1,\"name\":\"Home\",\"item\":\"https:\/\/www.ikuchyne.sk\/eshop\/\"},{\"@type\":\"ListItem\",\"position\":2,\"name\":\"Obchod\",\"item\":\"https:\/\/www.ikuchyne.sk\/eshop\/obchod\/\"},{\"@type\":\"ListItem\",\"position\":3,\"name\":\"Barov\u00e1 stoli\u010dka The Dutch Comfort hor\u010dicovo \u017elt\u00e1 zamat\"}]},{\"@type\":\"WebSite\",\"@id\":\"https:\/\/www.ikuchyne.sk\/eshop\/#website\",\"url\":\"https:\/\/www.ikuchyne.sk\/eshop\/\",\"name\":\"iKuchyne iSHOP s n\u00e1bytkom\",\"description\":\"Jed\u00e1lensk\u00e9 stoly, stoli\u010dky, n\u00e1bytok, svietidl\u00e1...\",\"publisher\":{\"@id\":\"https:\/\/www.ikuchyne.sk\/eshop\/#organization\"},\"potentialAction\":[{\"@type\":\"SearchAction\",\"target\":{\"@type\":\"EntryPoint\",\"urlTemplate\":\"https:\/\/www.ikuchyne.sk\/eshop\/?s={search_term_string}\"},\"query-input\":\"required name=search_term_string\"}],\"inLanguage\":\"sk-SK\"},{\"@type\":\"Organization\",\"@id\":\"https:\/\/www.ikuchyne.sk\/eshop\/#organization\",\"name\":\"ikuchyne!\",\"url\":\"https:\/\/www.ikuchyne.sk\/eshop\/\",\"logo\":{\"@type\":\"ImageObject\",\"inLanguage\":\"sk-SK\",\"@id\":\"https:\/\/www.ikuchyne.sk\/eshop\/#\/schema\/logo\/image\/\",\"url\":\"https:\/\/www.ikuchyne.sk\/eshop\/wp-content\/uploads\/2017\/04\/ikuchyne-logo.jpg\",\"contentUrl\":\"https:\/\/www.ikuchyne.sk\/eshop\/wp-content\/uploads\/2017\/04\/ikuchyne-logo.jpg\",\"width\":200,\"height\":48,\"caption\":\"ikuchyne!\"},\"image\":{\"@id\":\"https:\/\/www.ikuchyne.sk\/eshop\/#\/schema\/logo\/image\/\"},\"sameAs\":[\"https:\/\/www.facebook.com\/ikuchyne\/\",\"https:\/\/www.instagram.com\/ikuchyne.sk\/\",\"https:\/\/sk.pinterest.com\/ikuchynesk\/\"]}]}<\/script>\n<!-- \/ Yoast SEO plugin. -->","yoast_head_json":{"title":"Barov\u00e1 stoli\u010dka The Dutch Comfort hor\u010dicovo \u017elt\u00e1 zamat &#187; iKuchyne iSHOP s n\u00e1bytkom","description":"K\u00fapte si u n\u00e1s Barov\u00e1 stoli\u010dka The Dutch Comfort hor\u010dicovo \u017elt\u00e1 zamat za akciov\u00fa cenu. R\u00fdchle dodanie tovaru, odborn\u00e9 poradenstvo a stovky produktov skladom. Barov\u00e1 stoli\u010dka The Dutch Comfort hor\u010dicovo \u017elt\u00e1 zamat sa stane dominantou V\u00e1\u0161ho interi\u00e9ru. Internetov\u00fd obchod ikuchyne! pon\u00faka odber Barov\u00e1 stoli\u010dka The Dutch Comfort hor\u010dicovo \u017elt\u00e1 zamat u\u017e od 1 kusu.","robots":{"index":"index","follow":"follow","max-snippet":"max-snippet:-1","max-image-preview":"max-image-preview:large","max-video-preview":"max-video-preview:-1"},"canonical":"https:\/\/www.ikuchyne.sk\/eshop\/produkt\/barova-stolicka-the-dutch-comfort-horcicovo-zlta-zamat\/","og_locale":"sk_SK","og_type":"article","og_title":"Barov\u00e1 stoli\u010dka The Dutch Comfort hor\u010dicovo \u017elt\u00e1 zamat &#187; iKuchyne iSHOP s n\u00e1bytkom","og_description":"K\u00fapte si u n\u00e1s Barov\u00e1 stoli\u010dka The Dutch Comfort hor\u010dicovo \u017elt\u00e1 zamat za akciov\u00fa cenu. R\u00fdchle dodanie tovaru, odborn\u00e9 poradenstvo a stovky produktov skladom. Barov\u00e1 stoli\u010dka The Dutch Comfort hor\u010dicovo \u017elt\u00e1 zamat sa stane dominantou V\u00e1\u0161ho interi\u00e9ru. Internetov\u00fd obchod ikuchyne! pon\u00faka odber Barov\u00e1 stoli\u010dka The Dutch Comfort hor\u010dicovo \u017elt\u00e1 zamat u\u017e od 1 kusu.","og_url":"https:\/\/www.ikuchyne.sk\/eshop\/produkt\/barova-stolicka-the-dutch-comfort-horcicovo-zlta-zamat\/","og_site_name":"iKuchyne iSHOP s n\u00e1bytkom","article_publisher":"https:\/\/www.facebook.com\/ikuchyne\/","article_modified_time":"2023-02-28T02:07:43+00:00","og_image":[{"width":800,"height":533,"url":"https:\/\/www.ikuchyne.sk\/eshop\/wp-content\/uploads\/2023\/02\/Barov\u00e1-stoli\u010dka-The-dutch-comfort-senf\u017elt\u00e1-zamat-41835.jpg","type":"image\/jpeg"}],"twitter_card":"summary_large_image","twitter_misc":{"Predpokladan\u00fd \u010das \u010d\u00edtania":"1 min\u00fata"},"schema":{"@context":"https:\/\/schema.org","@graph":[{"@type":"WebPage","@id":"https:\/\/www.ikuchyne.sk\/eshop\/produkt\/barova-stolicka-the-dutch-comfort-horcicovo-zlta-zamat\/","url":"https:\/\/www.ikuchyne.sk\/eshop\/produkt\/barova-stolicka-the-dutch-comfort-horcicovo-zlta-zamat\/","name":"Barov\u00e1 stoli\u010dka The Dutch Comfort hor\u010dicovo \u017elt\u00e1 zamat &#187; iKuchyne iSHOP s n\u00e1bytkom","isPartOf":{"@id":"https:\/\/www.ikuchyne.sk\/eshop\/#website"},"datePublished":"2023-02-28T02:07:42+00:00","dateModified":"2023-02-28T02:07:43+00:00","description":"K\u00fapte si u n\u00e1s Barov\u00e1 stoli\u010dka The Dutch Comfort hor\u010dicovo \u017elt\u00e1 zamat za akciov\u00fa cenu. R\u00fdchle dodanie tovaru, odborn\u00e9 poradenstvo a stovky produktov skladom. Barov\u00e1 stoli\u010dka The Dutch Comfort hor\u010dicovo \u017elt\u00e1 zamat sa stane dominantou V\u00e1\u0161ho interi\u00e9ru. Internetov\u00fd obchod ikuchyne! pon\u00faka odber Barov\u00e1 stoli\u010dka The Dutch Comfort hor\u010dicovo \u017elt\u00e1 zamat u\u017e od 1 kusu.","breadcrumb":{"@id":"https:\/\/www.ikuchyne.sk\/eshop\/produkt\/barova-stolicka-the-dutch-comfort-horcicovo-zlta-zamat\/#breadcrumb"},"inLanguage":"sk-SK","potentialAction":[{"@type":"ReadAction","target":["https:\/\/www.ikuchyne.sk\/eshop\/produkt\/barova-stolicka-the-dutch-comfort-horcicovo-zlta-zamat\/"]}]},{"@type":"BreadcrumbList","@id":"https:\/\/www.ikuchyne.sk\/eshop\/produkt\/barova-stolicka-the-dutch-comfort-horcicovo-zlta-zamat\/#breadcrumb","itemListElement":[{"@type":"ListItem","position":1,"name":"Home","item":"https:\/\/www.ikuchyne.sk\/eshop\/"},{"@type":"ListItem","position":2,"name":"Obchod","item":"https:\/\/www.ikuchyne.sk\/eshop\/obchod\/"},{"@type":"ListItem","position":3,"name":"Barov\u00e1 stoli\u010dka The Dutch Comfort hor\u010dicovo \u017elt\u00e1 zamat"}]},{"@type":"WebSite","@id":"https:\/\/www.ikuchyne.sk\/eshop\/#website","url":"https:\/\/www.ikuchyne.sk\/eshop\/","name":"iKuchyne iSHOP s n\u00e1bytkom","description":"Jed\u00e1lensk\u00e9 stoly, stoli\u010dky, n\u00e1bytok, svietidl\u00e1...","publisher":{"@id":"https:\/\/www.ikuchyne.sk\/eshop\/#organization"},"potentialAction":[{"@type":"SearchAction","target":{"@type":"EntryPoint","urlTemplate":"https:\/\/www.ikuchyne.sk\/eshop\/?s={search_term_string}"},"query-input":"required name=search_term_string"}],"inLanguage":"sk-SK"},{"@type":"Organization","@id":"https:\/\/www.ikuchyne.sk\/eshop\/#organization","name":"ikuchyne!","url":"https:\/\/www.ikuchyne.sk\/eshop\/","logo":{"@type":"ImageObject","inLanguage":"sk-SK","@id":"https:\/\/www.ikuchyne.sk\/eshop\/#\/schema\/logo\/image\/","url":"https:\/\/www.ikuchyne.sk\/eshop\/wp-content\/uploads\/2017\/04\/ikuchyne-logo.jpg","contentUrl":"https:\/\/www.ikuchyne.sk\/eshop\/wp-content\/uploads\/2017\/04\/ikuchyne-logo.jpg","width":200,"height":48,"caption":"ikuchyne!"},"image":{"@id":"https:\/\/www.ikuchyne.sk\/eshop\/#\/schema\/logo\/image\/"},"sameAs":["https:\/\/www.facebook.com\/ikuchyne\/","https:\/\/www.instagram.com\/ikuchyne.sk\/","https:\/\/sk.pinterest.com\/ikuchynesk\/"]}]}},"_links":{"self":[{"href":"https:\/\/www.ikuchyne.sk\/eshop\/wp-json\/wp\/v2\/product\/159923"}],"collection":[{"href":"https:\/\/www.ikuchyne.sk\/eshop\/wp-json\/wp\/v2\/product"}],"about":[{"href":"https:\/\/www.ikuchyne.sk\/eshop\/wp-json\/wp\/v2\/types\/product"}],"replies":[{"embeddable":true,"href":"https:\/\/www.ikuchyne.sk\/eshop\/wp-json\/wp\/v2\/comments?post=159923"}],"wp:featuredmedia":[{"embeddable":true,"href":"https:\/\/www.ikuchyne.sk\/eshop\/wp-json\/wp\/v2\/media\/159924"}],"wp:attachment":[{"href":"https:\/\/www.ikuchyne.sk\/eshop\/wp-json\/wp\/v2\/media?parent=159923"}],"wp:term":[{"taxonomy":"product_cat","embeddable":true,"href":"https:\/\/www.ikuchyne.sk\/eshop\/wp-json\/wp\/v2\/product_cat?post=159923"},{"taxonomy":"product_tag","embeddable":true,"href":"https:\/\/www.ikuchyne.sk\/eshop\/wp-json\/wp\/v2\/product_tag?post=159923"}],"curies":[{"name":"wp","href":"https:\/\/api.w.org\/{rel}","templated":true}]}}