{"id":167158,"date":"2024-09-11T15:14:49","date_gmt":"2024-09-11T13:14:49","guid":{"rendered":"https:\/\/www.ikuchyne.sk\/eshop\/?post_type=product&#038;p=167158"},"modified":"2025-01-16T00:07:50","modified_gmt":"2025-01-15T23:07:50","slug":"mega-vypredaj-konferencny-stolik-orient-storage-35cm-zlata","status":"publish","type":"product","link":"https:\/\/www.ikuchyne.sk\/eshop\/produkt\/mega-vypredaj-konferencny-stolik-orient-storage-35cm-zlata\/","title":{"rendered":"MEGA V\u00ddPREDAJ &#8211; Konferen\u010dn\u00fd stol\u00edk Orient Storage 35cm zlat\u00e1"},"content":{"rendered":"<h1>Konferen\u010dn\u00fd stol\u00edk Orient Storage 35cm zlat\u00e1 \u00bb<\/h1>\n<h4><strong>V\u0161eobecn\u00fd popis:<\/strong><\/h4>\n<p>Ru\u010dne vyroben\u00fd konferen\u010dn\u00fd stol\u00edk Orient Storage 35cm zlat\u00e1 s odn\u00edmate\u013enou stolovou doskou. Tepan\u00fd dizajn je vyroben\u00fd ru\u010dne. Vo vn\u00fatri sa nach\u00e1dza ve\u013ek\u00e9 a priestrann\u00e9 odkladacie miesto. Za\u017eite, ako elegantn\u00fd pr\u00edru\u010dn\u00fd stol\u00edk obohat\u00ed v\u00e1\u0161 domov!<\/p>\n<p>Ka\u017ed\u00fd stol\u00edk je ru\u010dne vyroben\u00fd a jedine\u010dn\u00fd. Tento neobvykl\u00fd st\u00f4l je tvarovan\u00fd a rafinovan\u00fd v ru\u010dne tradi\u010dnom vzh\u013eade s tepan\u00fdm povrchom. Ka\u017ed\u00fd povrch sa st\u00e1va svedectvom skuto\u010dn\u00e9ho remeseln\u00e9ho spracovania a pri\u0165ahuje pozornos\u0165 v\u0161etk\u00fdch ako \u00fa\u017easn\u00fd jedine\u010dn\u00fd exempl\u00e1r. Doska stola sa d\u00e1 \u013eahko zlo\u017ei\u0165 a poskytuje jasn\u00fd v\u00fdh\u013ead do vn\u00fatornej \u010dasti stola, ktor\u00fd m\u00f4\u017eete vyu\u017ei\u0165 ako priestrann\u00fd \u00falo\u017en\u00fd priestor.<\/p>\n<p>Te\u0161te sa na dostatok \u00falo\u017en\u00e9ho priestoru. Ved\u013ea va\u0161ej pohovky ste teda vytvorili nielen u\u017eito\u010dn\u00fa \u00falo\u017en\u00fa plochu, ale aj praktick\u00e9, od\u013eahl\u00e9 miesto, kam m\u00f4\u017eete \u00fa\u017easne ulo\u017ei\u0165 vank\u00fa\u0161e, prikr\u00fdvky a podobne. Mal\u00e9 vlny a farebn\u00e9 odch\u00fdlky v materi\u00e1li dokonale pod\u010diarkuj\u00fa prirodzen\u00fd o\u0161\u00fachan\u00fd elegantn\u00fd vzh\u013ead pr\u00edru\u010dn\u00e9ho stol\u00edka so zlat\u00fdm povrchom.<\/p>\n<h4><strong>Detaily produktu:<\/strong><\/h4>\n<p>Tento konferen\u010dn\u00fd stol\u00edk je starostlivo vyroben\u00fd! Charakteristick\u00e9 s\u00fa pre to mal\u00e9 hr\u010dky a odch\u00fdlky vo ve\u013ekosti a hmotnosti, ktor\u00e9 robia ka\u017ed\u00fa k\u00f3piu jedine\u010dnou. Tieto vlastnosti v\u0161ak neovplyv\u0148uj\u00fa funkciu konferen\u010dn\u00e9ho stol\u00edka a nepredstavuj\u00fa d\u00f4vod na reklam\u00e1ciu. Stolov\u00fa dosku je mo\u017en\u00e9 demontova\u0165 a st\u00f4l je mo\u017en\u00e9 pou\u017ei\u0165 ako \u00falo\u017en\u00fd priestor. Vzh\u013ead tabu\u013eky vy\u017earuje elegantn\u00fd orient\u00e1lny vkus. Max. nosnos\u0165: cca 20 kg. Pri v\u00fdrobe konferen\u010dn\u00e9ho stol\u00edka sa stretli vysoko kvalitn\u00e9 materi\u00e1ly a prepracovan\u00e9 spracovanie! Na\u0161e bytov\u00e9 doplnky a n\u00e1bytok z vysoko kvalitnej zliatiny kov-hlin\u00edk sa stan\u00fa leskl\u00fdm srdcom v\u00e1\u0161ho interi\u00e9ru a in\u0161piruj\u00fa u\u0161\u013eachtil\u00fdm vzh\u013eadom. Vhodn\u00e9 bytov\u00e9 doplnky pre kombinovanie interi\u00e9ru s t\u00fdmto konferen\u010dn\u00fdm stol\u00edkom n\u00e1jdete na na\u0161om e-shope v sekcii Bytov\u00e9 doplnky. Kontaktujte n\u00e1s a my v\u00e1m radi pom\u00f4\u017eeme s v\u00fdberom vhodn\u00fdch dekor\u00e1ci\u00ed.<\/p>\n<p><b>Rozmery<\/b> (cca):<br \/>\n35cm x 48cm x 35cm (\u0160xVxH)<br \/>\n<b>Farba:<\/b> zlat\u00e1<br \/>\n<b>Materi\u00e1l:<\/b> zliatina hlin\u00edka<\/p>\n<p>Dodato\u010dn\u00e9 inform\u00e1cie:<\/p>\n<p>V pr\u00edpade z\u00e1ujmu o in\u00e9 stoly ako toaletn\u00e9, p\u00edsacie, konferen\u010dn\u00e9 stol\u00edky \u010di jed\u00e1lensk\u00e9 stoly, nav\u0161t\u00edvte sekciu stoly na <a href=\"https:\/\/www.ikuchyne.sk\/eshop\/kategoria\/stoly\/\">www.ikuchyne.sk\/eshop<\/a><br \/>\nV pr\u00edpade z\u00e1ujmu o n\u00e1bytok na mieru n\u00e1s kontaktuje na <a href=\"http:\/\/www.ikuchyne.sk\">www.ikuchyne.sk<\/a><\/p>\n","protected":false},"excerpt":{"rendered":"<p>Konferen\u010dn\u00fd stol\u00edk Orient Storage 35cm zlat\u00e1 \u00bb V\u0161eobecn\u00fd popis: Ru\u010dne vyroben\u00fd konferen\u010dn\u00fd stol\u00edk Orient Storage 35cm zlat\u00e1 s odn\u00edmate\u013enou stolovou doskou. Tepan\u00fd dizajn je vyroben\u00fd ru\u010dne. Vo vn\u00fatri sa nach\u00e1dza<\/p>\n","protected":false},"featured_media":132199,"comment_status":"closed","ping_status":"closed","template":"","meta":[],"product_cat":[3183],"product_tag":[188],"yoast_head":"<!-- This site is optimized with the Yoast SEO plugin v22.1 - https:\/\/yoast.com\/wordpress\/plugins\/seo\/ -->\n<title>Konferen\u010dn\u00fd stol\u00edk Orient Storage 35cm zlat\u00e1 &#187; iKuchyne iSHOP s n\u00e1bytkom<\/title>\n<meta name=\"description\" content=\"MEGA V\u00ddPREDAJ - Konferen\u010dn\u00fd stol\u00edk Orient Storage 35cm zlat\u00e1 - r\u00fdchle dodanie, poradenstvo, n\u00e1bytok skladom v Bratislave s ikuchyne.sk - kuchyne na mieru.\" \/>\n<meta name=\"robots\" content=\"index, follow, max-snippet:-1, max-image-preview:large, max-video-preview:-1\" \/>\n<link rel=\"canonical\" href=\"https:\/\/www.ikuchyne.sk\/eshop\/produkt\/mega-vypredaj-konferencny-stolik-orient-storage-35cm-zlata\/\" \/>\n<meta property=\"og:locale\" content=\"sk_SK\" \/>\n<meta property=\"og:type\" content=\"article\" \/>\n<meta property=\"og:title\" content=\"Konferen\u010dn\u00fd stol\u00edk Orient Storage 35cm zlat\u00e1 &#187; iKuchyne iSHOP s n\u00e1bytkom\" \/>\n<meta property=\"og:description\" content=\"MEGA V\u00ddPREDAJ - Konferen\u010dn\u00fd stol\u00edk Orient Storage 35cm zlat\u00e1 - r\u00fdchle dodanie, poradenstvo, n\u00e1bytok skladom v Bratislave s ikuchyne.sk - kuchyne na mieru.\" \/>\n<meta property=\"og:url\" content=\"https:\/\/www.ikuchyne.sk\/eshop\/produkt\/mega-vypredaj-konferencny-stolik-orient-storage-35cm-zlata\/\" \/>\n<meta property=\"og:site_name\" content=\"iKuchyne iSHOP s n\u00e1bytkom\" \/>\n<meta property=\"article:publisher\" content=\"https:\/\/www.facebook.com\/ikuchyne\/\" \/>\n<meta property=\"article:modified_time\" content=\"2025-01-15T23:07:50+00:00\" \/>\n<meta property=\"og:image\" content=\"https:\/\/www.ikuchyne.sk\/eshop\/wp-content\/uploads\/2020\/08\/Konferen\u010dn\u00fd-stol\u00edk-Orient-Storage-35cm-Aliminium-zlat\u00e1-40233.jpg\" \/>\n\t<meta property=\"og:image:width\" content=\"800\" \/>\n\t<meta property=\"og:image:height\" content=\"630\" \/>\n\t<meta property=\"og:image:type\" content=\"image\/jpeg\" \/>\n<meta name=\"twitter:card\" content=\"summary_large_image\" \/>\n<meta name=\"twitter:label1\" content=\"Predpokladan\u00fd \u010das \u010d\u00edtania\" \/>\n\t<meta name=\"twitter:data1\" content=\"2 min\u00faty\" \/>\n<script type=\"application\/ld+json\" class=\"yoast-schema-graph\">{\"@context\":\"https:\/\/schema.org\",\"@graph\":[{\"@type\":\"WebPage\",\"@id\":\"https:\/\/www.ikuchyne.sk\/eshop\/produkt\/mega-vypredaj-konferencny-stolik-orient-storage-35cm-zlata\/\",\"url\":\"https:\/\/www.ikuchyne.sk\/eshop\/produkt\/mega-vypredaj-konferencny-stolik-orient-storage-35cm-zlata\/\",\"name\":\"Konferen\u010dn\u00fd stol\u00edk Orient Storage 35cm zlat\u00e1 &#187; iKuchyne iSHOP s n\u00e1bytkom\",\"isPartOf\":{\"@id\":\"https:\/\/www.ikuchyne.sk\/eshop\/#website\"},\"datePublished\":\"2024-09-11T13:14:49+00:00\",\"dateModified\":\"2025-01-15T23:07:50+00:00\",\"description\":\"MEGA V\u00ddPREDAJ - Konferen\u010dn\u00fd stol\u00edk Orient Storage 35cm zlat\u00e1 - r\u00fdchle dodanie, poradenstvo, n\u00e1bytok skladom v Bratislave s ikuchyne.sk - kuchyne na mieru.\",\"breadcrumb\":{\"@id\":\"https:\/\/www.ikuchyne.sk\/eshop\/produkt\/mega-vypredaj-konferencny-stolik-orient-storage-35cm-zlata\/#breadcrumb\"},\"inLanguage\":\"sk-SK\",\"potentialAction\":[{\"@type\":\"ReadAction\",\"target\":[\"https:\/\/www.ikuchyne.sk\/eshop\/produkt\/mega-vypredaj-konferencny-stolik-orient-storage-35cm-zlata\/\"]}]},{\"@type\":\"BreadcrumbList\",\"@id\":\"https:\/\/www.ikuchyne.sk\/eshop\/produkt\/mega-vypredaj-konferencny-stolik-orient-storage-35cm-zlata\/#breadcrumb\",\"itemListElement\":[{\"@type\":\"ListItem\",\"position\":1,\"name\":\"Home\",\"item\":\"https:\/\/www.ikuchyne.sk\/eshop\/\"},{\"@type\":\"ListItem\",\"position\":2,\"name\":\"Obchod\",\"item\":\"https:\/\/www.ikuchyne.sk\/eshop\/obchod\/\"},{\"@type\":\"ListItem\",\"position\":3,\"name\":\"MEGA V\u00ddPREDAJ &#8211; Konferen\u010dn\u00fd stol\u00edk Orient Storage 35cm zlat\u00e1\"}]},{\"@type\":\"WebSite\",\"@id\":\"https:\/\/www.ikuchyne.sk\/eshop\/#website\",\"url\":\"https:\/\/www.ikuchyne.sk\/eshop\/\",\"name\":\"iKuchyne iSHOP s n\u00e1bytkom\",\"description\":\"Jed\u00e1lensk\u00e9 stoly, stoli\u010dky, n\u00e1bytok, svietidl\u00e1...\",\"publisher\":{\"@id\":\"https:\/\/www.ikuchyne.sk\/eshop\/#organization\"},\"potentialAction\":[{\"@type\":\"SearchAction\",\"target\":{\"@type\":\"EntryPoint\",\"urlTemplate\":\"https:\/\/www.ikuchyne.sk\/eshop\/?s={search_term_string}\"},\"query-input\":\"required name=search_term_string\"}],\"inLanguage\":\"sk-SK\"},{\"@type\":\"Organization\",\"@id\":\"https:\/\/www.ikuchyne.sk\/eshop\/#organization\",\"name\":\"ikuchyne!\",\"url\":\"https:\/\/www.ikuchyne.sk\/eshop\/\",\"logo\":{\"@type\":\"ImageObject\",\"inLanguage\":\"sk-SK\",\"@id\":\"https:\/\/www.ikuchyne.sk\/eshop\/#\/schema\/logo\/image\/\",\"url\":\"https:\/\/www.ikuchyne.sk\/eshop\/wp-content\/uploads\/2017\/04\/ikuchyne-logo.jpg\",\"contentUrl\":\"https:\/\/www.ikuchyne.sk\/eshop\/wp-content\/uploads\/2017\/04\/ikuchyne-logo.jpg\",\"width\":200,\"height\":48,\"caption\":\"ikuchyne!\"},\"image\":{\"@id\":\"https:\/\/www.ikuchyne.sk\/eshop\/#\/schema\/logo\/image\/\"},\"sameAs\":[\"https:\/\/www.facebook.com\/ikuchyne\/\",\"https:\/\/www.instagram.com\/ikuchyne.sk\/\",\"https:\/\/sk.pinterest.com\/ikuchynesk\/\"]}]}<\/script>\n<!-- \/ Yoast SEO plugin. -->","yoast_head_json":{"title":"Konferen\u010dn\u00fd stol\u00edk Orient Storage 35cm zlat\u00e1 &#187; iKuchyne iSHOP s n\u00e1bytkom","description":"MEGA V\u00ddPREDAJ - Konferen\u010dn\u00fd stol\u00edk Orient Storage 35cm zlat\u00e1 - r\u00fdchle dodanie, poradenstvo, n\u00e1bytok skladom v Bratislave s ikuchyne.sk - kuchyne na mieru.","robots":{"index":"index","follow":"follow","max-snippet":"max-snippet:-1","max-image-preview":"max-image-preview:large","max-video-preview":"max-video-preview:-1"},"canonical":"https:\/\/www.ikuchyne.sk\/eshop\/produkt\/mega-vypredaj-konferencny-stolik-orient-storage-35cm-zlata\/","og_locale":"sk_SK","og_type":"article","og_title":"Konferen\u010dn\u00fd stol\u00edk Orient Storage 35cm zlat\u00e1 &#187; iKuchyne iSHOP s n\u00e1bytkom","og_description":"MEGA V\u00ddPREDAJ - Konferen\u010dn\u00fd stol\u00edk Orient Storage 35cm zlat\u00e1 - r\u00fdchle dodanie, poradenstvo, n\u00e1bytok skladom v Bratislave s ikuchyne.sk - kuchyne na mieru.","og_url":"https:\/\/www.ikuchyne.sk\/eshop\/produkt\/mega-vypredaj-konferencny-stolik-orient-storage-35cm-zlata\/","og_site_name":"iKuchyne iSHOP s n\u00e1bytkom","article_publisher":"https:\/\/www.facebook.com\/ikuchyne\/","article_modified_time":"2025-01-15T23:07:50+00:00","og_image":[{"width":800,"height":630,"url":"https:\/\/www.ikuchyne.sk\/eshop\/wp-content\/uploads\/2020\/08\/Konferen\u010dn\u00fd-stol\u00edk-Orient-Storage-35cm-Aliminium-zlat\u00e1-40233.jpg","type":"image\/jpeg"}],"twitter_card":"summary_large_image","twitter_misc":{"Predpokladan\u00fd \u010das \u010d\u00edtania":"2 min\u00faty"},"schema":{"@context":"https:\/\/schema.org","@graph":[{"@type":"WebPage","@id":"https:\/\/www.ikuchyne.sk\/eshop\/produkt\/mega-vypredaj-konferencny-stolik-orient-storage-35cm-zlata\/","url":"https:\/\/www.ikuchyne.sk\/eshop\/produkt\/mega-vypredaj-konferencny-stolik-orient-storage-35cm-zlata\/","name":"Konferen\u010dn\u00fd stol\u00edk Orient Storage 35cm zlat\u00e1 &#187; iKuchyne iSHOP s n\u00e1bytkom","isPartOf":{"@id":"https:\/\/www.ikuchyne.sk\/eshop\/#website"},"datePublished":"2024-09-11T13:14:49+00:00","dateModified":"2025-01-15T23:07:50+00:00","description":"MEGA V\u00ddPREDAJ - Konferen\u010dn\u00fd stol\u00edk Orient Storage 35cm zlat\u00e1 - r\u00fdchle dodanie, poradenstvo, n\u00e1bytok skladom v Bratislave s ikuchyne.sk - kuchyne na mieru.","breadcrumb":{"@id":"https:\/\/www.ikuchyne.sk\/eshop\/produkt\/mega-vypredaj-konferencny-stolik-orient-storage-35cm-zlata\/#breadcrumb"},"inLanguage":"sk-SK","potentialAction":[{"@type":"ReadAction","target":["https:\/\/www.ikuchyne.sk\/eshop\/produkt\/mega-vypredaj-konferencny-stolik-orient-storage-35cm-zlata\/"]}]},{"@type":"BreadcrumbList","@id":"https:\/\/www.ikuchyne.sk\/eshop\/produkt\/mega-vypredaj-konferencny-stolik-orient-storage-35cm-zlata\/#breadcrumb","itemListElement":[{"@type":"ListItem","position":1,"name":"Home","item":"https:\/\/www.ikuchyne.sk\/eshop\/"},{"@type":"ListItem","position":2,"name":"Obchod","item":"https:\/\/www.ikuchyne.sk\/eshop\/obchod\/"},{"@type":"ListItem","position":3,"name":"MEGA V\u00ddPREDAJ &#8211; Konferen\u010dn\u00fd stol\u00edk Orient Storage 35cm zlat\u00e1"}]},{"@type":"WebSite","@id":"https:\/\/www.ikuchyne.sk\/eshop\/#website","url":"https:\/\/www.ikuchyne.sk\/eshop\/","name":"iKuchyne iSHOP s n\u00e1bytkom","description":"Jed\u00e1lensk\u00e9 stoly, stoli\u010dky, n\u00e1bytok, svietidl\u00e1...","publisher":{"@id":"https:\/\/www.ikuchyne.sk\/eshop\/#organization"},"potentialAction":[{"@type":"SearchAction","target":{"@type":"EntryPoint","urlTemplate":"https:\/\/www.ikuchyne.sk\/eshop\/?s={search_term_string}"},"query-input":"required name=search_term_string"}],"inLanguage":"sk-SK"},{"@type":"Organization","@id":"https:\/\/www.ikuchyne.sk\/eshop\/#organization","name":"ikuchyne!","url":"https:\/\/www.ikuchyne.sk\/eshop\/","logo":{"@type":"ImageObject","inLanguage":"sk-SK","@id":"https:\/\/www.ikuchyne.sk\/eshop\/#\/schema\/logo\/image\/","url":"https:\/\/www.ikuchyne.sk\/eshop\/wp-content\/uploads\/2017\/04\/ikuchyne-logo.jpg","contentUrl":"https:\/\/www.ikuchyne.sk\/eshop\/wp-content\/uploads\/2017\/04\/ikuchyne-logo.jpg","width":200,"height":48,"caption":"ikuchyne!"},"image":{"@id":"https:\/\/www.ikuchyne.sk\/eshop\/#\/schema\/logo\/image\/"},"sameAs":["https:\/\/www.facebook.com\/ikuchyne\/","https:\/\/www.instagram.com\/ikuchyne.sk\/","https:\/\/sk.pinterest.com\/ikuchynesk\/"]}]}},"_links":{"self":[{"href":"https:\/\/www.ikuchyne.sk\/eshop\/wp-json\/wp\/v2\/product\/167158"}],"collection":[{"href":"https:\/\/www.ikuchyne.sk\/eshop\/wp-json\/wp\/v2\/product"}],"about":[{"href":"https:\/\/www.ikuchyne.sk\/eshop\/wp-json\/wp\/v2\/types\/product"}],"replies":[{"embeddable":true,"href":"https:\/\/www.ikuchyne.sk\/eshop\/wp-json\/wp\/v2\/comments?post=167158"}],"wp:featuredmedia":[{"embeddable":true,"href":"https:\/\/www.ikuchyne.sk\/eshop\/wp-json\/wp\/v2\/media\/132199"}],"wp:attachment":[{"href":"https:\/\/www.ikuchyne.sk\/eshop\/wp-json\/wp\/v2\/media?parent=167158"}],"wp:term":[{"taxonomy":"product_cat","embeddable":true,"href":"https:\/\/www.ikuchyne.sk\/eshop\/wp-json\/wp\/v2\/product_cat?post=167158"},{"taxonomy":"product_tag","embeddable":true,"href":"https:\/\/www.ikuchyne.sk\/eshop\/wp-json\/wp\/v2\/product_tag?post=167158"}],"curies":[{"name":"wp","href":"https:\/\/api.w.org\/{rel}","templated":true}]}}