{"id":7405,"date":"2017-04-25T16:06:29","date_gmt":"2017-04-25T14:06:29","guid":{"rendered":"http:\/\/potocan.com\/eshop\/produkt\/stolicka-amsterdam-retro-hneda\/"},"modified":"2024-03-09T16:02:05","modified_gmt":"2024-03-09T15:02:05","slug":"tmavohneda-jedalenska-stolicka-amsterdam-retro","status":"publish","type":"product","link":"https:\/\/www.ikuchyne.sk\/eshop\/produkt\/tmavohneda-jedalenska-stolicka-amsterdam-retro\/","title":{"rendered":"Tmavohned\u00e1 jed\u00e1lensk\u00e1 stoli\u010dka Amsterdam Retro \u00bb"},"content":{"rendered":"<h1>Tmavohned\u00e1 jed\u00e1lensk\u00e1 stoli\u010dka Amsterdam Retro<\/h1>\n<p><strong>V\u0161eobecn\u00fd opis stoli\u010dky:<br \/>\n<\/strong>Modern\u00e1 tmavohned\u00e1 jed\u00e1lensk\u00e1 stoli\u010dka v \u0161kandin\u00e1vskom type s tvarovan\u00fdm operadlom, pohodln\u00fdm sed\u00e1kom z tmavohned\u00e9ho mikrovl\u00e1kna a \u010diernymi nohami z kovu.\u00a0Podno\u017e je zvaren\u00e1 do jedn\u00e9ho kusu, \u010do u\u013eah\u010d\u00ed jej zmontovanie.\u00a0T\u00e1to stoli\u010dka je dizajnovo zhotoven\u00e1 tak, aby sa stala \u0161t\u00fdlov\u00fdm a pohodln\u00fdm retro doplnkom do va\u0161ej jed\u00e1lne. I ke\u010f nesie prvky \u0161kandin\u00e1vskeho \u0161t\u00fdlu, hod\u00ed sa aj do industri\u00e1lne zariaden\u00e9ho interi\u00e9ru.<\/p>\n<p><strong>Sed\u00e1k stoli\u010dky:<br \/>\n<\/strong>Ergonomicky tvarovan\u00fd m\u00e4kk\u00fd sed\u00e1k z tmavohned\u00e9ho mikrovl\u00e1kna prinesie pohodlie do ka\u017edej jed\u00e1lne alebo kuchyne.<\/p>\n<p><strong>Podno\u017e stoli\u010dky:<br \/>\n<\/strong>Podno\u017e stoli\u010dky je tvoren\u00e1 typick\u00fdmi \u00fazkymi nohami z \u010dierneho kovu v \u0161kandin\u00e1vskom type. Podno\u017e je zvaren\u00e1 do jedn\u00e9ho kusu.<\/p>\n<p><strong>\u010eal\u0161ie inform\u00e1cie:<br \/>\n<\/strong>Vhodne zvolen\u00fd v\u00fdber materi\u00e1lov rob\u00ed z tejto jed\u00e1lenskej stoli\u010dky \u013eahko udr\u017eiavan\u00fd kus n\u00e1bytku s dlhou \u017eivotnos\u0165ou. V pr\u00edpade zne\u010distenia um\u00fdvame handri\u010dkou namo\u010denou v jemnej mydlovej vode a vysu\u0161\u00edme.<\/p>\n<p><b>Rozmery stoli\u010dky:<br \/>\n<\/b>\u0160\u00edrka stoli\u010dky: 59 cm<br \/>\nV\u00fd\u0161ka stoli\u010dky: 83 cm<br \/>\nH\u013abka stoli\u010dky: 47 cm<br \/>\n<strong>Rozmery sedenia:<\/strong>\u00a043 x 47 x 38 cm (\u0160xVxH)<br \/>\n<strong>V\u00fd\u0161ka opierky chrbta:\u00a0<\/strong>39\u00a0cm<\/p>\n<p><b>Materi\u00e1l: <\/b>mikrovl\u00e1kno,\u00a0kov<\/p>\n<p><b>Farba:<\/b>\u00a0tmavoned\u00e1 vintage, \u010dierna<\/p>\n","protected":false},"excerpt":{"rendered":"<p>Tmavohned\u00e1 jed\u00e1lensk\u00e1 stoli\u010dka Amsterdam Retro V\u0161eobecn\u00fd opis stoli\u010dky: Modern\u00e1 tmavohned\u00e1 jed\u00e1lensk\u00e1 stoli\u010dka v \u0161kandin\u00e1vskom type s tvarovan\u00fdm operadlom, pohodln\u00fdm sed\u00e1kom z tmavohned\u00e9ho mikrovl\u00e1kna a \u010diernymi nohami z kovu.\u00a0Podno\u017e je zvaren\u00e1<\/p>\n","protected":false},"featured_media":81978,"comment_status":"open","ping_status":"closed","template":"","meta":[],"product_cat":[310,823,826],"product_tag":[192],"yoast_head":"<!-- This site is optimized with the Yoast SEO plugin v22.1 - https:\/\/yoast.com\/wordpress\/plugins\/seo\/ -->\n<title>Tmavohned\u00e1 jed\u00e1lensk\u00e1 stoli\u010dka Amsterdam Retro \u00bb &#187; iKuchyne iSHOP s n\u00e1bytkom<\/title>\n<meta name=\"description\" content=\"K\u00fapte si u n\u00e1s Tmavohned\u00e1 jed\u00e1lensk\u00e1 stoli\u010dka Amsterdam Retro \u00bb za akciov\u00fa cenu. R\u00fdchle dodanie tovaru, odborn\u00e9 poradenstvo a stovky produktov skladom. Tmavohned\u00e1 jed\u00e1lensk\u00e1 stoli\u010dka Amsterdam Retro \u00bb sa stane dominantou V\u00e1\u0161ho interi\u00e9ru. Internetov\u00fd obchod ikuchyne! pon\u00faka odber Tmavohned\u00e1 jed\u00e1lensk\u00e1 stoli\u010dka Amsterdam Retro \u00bb u\u017e od 1 kusu.\" \/>\n<meta name=\"robots\" content=\"index, follow, max-snippet:-1, max-image-preview:large, max-video-preview:-1\" \/>\n<link rel=\"canonical\" href=\"https:\/\/www.ikuchyne.sk\/eshop\/produkt\/tmavohneda-jedalenska-stolicka-amsterdam-retro\/\" \/>\n<meta property=\"og:locale\" content=\"sk_SK\" \/>\n<meta property=\"og:type\" content=\"article\" \/>\n<meta property=\"og:title\" content=\"Tmavohned\u00e1 jed\u00e1lensk\u00e1 stoli\u010dka Amsterdam Retro \u00bb &#187; iKuchyne iSHOP s n\u00e1bytkom\" \/>\n<meta property=\"og:description\" content=\"K\u00fapte si u n\u00e1s Tmavohned\u00e1 jed\u00e1lensk\u00e1 stoli\u010dka Amsterdam Retro \u00bb za akciov\u00fa cenu. R\u00fdchle dodanie tovaru, odborn\u00e9 poradenstvo a stovky produktov skladom. Tmavohned\u00e1 jed\u00e1lensk\u00e1 stoli\u010dka Amsterdam Retro \u00bb sa stane dominantou V\u00e1\u0161ho interi\u00e9ru. Internetov\u00fd obchod ikuchyne! pon\u00faka odber Tmavohned\u00e1 jed\u00e1lensk\u00e1 stoli\u010dka Amsterdam Retro \u00bb u\u017e od 1 kusu.\" \/>\n<meta property=\"og:url\" content=\"https:\/\/www.ikuchyne.sk\/eshop\/produkt\/tmavohneda-jedalenska-stolicka-amsterdam-retro\/\" \/>\n<meta property=\"og:site_name\" content=\"iKuchyne iSHOP s n\u00e1bytkom\" \/>\n<meta property=\"article:publisher\" content=\"https:\/\/www.facebook.com\/ikuchyne\/\" \/>\n<meta property=\"article:modified_time\" content=\"2024-03-09T15:02:05+00:00\" \/>\n<meta property=\"og:image\" content=\"https:\/\/www.ikuchyne.sk\/eshop\/wp-content\/uploads\/2017\/04\/stolicka-amsterdam-retro-hneda-5-1.jpg\" \/>\n\t<meta property=\"og:image:width\" content=\"800\" \/>\n\t<meta property=\"og:image:height\" content=\"533\" \/>\n\t<meta property=\"og:image:type\" content=\"image\/jpeg\" \/>\n<meta name=\"twitter:card\" content=\"summary_large_image\" \/>\n<meta name=\"twitter:label1\" content=\"Predpokladan\u00fd \u010das \u010d\u00edtania\" \/>\n\t<meta name=\"twitter:data1\" content=\"2 min\u00faty\" \/>\n<script type=\"application\/ld+json\" class=\"yoast-schema-graph\">{\"@context\":\"https:\/\/schema.org\",\"@graph\":[{\"@type\":\"WebPage\",\"@id\":\"https:\/\/www.ikuchyne.sk\/eshop\/produkt\/tmavohneda-jedalenska-stolicka-amsterdam-retro\/\",\"url\":\"https:\/\/www.ikuchyne.sk\/eshop\/produkt\/tmavohneda-jedalenska-stolicka-amsterdam-retro\/\",\"name\":\"Tmavohned\u00e1 jed\u00e1lensk\u00e1 stoli\u010dka Amsterdam Retro \u00bb &#187; iKuchyne iSHOP s n\u00e1bytkom\",\"isPartOf\":{\"@id\":\"https:\/\/www.ikuchyne.sk\/eshop\/#website\"},\"datePublished\":\"2017-04-25T14:06:29+00:00\",\"dateModified\":\"2024-03-09T15:02:05+00:00\",\"description\":\"K\u00fapte si u n\u00e1s Tmavohned\u00e1 jed\u00e1lensk\u00e1 stoli\u010dka Amsterdam Retro \u00bb za akciov\u00fa cenu. R\u00fdchle dodanie tovaru, odborn\u00e9 poradenstvo a stovky produktov skladom. Tmavohned\u00e1 jed\u00e1lensk\u00e1 stoli\u010dka Amsterdam Retro \u00bb sa stane dominantou V\u00e1\u0161ho interi\u00e9ru. Internetov\u00fd obchod ikuchyne! pon\u00faka odber Tmavohned\u00e1 jed\u00e1lensk\u00e1 stoli\u010dka Amsterdam Retro \u00bb u\u017e od 1 kusu.\",\"breadcrumb\":{\"@id\":\"https:\/\/www.ikuchyne.sk\/eshop\/produkt\/tmavohneda-jedalenska-stolicka-amsterdam-retro\/#breadcrumb\"},\"inLanguage\":\"sk-SK\",\"potentialAction\":[{\"@type\":\"ReadAction\",\"target\":[\"https:\/\/www.ikuchyne.sk\/eshop\/produkt\/tmavohneda-jedalenska-stolicka-amsterdam-retro\/\"]}]},{\"@type\":\"BreadcrumbList\",\"@id\":\"https:\/\/www.ikuchyne.sk\/eshop\/produkt\/tmavohneda-jedalenska-stolicka-amsterdam-retro\/#breadcrumb\",\"itemListElement\":[{\"@type\":\"ListItem\",\"position\":1,\"name\":\"Home\",\"item\":\"https:\/\/www.ikuchyne.sk\/eshop\/\"},{\"@type\":\"ListItem\",\"position\":2,\"name\":\"Obchod\",\"item\":\"https:\/\/www.ikuchyne.sk\/eshop\/obchod\/\"},{\"@type\":\"ListItem\",\"position\":3,\"name\":\"Tmavohned\u00e1 jed\u00e1lensk\u00e1 stoli\u010dka Amsterdam Retro \u00bb\"}]},{\"@type\":\"WebSite\",\"@id\":\"https:\/\/www.ikuchyne.sk\/eshop\/#website\",\"url\":\"https:\/\/www.ikuchyne.sk\/eshop\/\",\"name\":\"iKuchyne iSHOP s n\u00e1bytkom\",\"description\":\"Jed\u00e1lensk\u00e9 stoly, stoli\u010dky, n\u00e1bytok, svietidl\u00e1...\",\"publisher\":{\"@id\":\"https:\/\/www.ikuchyne.sk\/eshop\/#organization\"},\"potentialAction\":[{\"@type\":\"SearchAction\",\"target\":{\"@type\":\"EntryPoint\",\"urlTemplate\":\"https:\/\/www.ikuchyne.sk\/eshop\/?s={search_term_string}\"},\"query-input\":\"required name=search_term_string\"}],\"inLanguage\":\"sk-SK\"},{\"@type\":\"Organization\",\"@id\":\"https:\/\/www.ikuchyne.sk\/eshop\/#organization\",\"name\":\"ikuchyne!\",\"url\":\"https:\/\/www.ikuchyne.sk\/eshop\/\",\"logo\":{\"@type\":\"ImageObject\",\"inLanguage\":\"sk-SK\",\"@id\":\"https:\/\/www.ikuchyne.sk\/eshop\/#\/schema\/logo\/image\/\",\"url\":\"https:\/\/www.ikuchyne.sk\/eshop\/wp-content\/uploads\/2017\/04\/ikuchyne-logo.jpg\",\"contentUrl\":\"https:\/\/www.ikuchyne.sk\/eshop\/wp-content\/uploads\/2017\/04\/ikuchyne-logo.jpg\",\"width\":200,\"height\":48,\"caption\":\"ikuchyne!\"},\"image\":{\"@id\":\"https:\/\/www.ikuchyne.sk\/eshop\/#\/schema\/logo\/image\/\"},\"sameAs\":[\"https:\/\/www.facebook.com\/ikuchyne\/\",\"https:\/\/www.instagram.com\/ikuchyne.sk\/\",\"https:\/\/sk.pinterest.com\/ikuchynesk\/\"]}]}<\/script>\n<!-- \/ Yoast SEO plugin. -->","yoast_head_json":{"title":"Tmavohned\u00e1 jed\u00e1lensk\u00e1 stoli\u010dka Amsterdam Retro \u00bb &#187; iKuchyne iSHOP s n\u00e1bytkom","description":"K\u00fapte si u n\u00e1s Tmavohned\u00e1 jed\u00e1lensk\u00e1 stoli\u010dka Amsterdam Retro \u00bb za akciov\u00fa cenu. R\u00fdchle dodanie tovaru, odborn\u00e9 poradenstvo a stovky produktov skladom. Tmavohned\u00e1 jed\u00e1lensk\u00e1 stoli\u010dka Amsterdam Retro \u00bb sa stane dominantou V\u00e1\u0161ho interi\u00e9ru. Internetov\u00fd obchod ikuchyne! pon\u00faka odber Tmavohned\u00e1 jed\u00e1lensk\u00e1 stoli\u010dka Amsterdam Retro \u00bb u\u017e od 1 kusu.","robots":{"index":"index","follow":"follow","max-snippet":"max-snippet:-1","max-image-preview":"max-image-preview:large","max-video-preview":"max-video-preview:-1"},"canonical":"https:\/\/www.ikuchyne.sk\/eshop\/produkt\/tmavohneda-jedalenska-stolicka-amsterdam-retro\/","og_locale":"sk_SK","og_type":"article","og_title":"Tmavohned\u00e1 jed\u00e1lensk\u00e1 stoli\u010dka Amsterdam Retro \u00bb &#187; iKuchyne iSHOP s n\u00e1bytkom","og_description":"K\u00fapte si u n\u00e1s Tmavohned\u00e1 jed\u00e1lensk\u00e1 stoli\u010dka Amsterdam Retro \u00bb za akciov\u00fa cenu. R\u00fdchle dodanie tovaru, odborn\u00e9 poradenstvo a stovky produktov skladom. Tmavohned\u00e1 jed\u00e1lensk\u00e1 stoli\u010dka Amsterdam Retro \u00bb sa stane dominantou V\u00e1\u0161ho interi\u00e9ru. Internetov\u00fd obchod ikuchyne! pon\u00faka odber Tmavohned\u00e1 jed\u00e1lensk\u00e1 stoli\u010dka Amsterdam Retro \u00bb u\u017e od 1 kusu.","og_url":"https:\/\/www.ikuchyne.sk\/eshop\/produkt\/tmavohneda-jedalenska-stolicka-amsterdam-retro\/","og_site_name":"iKuchyne iSHOP s n\u00e1bytkom","article_publisher":"https:\/\/www.facebook.com\/ikuchyne\/","article_modified_time":"2024-03-09T15:02:05+00:00","og_image":[{"width":800,"height":533,"url":"https:\/\/www.ikuchyne.sk\/eshop\/wp-content\/uploads\/2017\/04\/stolicka-amsterdam-retro-hneda-5-1.jpg","type":"image\/jpeg"}],"twitter_card":"summary_large_image","twitter_misc":{"Predpokladan\u00fd \u010das \u010d\u00edtania":"2 min\u00faty"},"schema":{"@context":"https:\/\/schema.org","@graph":[{"@type":"WebPage","@id":"https:\/\/www.ikuchyne.sk\/eshop\/produkt\/tmavohneda-jedalenska-stolicka-amsterdam-retro\/","url":"https:\/\/www.ikuchyne.sk\/eshop\/produkt\/tmavohneda-jedalenska-stolicka-amsterdam-retro\/","name":"Tmavohned\u00e1 jed\u00e1lensk\u00e1 stoli\u010dka Amsterdam Retro \u00bb &#187; iKuchyne iSHOP s n\u00e1bytkom","isPartOf":{"@id":"https:\/\/www.ikuchyne.sk\/eshop\/#website"},"datePublished":"2017-04-25T14:06:29+00:00","dateModified":"2024-03-09T15:02:05+00:00","description":"K\u00fapte si u n\u00e1s Tmavohned\u00e1 jed\u00e1lensk\u00e1 stoli\u010dka Amsterdam Retro \u00bb za akciov\u00fa cenu. R\u00fdchle dodanie tovaru, odborn\u00e9 poradenstvo a stovky produktov skladom. Tmavohned\u00e1 jed\u00e1lensk\u00e1 stoli\u010dka Amsterdam Retro \u00bb sa stane dominantou V\u00e1\u0161ho interi\u00e9ru. Internetov\u00fd obchod ikuchyne! pon\u00faka odber Tmavohned\u00e1 jed\u00e1lensk\u00e1 stoli\u010dka Amsterdam Retro \u00bb u\u017e od 1 kusu.","breadcrumb":{"@id":"https:\/\/www.ikuchyne.sk\/eshop\/produkt\/tmavohneda-jedalenska-stolicka-amsterdam-retro\/#breadcrumb"},"inLanguage":"sk-SK","potentialAction":[{"@type":"ReadAction","target":["https:\/\/www.ikuchyne.sk\/eshop\/produkt\/tmavohneda-jedalenska-stolicka-amsterdam-retro\/"]}]},{"@type":"BreadcrumbList","@id":"https:\/\/www.ikuchyne.sk\/eshop\/produkt\/tmavohneda-jedalenska-stolicka-amsterdam-retro\/#breadcrumb","itemListElement":[{"@type":"ListItem","position":1,"name":"Home","item":"https:\/\/www.ikuchyne.sk\/eshop\/"},{"@type":"ListItem","position":2,"name":"Obchod","item":"https:\/\/www.ikuchyne.sk\/eshop\/obchod\/"},{"@type":"ListItem","position":3,"name":"Tmavohned\u00e1 jed\u00e1lensk\u00e1 stoli\u010dka Amsterdam Retro \u00bb"}]},{"@type":"WebSite","@id":"https:\/\/www.ikuchyne.sk\/eshop\/#website","url":"https:\/\/www.ikuchyne.sk\/eshop\/","name":"iKuchyne iSHOP s n\u00e1bytkom","description":"Jed\u00e1lensk\u00e9 stoly, stoli\u010dky, n\u00e1bytok, svietidl\u00e1...","publisher":{"@id":"https:\/\/www.ikuchyne.sk\/eshop\/#organization"},"potentialAction":[{"@type":"SearchAction","target":{"@type":"EntryPoint","urlTemplate":"https:\/\/www.ikuchyne.sk\/eshop\/?s={search_term_string}"},"query-input":"required name=search_term_string"}],"inLanguage":"sk-SK"},{"@type":"Organization","@id":"https:\/\/www.ikuchyne.sk\/eshop\/#organization","name":"ikuchyne!","url":"https:\/\/www.ikuchyne.sk\/eshop\/","logo":{"@type":"ImageObject","inLanguage":"sk-SK","@id":"https:\/\/www.ikuchyne.sk\/eshop\/#\/schema\/logo\/image\/","url":"https:\/\/www.ikuchyne.sk\/eshop\/wp-content\/uploads\/2017\/04\/ikuchyne-logo.jpg","contentUrl":"https:\/\/www.ikuchyne.sk\/eshop\/wp-content\/uploads\/2017\/04\/ikuchyne-logo.jpg","width":200,"height":48,"caption":"ikuchyne!"},"image":{"@id":"https:\/\/www.ikuchyne.sk\/eshop\/#\/schema\/logo\/image\/"},"sameAs":["https:\/\/www.facebook.com\/ikuchyne\/","https:\/\/www.instagram.com\/ikuchyne.sk\/","https:\/\/sk.pinterest.com\/ikuchynesk\/"]}]}},"_links":{"self":[{"href":"https:\/\/www.ikuchyne.sk\/eshop\/wp-json\/wp\/v2\/product\/7405"}],"collection":[{"href":"https:\/\/www.ikuchyne.sk\/eshop\/wp-json\/wp\/v2\/product"}],"about":[{"href":"https:\/\/www.ikuchyne.sk\/eshop\/wp-json\/wp\/v2\/types\/product"}],"replies":[{"embeddable":true,"href":"https:\/\/www.ikuchyne.sk\/eshop\/wp-json\/wp\/v2\/comments?post=7405"}],"wp:featuredmedia":[{"embeddable":true,"href":"https:\/\/www.ikuchyne.sk\/eshop\/wp-json\/wp\/v2\/media\/81978"}],"wp:attachment":[{"href":"https:\/\/www.ikuchyne.sk\/eshop\/wp-json\/wp\/v2\/media?parent=7405"}],"wp:term":[{"taxonomy":"product_cat","embeddable":true,"href":"https:\/\/www.ikuchyne.sk\/eshop\/wp-json\/wp\/v2\/product_cat?post=7405"},{"taxonomy":"product_tag","embeddable":true,"href":"https:\/\/www.ikuchyne.sk\/eshop\/wp-json\/wp\/v2\/product_tag?post=7405"}],"curies":[{"name":"wp","href":"https:\/\/api.w.org\/{rel}","templated":true}]}}