{"id":76151,"date":"2018-05-18T13:04:14","date_gmt":"2018-05-18T11:04:14","guid":{"rendered":"https:\/\/ikuchyne.sk\/eshop\/?post_type=product&#038;p=76151"},"modified":"2024-03-10T19:20:07","modified_gmt":"2024-03-10T18:20:07","slug":"tv-stolik-makassar-sheesham-47-x-170-cm","status":"publish","type":"product","link":"https:\/\/www.ikuchyne.sk\/eshop\/produkt\/tv-stolik-makassar-sheesham-47-x-170-cm\/","title":{"rendered":"TV stol\u00edk Makassar Sheesham 47 x 170 cm \u00bb"},"content":{"rendered":"<h1>Tv stol\u00edk Makassar Sheesham 47 x 170 cm \u00bb<\/h1>\n<h4><strong>V\u0161eobecn\u00fd popis:<\/strong><\/h4>\n<p>Tv stol\u00edk Makassar Sheesham 47 x 170 cm disponuje mno\u017estvom \u00falo\u017en\u00e9ho priestoru. Sheeshamov\u00e9 drevo je charakteristick\u00e9 svoj\u00edm v\u00fdnimo\u010dn\u00fdm zrnom a obzvl\u00e1\u0161\u0165 odoln\u00e9. TV stol\u00edk je mo\u017en\u00e9 flexibilne kombinova\u0165 s in\u00fdm n\u00e1bytkom. Dajte svojej ob\u00fdvacej izbe nov\u00fd vzh\u013ead!<\/p>\n<p>Pr\u00edrodn\u00e9 k\u00fazlo pre va\u0161u ob\u00fdva\u010dku. Neskrotn\u00e1 sila u\u0161\u013eachtil\u00e9ho sheeshamov\u00e9ho dreva TV stol\u00edka Makassar Sheesham. Kombin\u00e1cia vzru\u0161uj\u00faceho dreva a nad\u010dasov\u00e9ho dizajnu vytv\u00e1ra mimoriadny vzh\u013ead, ktor\u00fd dod\u00e1va TV stol\u00edku skuto\u010dn\u00fd faktor ,,wow&#8221;. Impozantn\u00e9 a napriek tomu nie \u0165a\u017ekop\u00e1dne &#8211; otvoren\u00e1 odkladacia priehradka umo\u017e\u0148uje, aby poli\u010dka na telev\u00edzor vyzerala napriek mas\u00edvnemu drevu \u00fa\u017easne. Sem m\u00f4\u017eete umiestni\u0165 prij\u00edma\u010de, DVD prehr\u00e1va\u010de alebo vhodn\u00e9 dekorat\u00edvne prvky.<\/p>\n<p>Mas\u00edvny TV stol\u00edk pre \u0161t\u00fdlov\u00e9 prostredie. Tri \u010fal\u0161ie z\u00e1suvky v strede dosky v\u00e1m pon\u00faknu dostatok \u00falo\u017en\u00e9ho priestoru napr\u00edklad pre elektrick\u00e9 pr\u00edslu\u0161enstvo, DVD alebo knihy. Ve\u013ek\u00fdm kontrastom s\u00fa strieborn\u00e9 \u00fachytky, pomocou ktor\u00fdch sa daj\u00fa z\u00e1suvky otv\u00e1ra\u0165. Tu sa modern\u00fd materi\u00e1l stret\u00e1va s mas\u00edvnym drevom! Ak chcete vo svojom ob\u00fdvacom priestore obzvl\u00e1\u0161\u0165 harmonick\u00fd dizajn interi\u00e9ru, odpor\u00fa\u010dame v\u00e1m kombinova\u0165 TV stol\u00edk s in\u00fdm n\u00e1bytkom z radu MAKASSAR &#8211; takto vyzer\u00e1 n\u00e1bytok z mas\u00edvu obzvl\u00e1\u0161\u0165 kr\u00e1sne!<\/p>\n<h4><strong>Detaily produktu:<\/strong><\/h4>\n<p>Preto\u017ee sa jedn\u00e1 o pr\u00edrodn\u00fd produkt, ka\u017ed\u00e1 k\u00f3pia je \u00faplne jedine\u010dn\u00e1. Nerovnosti, charizmatick\u00e9 uzly, praskliny alebo dokonca rozmerov\u00e9 rozdiely s\u00fa mo\u017en\u00e9 a vytv\u00e1raj\u00fa originalitu a vytv\u00e1raj\u00fa \u010daro mas\u00edvneho dreva. Okrem toho m\u00f4\u017eu existova\u0165 farebn\u00e9 odch\u00fdlky. Tento TV stol\u00edk je mo\u017en\u00e9 \u00fa\u017easne v\u0161estranne kombinova\u0165 s in\u00fdm n\u00e1bytkom. Vhodn\u00e9 bytov\u00e9 doplnky pre kombinovanie interi\u00e9ru s t\u00fdmto TV stol\u00edkom n\u00e1jdete na na\u0161om e-shope v sekcii Bytov\u00e9 doplnky. Kontaktujte n\u00e1s a my v\u00e1m radi pom\u00f4\u017eeme s v\u00fdberom vhodn\u00fdch dekor\u00e1ci\u00ed a n\u00e1bytku do va\u0161ej dom\u00e1cnosti v akomko\u013evek \u0161t\u00fdle pre ka\u017ed\u00fa va\u0161u miestnos\u0165 u v\u00e1s doma.<\/p>\n<p><strong>Povrch stol\u00edka:<br \/>\n<\/strong>Povrch TV stol\u00edka tvor\u00ed vysoko kvalitn\u00e9 sheesham drevo.<\/p>\n<p><strong>\u010eal\u0161ie inform\u00e1cie:<br \/>\n<\/strong>V\u00fdrazn\u00e1 kresba, ktorou\u00a0 je t\u00e1to drevina charakteristick\u00e1, rob\u00ed z ka\u017ed\u00e9ho kusu unik\u00e1t. Na o\u0161etrovanie pou\u017e\u00edvame bavlnen\u00fa handri\u010dku a na udr\u017eanie svie\u017eeho vzh\u013eadu raz za tri mesiace \u013eanov\u00fd olej alebo vosk. Pou\u017e\u00edvame pr\u00edpravky len na \u00fadr\u017ebu dreva.<\/p>\n<p><b>Rozmery stol\u00edka:<\/b><br \/>\n\u0160\u00edrka stol\u00edka: 47 cm<br \/>\nD\u013a\u017eka stol\u00edka: 170 cm<br \/>\nV\u00fd\u0161ka stol\u00edka: 45 cm<\/p>\n<p><strong>Rozmery z\u00e1suvky: <\/strong><span style=\"color: #000000\">3x<\/span> 39 cm x 9 cm x 38 cm<br \/>\n<strong>Rozmery priehradky:<\/strong> 148 cm x 15 cm x 45 cm<\/p>\n<p><strong>Tento stol\u00edk sa vyr\u00e1ba aj v tejto ve\u013ekosti:\u00a0<\/strong><br \/>\n45 x 135 cm<\/p>\n<p><b>Materi\u00e1l:\u00a0<\/b>drevo (mas\u00edv), lakovan\u00fd sheesham, \u00fachytky &#8211; kefovan\u00fd hlin\u00edk<\/p>\n<p><b>Farba:<\/b>\u00a0pr\u00edrodn\u00e1<\/p>\n<p>V pr\u00edpade z\u00e1ujmu o in\u00fd n\u00e1bytok ako TV stol\u00edk, komodu, reg\u00e1l \u010di skrine, nav\u0161t\u00edvte sekciu n\u00e1bytok na <a href=\"https:\/\/www.ikuchyne.sk\/eshop\/kategoria\/nabytok\/\">www.ikuchyne.sk\/eshop<\/a><br \/>\nV pr\u00edpade z\u00e1ujmu o n\u00e1bytok na mieru n\u00e1s kontaktuje na <a href=\"http:\/\/www.ikuchyne.sk\">www.ikuchyne.sk<\/a><\/p>\n","protected":false},"excerpt":{"rendered":"<p>Tv stol\u00edk Makassar Sheesham 47 x 170 cm \u00bb V\u0161eobecn\u00fd popis: Tv stol\u00edk Makassar Sheesham 47 x 170 cm disponuje mno\u017estvom \u00falo\u017en\u00e9ho priestoru. Sheeshamov\u00e9 drevo je charakteristick\u00e9 svoj\u00edm v\u00fdnimo\u010dn\u00fdm zrnom<\/p>\n","protected":false},"featured_media":76152,"comment_status":"open","ping_status":"closed","template":"","meta":[],"product_cat":[939,286,295],"product_tag":[261],"yoast_head":"<!-- This site is optimized with the Yoast SEO plugin v22.1 - https:\/\/yoast.com\/wordpress\/plugins\/seo\/ -->\n<title>TV stol\u00edk Makassar Sheesham 47 x 170 cm&#187; iKuchyne iSHOP s n\u00e1bytkom<\/title>\n<meta name=\"description\" content=\"TV stol\u00edk Makassar Sheesham 47 x 170 cm \u00bb - r\u00fdchle dodanie, poradenstvo, n\u00e1bytok skladom v Bratislave s ikuchyne.sk - kuchyne na mieru.\" \/>\n<meta name=\"robots\" content=\"index, follow, max-snippet:-1, max-image-preview:large, max-video-preview:-1\" \/>\n<link rel=\"canonical\" href=\"https:\/\/www.ikuchyne.sk\/eshop\/produkt\/tv-stolik-makassar-sheesham-47-x-170-cm\/\" \/>\n<meta property=\"og:locale\" content=\"sk_SK\" \/>\n<meta property=\"og:type\" content=\"article\" \/>\n<meta property=\"og:title\" content=\"TV stol\u00edk Makassar Sheesham 47 x 170 cm&#187; iKuchyne iSHOP s n\u00e1bytkom\" \/>\n<meta property=\"og:description\" content=\"TV stol\u00edk Makassar Sheesham 47 x 170 cm \u00bb - r\u00fdchle dodanie, poradenstvo, n\u00e1bytok skladom v Bratislave s ikuchyne.sk - kuchyne na mieru.\" \/>\n<meta property=\"og:url\" content=\"https:\/\/www.ikuchyne.sk\/eshop\/produkt\/tv-stolik-makassar-sheesham-47-x-170-cm\/\" \/>\n<meta property=\"og:site_name\" content=\"iKuchyne iSHOP s n\u00e1bytkom\" \/>\n<meta property=\"article:publisher\" content=\"https:\/\/www.facebook.com\/ikuchyne\/\" \/>\n<meta property=\"article:modified_time\" content=\"2024-03-10T18:20:07+00:00\" \/>\n<meta property=\"og:image\" content=\"https:\/\/www.ikuchyne.sk\/eshop\/wp-content\/uploads\/2018\/05\/TV-Board-Makassar-170cm-sheesham-38111.jpg\" \/>\n\t<meta property=\"og:image:width\" content=\"800\" \/>\n\t<meta property=\"og:image:height\" content=\"533\" \/>\n\t<meta property=\"og:image:type\" content=\"image\/jpeg\" \/>\n<meta name=\"twitter:card\" content=\"summary_large_image\" \/>\n<meta name=\"twitter:label1\" content=\"Predpokladan\u00fd \u010das \u010d\u00edtania\" \/>\n\t<meta name=\"twitter:data1\" content=\"2 min\u00faty\" \/>\n<script type=\"application\/ld+json\" class=\"yoast-schema-graph\">{\"@context\":\"https:\/\/schema.org\",\"@graph\":[{\"@type\":\"WebPage\",\"@id\":\"https:\/\/www.ikuchyne.sk\/eshop\/produkt\/tv-stolik-makassar-sheesham-47-x-170-cm\/\",\"url\":\"https:\/\/www.ikuchyne.sk\/eshop\/produkt\/tv-stolik-makassar-sheesham-47-x-170-cm\/\",\"name\":\"TV stol\u00edk Makassar Sheesham 47 x 170 cm&#187; iKuchyne iSHOP s n\u00e1bytkom\",\"isPartOf\":{\"@id\":\"https:\/\/www.ikuchyne.sk\/eshop\/#website\"},\"datePublished\":\"2018-05-18T11:04:14+00:00\",\"dateModified\":\"2024-03-10T18:20:07+00:00\",\"description\":\"TV stol\u00edk Makassar Sheesham 47 x 170 cm \u00bb - r\u00fdchle dodanie, poradenstvo, n\u00e1bytok skladom v Bratislave s ikuchyne.sk - kuchyne na mieru.\",\"breadcrumb\":{\"@id\":\"https:\/\/www.ikuchyne.sk\/eshop\/produkt\/tv-stolik-makassar-sheesham-47-x-170-cm\/#breadcrumb\"},\"inLanguage\":\"sk-SK\",\"potentialAction\":[{\"@type\":\"ReadAction\",\"target\":[\"https:\/\/www.ikuchyne.sk\/eshop\/produkt\/tv-stolik-makassar-sheesham-47-x-170-cm\/\"]}]},{\"@type\":\"BreadcrumbList\",\"@id\":\"https:\/\/www.ikuchyne.sk\/eshop\/produkt\/tv-stolik-makassar-sheesham-47-x-170-cm\/#breadcrumb\",\"itemListElement\":[{\"@type\":\"ListItem\",\"position\":1,\"name\":\"Home\",\"item\":\"https:\/\/www.ikuchyne.sk\/eshop\/\"},{\"@type\":\"ListItem\",\"position\":2,\"name\":\"Obchod\",\"item\":\"https:\/\/www.ikuchyne.sk\/eshop\/obchod\/\"},{\"@type\":\"ListItem\",\"position\":3,\"name\":\"TV stol\u00edk Makassar Sheesham 47 x 170 cm \u00bb\"}]},{\"@type\":\"WebSite\",\"@id\":\"https:\/\/www.ikuchyne.sk\/eshop\/#website\",\"url\":\"https:\/\/www.ikuchyne.sk\/eshop\/\",\"name\":\"iKuchyne iSHOP s n\u00e1bytkom\",\"description\":\"Jed\u00e1lensk\u00e9 stoly, stoli\u010dky, n\u00e1bytok, svietidl\u00e1...\",\"publisher\":{\"@id\":\"https:\/\/www.ikuchyne.sk\/eshop\/#organization\"},\"potentialAction\":[{\"@type\":\"SearchAction\",\"target\":{\"@type\":\"EntryPoint\",\"urlTemplate\":\"https:\/\/www.ikuchyne.sk\/eshop\/?s={search_term_string}\"},\"query-input\":\"required name=search_term_string\"}],\"inLanguage\":\"sk-SK\"},{\"@type\":\"Organization\",\"@id\":\"https:\/\/www.ikuchyne.sk\/eshop\/#organization\",\"name\":\"ikuchyne!\",\"url\":\"https:\/\/www.ikuchyne.sk\/eshop\/\",\"logo\":{\"@type\":\"ImageObject\",\"inLanguage\":\"sk-SK\",\"@id\":\"https:\/\/www.ikuchyne.sk\/eshop\/#\/schema\/logo\/image\/\",\"url\":\"https:\/\/www.ikuchyne.sk\/eshop\/wp-content\/uploads\/2017\/04\/ikuchyne-logo.jpg\",\"contentUrl\":\"https:\/\/www.ikuchyne.sk\/eshop\/wp-content\/uploads\/2017\/04\/ikuchyne-logo.jpg\",\"width\":200,\"height\":48,\"caption\":\"ikuchyne!\"},\"image\":{\"@id\":\"https:\/\/www.ikuchyne.sk\/eshop\/#\/schema\/logo\/image\/\"},\"sameAs\":[\"https:\/\/www.facebook.com\/ikuchyne\/\",\"https:\/\/www.instagram.com\/ikuchyne.sk\/\",\"https:\/\/sk.pinterest.com\/ikuchynesk\/\"]}]}<\/script>\n<!-- \/ Yoast SEO plugin. -->","yoast_head_json":{"title":"TV stol\u00edk Makassar Sheesham 47 x 170 cm&#187; iKuchyne iSHOP s n\u00e1bytkom","description":"TV stol\u00edk Makassar Sheesham 47 x 170 cm \u00bb - r\u00fdchle dodanie, poradenstvo, n\u00e1bytok skladom v Bratislave s ikuchyne.sk - kuchyne na mieru.","robots":{"index":"index","follow":"follow","max-snippet":"max-snippet:-1","max-image-preview":"max-image-preview:large","max-video-preview":"max-video-preview:-1"},"canonical":"https:\/\/www.ikuchyne.sk\/eshop\/produkt\/tv-stolik-makassar-sheesham-47-x-170-cm\/","og_locale":"sk_SK","og_type":"article","og_title":"TV stol\u00edk Makassar Sheesham 47 x 170 cm&#187; iKuchyne iSHOP s n\u00e1bytkom","og_description":"TV stol\u00edk Makassar Sheesham 47 x 170 cm \u00bb - r\u00fdchle dodanie, poradenstvo, n\u00e1bytok skladom v Bratislave s ikuchyne.sk - kuchyne na mieru.","og_url":"https:\/\/www.ikuchyne.sk\/eshop\/produkt\/tv-stolik-makassar-sheesham-47-x-170-cm\/","og_site_name":"iKuchyne iSHOP s n\u00e1bytkom","article_publisher":"https:\/\/www.facebook.com\/ikuchyne\/","article_modified_time":"2024-03-10T18:20:07+00:00","og_image":[{"width":800,"height":533,"url":"https:\/\/www.ikuchyne.sk\/eshop\/wp-content\/uploads\/2018\/05\/TV-Board-Makassar-170cm-sheesham-38111.jpg","type":"image\/jpeg"}],"twitter_card":"summary_large_image","twitter_misc":{"Predpokladan\u00fd \u010das \u010d\u00edtania":"2 min\u00faty"},"schema":{"@context":"https:\/\/schema.org","@graph":[{"@type":"WebPage","@id":"https:\/\/www.ikuchyne.sk\/eshop\/produkt\/tv-stolik-makassar-sheesham-47-x-170-cm\/","url":"https:\/\/www.ikuchyne.sk\/eshop\/produkt\/tv-stolik-makassar-sheesham-47-x-170-cm\/","name":"TV stol\u00edk Makassar Sheesham 47 x 170 cm&#187; iKuchyne iSHOP s n\u00e1bytkom","isPartOf":{"@id":"https:\/\/www.ikuchyne.sk\/eshop\/#website"},"datePublished":"2018-05-18T11:04:14+00:00","dateModified":"2024-03-10T18:20:07+00:00","description":"TV stol\u00edk Makassar Sheesham 47 x 170 cm \u00bb - r\u00fdchle dodanie, poradenstvo, n\u00e1bytok skladom v Bratislave s ikuchyne.sk - kuchyne na mieru.","breadcrumb":{"@id":"https:\/\/www.ikuchyne.sk\/eshop\/produkt\/tv-stolik-makassar-sheesham-47-x-170-cm\/#breadcrumb"},"inLanguage":"sk-SK","potentialAction":[{"@type":"ReadAction","target":["https:\/\/www.ikuchyne.sk\/eshop\/produkt\/tv-stolik-makassar-sheesham-47-x-170-cm\/"]}]},{"@type":"BreadcrumbList","@id":"https:\/\/www.ikuchyne.sk\/eshop\/produkt\/tv-stolik-makassar-sheesham-47-x-170-cm\/#breadcrumb","itemListElement":[{"@type":"ListItem","position":1,"name":"Home","item":"https:\/\/www.ikuchyne.sk\/eshop\/"},{"@type":"ListItem","position":2,"name":"Obchod","item":"https:\/\/www.ikuchyne.sk\/eshop\/obchod\/"},{"@type":"ListItem","position":3,"name":"TV stol\u00edk Makassar Sheesham 47 x 170 cm \u00bb"}]},{"@type":"WebSite","@id":"https:\/\/www.ikuchyne.sk\/eshop\/#website","url":"https:\/\/www.ikuchyne.sk\/eshop\/","name":"iKuchyne iSHOP s n\u00e1bytkom","description":"Jed\u00e1lensk\u00e9 stoly, stoli\u010dky, n\u00e1bytok, svietidl\u00e1...","publisher":{"@id":"https:\/\/www.ikuchyne.sk\/eshop\/#organization"},"potentialAction":[{"@type":"SearchAction","target":{"@type":"EntryPoint","urlTemplate":"https:\/\/www.ikuchyne.sk\/eshop\/?s={search_term_string}"},"query-input":"required name=search_term_string"}],"inLanguage":"sk-SK"},{"@type":"Organization","@id":"https:\/\/www.ikuchyne.sk\/eshop\/#organization","name":"ikuchyne!","url":"https:\/\/www.ikuchyne.sk\/eshop\/","logo":{"@type":"ImageObject","inLanguage":"sk-SK","@id":"https:\/\/www.ikuchyne.sk\/eshop\/#\/schema\/logo\/image\/","url":"https:\/\/www.ikuchyne.sk\/eshop\/wp-content\/uploads\/2017\/04\/ikuchyne-logo.jpg","contentUrl":"https:\/\/www.ikuchyne.sk\/eshop\/wp-content\/uploads\/2017\/04\/ikuchyne-logo.jpg","width":200,"height":48,"caption":"ikuchyne!"},"image":{"@id":"https:\/\/www.ikuchyne.sk\/eshop\/#\/schema\/logo\/image\/"},"sameAs":["https:\/\/www.facebook.com\/ikuchyne\/","https:\/\/www.instagram.com\/ikuchyne.sk\/","https:\/\/sk.pinterest.com\/ikuchynesk\/"]}]}},"_links":{"self":[{"href":"https:\/\/www.ikuchyne.sk\/eshop\/wp-json\/wp\/v2\/product\/76151"}],"collection":[{"href":"https:\/\/www.ikuchyne.sk\/eshop\/wp-json\/wp\/v2\/product"}],"about":[{"href":"https:\/\/www.ikuchyne.sk\/eshop\/wp-json\/wp\/v2\/types\/product"}],"replies":[{"embeddable":true,"href":"https:\/\/www.ikuchyne.sk\/eshop\/wp-json\/wp\/v2\/comments?post=76151"}],"wp:featuredmedia":[{"embeddable":true,"href":"https:\/\/www.ikuchyne.sk\/eshop\/wp-json\/wp\/v2\/media\/76152"}],"wp:attachment":[{"href":"https:\/\/www.ikuchyne.sk\/eshop\/wp-json\/wp\/v2\/media?parent=76151"}],"wp:term":[{"taxonomy":"product_cat","embeddable":true,"href":"https:\/\/www.ikuchyne.sk\/eshop\/wp-json\/wp\/v2\/product_cat?post=76151"},{"taxonomy":"product_tag","embeddable":true,"href":"https:\/\/www.ikuchyne.sk\/eshop\/wp-json\/wp\/v2\/product_tag?post=76151"}],"curies":[{"name":"wp","href":"https:\/\/api.w.org\/{rel}","templated":true}]}}