{"id":77030,"date":"2018-06-05T11:19:22","date_gmt":"2018-06-05T09:19:22","guid":{"rendered":"https:\/\/ikuchyne.sk\/eshop\/?post_type=product&#038;p=77030"},"modified":"2024-03-10T19:20:06","modified_gmt":"2024-03-10T18:20:06","slug":"komoda-amazonas-43-x-150-cm","status":"publish","type":"product","link":"https:\/\/www.ikuchyne.sk\/eshop\/produkt\/komoda-amazonas-43-x-150-cm\/","title":{"rendered":"Komoda Amazonas 43 x 150 cm \u00bb"},"content":{"rendered":"<h1>Komoda Amazonas 43 x 150 cm \u00bb<\/h1>\n<h4><strong>V\u0161eobecn\u00fd popis:<\/strong><\/h4>\n<p>Ve\u013ek\u00e1 komoda Amazonas 43 x 150 cm vyroben\u00e1 z lakovan\u00e9ho ak\u00e1ciov\u00e9ho dreva. Celkovo \u0161es\u0165 prie\u010dinkov poskytuje dostatok \u00falo\u017en\u00e9ho priestoru. Bohat\u00fd hned\u00fd t\u00f3n vy\u017earuje \u00fatulnos\u0165 a prirodzen\u00fd feeling. Skombinujte pr\u00edborn\u00edk s konferen\u010dn\u00fdm stolom z rovnomennej s\u00e9rie!<\/p>\n<p>Lakovan\u00e9 ak\u00e1ciov\u00e9 drevo vy\u017earuje teplo a pohodlie. St\u00e1le h\u013ead\u00e1te pr\u00edborn\u00edk, ktor\u00fd v\u00e1m s\u013eubuje dostatok \u00falo\u017en\u00e9ho priestoru a je jedine\u010dn\u00fd aj svoj\u00edm vzh\u013eadom? Impozantn\u00e1 doska z mas\u00edvneho ag\u00e1tov\u00e9ho dreva zaujme predov\u0161etk\u00fdm svojim dizajnom: ako \u0161peci\u00e1lne zv\u00fdraznenie s\u00fa hrany dosky spracovan\u00e9 tak, aby vznikol p\u00f4vodn\u00fd charakter a prirodzen\u00fd dojem ve\u013ekej dosky z ag\u00e1tov\u00e9ho stromu. \u0160peci\u00e1lnym p\u00fata\u010dom pozornosti je \u010dierny lakovan\u00fd kov, ktor\u00fd opticky preru\u0161\u00ed dvere a vyzer\u00e1 obzvl\u00e1\u0161\u0165 harmonicky, aby ladil s nohami.<\/p>\n<p>Nechajte sa in\u0161pirova\u0165 \u00falo\u017en\u00fdm priestorom. Za zatvoren\u00fdmi dverami z lakovan\u00e9ho ak\u00e1ciov\u00e9ho dreva n\u00e1jdete \u0161es\u0165 priestrann\u00fdch priehradiek &#8211; na tomto kredenci ur\u010dite nech\u00fdba \u00falo\u017en\u00fd priestor! \u010ci u\u017e dekor\u00e1cia, porcel\u00e1n alebo riad: v\u0161etko si tu n\u00e1jde svoje miesto. Mimochodom, doska vyzer\u00e1 obzvl\u00e1\u0161\u0165 skvele, ke\u010f ju umiestnite do svojho prostredia v kombin\u00e1cii s ostatn\u00fdm n\u00e1bytkom z tejto s\u00e9rie.<\/p>\n<h4><strong>Detaily produktu:<\/strong><\/h4>\n<p>Preto\u017ee sa jedn\u00e1 o pr\u00edrodn\u00fd produkt, ka\u017ed\u00e1 k\u00f3pia je \u00faplne jedine\u010dn\u00e1. Nerovnosti, charizmatick\u00e9 uzly, praskliny alebo dokonca rozmerov\u00e9 rozdiely s\u00fa mo\u017en\u00e9 a vytv\u00e1raj\u00fa originalitu a vytv\u00e1raj\u00fa \u010daro mas\u00edvneho dreva. Okrem toho m\u00f4\u017eu existova\u0165 farebn\u00e9 odch\u00fdlky. T\u00fato komodu je mo\u017en\u00e9 \u00fa\u017easne v\u0161estranne kombinova\u0165 s in\u00fdm n\u00e1bytkom. Vhodn\u00e9 bytov\u00e9 doplnky pre kombinovanie interi\u00e9ru s touto komodou n\u00e1jdete na na\u0161om e-shope v sekcii Bytov\u00e9 doplnky. Kontaktujte n\u00e1s a my v\u00e1m radi pom\u00f4\u017eeme s v\u00fdberom vhodn\u00fdch dekor\u00e1ci\u00ed a n\u00e1bytku do va\u0161ej dom\u00e1cnosti v akomko\u013evek \u0161t\u00fdle pre ka\u017ed\u00fa va\u0161u miestnos\u0165 u v\u00e1s doma.<\/p>\n<p><strong>Povrch komody:<br \/>\n<\/strong>Povrch komody tvor\u00ed mas\u00edv lakovan\u00e9ho ag\u00e1tov\u00e9ho dr\u010deva v pr\u00edrodnej farbe.<\/p>\n<p><strong>Podno\u017e komody:<\/strong><br \/>\nPodno\u017e je tvoren\u00e1 z dvoch kovov\u00fdch podstavcov.<\/p>\n<p><strong>\u010eal\u0161ie inform\u00e1cie:<br \/>\n<\/strong>Ke\u010f\u017ee ide o ru\u010dn\u00fa pr\u00e1cu a pr\u00edrodn\u00fd produkt, m\u00f4\u017eu sa jednotliv\u00e9 kusy od seba l\u00ed\u0161i\u0165 (najm\u00e4 jemn\u00fdmi farebn\u00fdmi odtienkami, pr\u00edp. nerovnos\u0165ami).<strong><br \/>\n<\/strong>Na \u010distenie posta\u010d\u00ed\u00a0 vlhk\u00e1 handri\u010dka a na udr\u017eanie svie\u017eeho vzh\u013eadu raz za tri mesiace \u013eanov\u00fd olej alebo vosk. Pou\u017e\u00edvame pr\u00edpravky len na \u00fadr\u017ebu dreva.<\/p>\n<p><b>Rozmery komody:<\/b><br \/>\n\u0160\u00edrka komody: 43 cm<br \/>\nD\u013a\u017eka komody: 150 cm<br \/>\nV\u00fd\u0161ka komody: 85 cm<br \/>\n<strong>Rozmery priehradky:<br \/>\n<\/strong>3 x\u00a046 x 31 x 34 cm\u00a0(\u0160xVxH)<br \/>\n3x 46 x 31 x 40 cm (\u0160xVxH)<br \/>\n<strong>V\u00fd\u0161ka nohy:<\/strong> 15 cm<\/p>\n<p><b>Materi\u00e1l:\u00a0<\/b>drevo (mas\u00edv) \u2013 lakovan\u00fd ag\u00e1t, kov<\/p>\n<p><b>Farba:<\/b>\u00a0pr\u00edrodn\u00e1<\/p>\n<p>V pr\u00edpade z\u00e1ujmu o in\u00fd n\u00e1bytok ako TV stol\u00edk, komodu, reg\u00e1l \u010di skrine, nav\u0161t\u00edvte sekciu n\u00e1bytok na <a href=\"https:\/\/www.ikuchyne.sk\/eshop\/kategoria\/nabytok\/\">www.ikuchyne.sk\/eshop<\/a><br \/>\nV pr\u00edpade z\u00e1ujmu o n\u00e1bytok na mieru n\u00e1s kontaktuje na <a href=\"http:\/\/www.ikuchyne.sk\">www.ikuchyne.sk<\/a><\/p>\n","protected":false},"excerpt":{"rendered":"<p>Komoda Amazonas 43 x 150 cm \u00bb V\u0161eobecn\u00fd popis: Ve\u013ek\u00e1 komoda Amazonas 43 x 150 cm vyroben\u00e1 z lakovan\u00e9ho ak\u00e1ciov\u00e9ho dreva. Celkovo \u0161es\u0165 prie\u010dinkov poskytuje dostatok \u00falo\u017en\u00e9ho priestoru. Bohat\u00fd hned\u00fd<\/p>\n","protected":false},"featured_media":77031,"comment_status":"open","ping_status":"closed","template":"","meta":[],"product_cat":[293,286],"product_tag":[261],"yoast_head":"<!-- This site is optimized with the Yoast SEO plugin v22.1 - https:\/\/yoast.com\/wordpress\/plugins\/seo\/ -->\n<title>Komoda Amazonas 43 x 150 cm \u00bb &#187; iKuchyne iSHOP s n\u00e1bytkom<\/title>\n<meta name=\"description\" content=\"Komoda Amazonas 43 x 150 cm \u00bb - r\u00fdchle dodanie, poradenstvo, n\u00e1bytok skladom v Bratislave s ikuchyne.sk - kuchyne na mieru.\" \/>\n<meta name=\"robots\" content=\"index, follow, max-snippet:-1, max-image-preview:large, max-video-preview:-1\" \/>\n<link rel=\"canonical\" href=\"https:\/\/www.ikuchyne.sk\/eshop\/produkt\/komoda-amazonas-43-x-150-cm\/\" \/>\n<meta property=\"og:locale\" content=\"sk_SK\" \/>\n<meta property=\"og:type\" content=\"article\" \/>\n<meta property=\"og:title\" content=\"Komoda Amazonas 43 x 150 cm \u00bb &#187; iKuchyne iSHOP s n\u00e1bytkom\" \/>\n<meta property=\"og:description\" content=\"Komoda Amazonas 43 x 150 cm \u00bb - r\u00fdchle dodanie, poradenstvo, n\u00e1bytok skladom v Bratislave s ikuchyne.sk - kuchyne na mieru.\" \/>\n<meta property=\"og:url\" content=\"https:\/\/www.ikuchyne.sk\/eshop\/produkt\/komoda-amazonas-43-x-150-cm\/\" \/>\n<meta property=\"og:site_name\" content=\"iKuchyne iSHOP s n\u00e1bytkom\" \/>\n<meta property=\"article:publisher\" content=\"https:\/\/www.facebook.com\/ikuchyne\/\" \/>\n<meta property=\"article:modified_time\" content=\"2024-03-10T18:20:06+00:00\" \/>\n<meta property=\"og:image\" content=\"https:\/\/www.ikuchyne.sk\/eshop\/wp-content\/uploads\/2018\/05\/Pribornik-Amazonas-150cm-agat-38331.jpg\" \/>\n\t<meta property=\"og:image:width\" content=\"800\" \/>\n\t<meta property=\"og:image:height\" content=\"533\" \/>\n\t<meta property=\"og:image:type\" content=\"image\/jpeg\" \/>\n<meta name=\"twitter:card\" content=\"summary_large_image\" \/>\n<meta name=\"twitter:label1\" content=\"Predpokladan\u00fd \u010das \u010d\u00edtania\" \/>\n\t<meta name=\"twitter:data1\" content=\"2 min\u00faty\" \/>\n<script type=\"application\/ld+json\" class=\"yoast-schema-graph\">{\"@context\":\"https:\/\/schema.org\",\"@graph\":[{\"@type\":\"WebPage\",\"@id\":\"https:\/\/www.ikuchyne.sk\/eshop\/produkt\/komoda-amazonas-43-x-150-cm\/\",\"url\":\"https:\/\/www.ikuchyne.sk\/eshop\/produkt\/komoda-amazonas-43-x-150-cm\/\",\"name\":\"Komoda Amazonas 43 x 150 cm \u00bb &#187; iKuchyne iSHOP s n\u00e1bytkom\",\"isPartOf\":{\"@id\":\"https:\/\/www.ikuchyne.sk\/eshop\/#website\"},\"datePublished\":\"2018-06-05T09:19:22+00:00\",\"dateModified\":\"2024-03-10T18:20:06+00:00\",\"description\":\"Komoda Amazonas 43 x 150 cm \u00bb - r\u00fdchle dodanie, poradenstvo, n\u00e1bytok skladom v Bratislave s ikuchyne.sk - kuchyne na mieru.\",\"breadcrumb\":{\"@id\":\"https:\/\/www.ikuchyne.sk\/eshop\/produkt\/komoda-amazonas-43-x-150-cm\/#breadcrumb\"},\"inLanguage\":\"sk-SK\",\"potentialAction\":[{\"@type\":\"ReadAction\",\"target\":[\"https:\/\/www.ikuchyne.sk\/eshop\/produkt\/komoda-amazonas-43-x-150-cm\/\"]}]},{\"@type\":\"BreadcrumbList\",\"@id\":\"https:\/\/www.ikuchyne.sk\/eshop\/produkt\/komoda-amazonas-43-x-150-cm\/#breadcrumb\",\"itemListElement\":[{\"@type\":\"ListItem\",\"position\":1,\"name\":\"Home\",\"item\":\"https:\/\/www.ikuchyne.sk\/eshop\/\"},{\"@type\":\"ListItem\",\"position\":2,\"name\":\"Obchod\",\"item\":\"https:\/\/www.ikuchyne.sk\/eshop\/obchod\/\"},{\"@type\":\"ListItem\",\"position\":3,\"name\":\"Komoda Amazonas 43 x 150 cm \u00bb\"}]},{\"@type\":\"WebSite\",\"@id\":\"https:\/\/www.ikuchyne.sk\/eshop\/#website\",\"url\":\"https:\/\/www.ikuchyne.sk\/eshop\/\",\"name\":\"iKuchyne iSHOP s n\u00e1bytkom\",\"description\":\"Jed\u00e1lensk\u00e9 stoly, stoli\u010dky, n\u00e1bytok, svietidl\u00e1...\",\"publisher\":{\"@id\":\"https:\/\/www.ikuchyne.sk\/eshop\/#organization\"},\"potentialAction\":[{\"@type\":\"SearchAction\",\"target\":{\"@type\":\"EntryPoint\",\"urlTemplate\":\"https:\/\/www.ikuchyne.sk\/eshop\/?s={search_term_string}\"},\"query-input\":\"required name=search_term_string\"}],\"inLanguage\":\"sk-SK\"},{\"@type\":\"Organization\",\"@id\":\"https:\/\/www.ikuchyne.sk\/eshop\/#organization\",\"name\":\"ikuchyne!\",\"url\":\"https:\/\/www.ikuchyne.sk\/eshop\/\",\"logo\":{\"@type\":\"ImageObject\",\"inLanguage\":\"sk-SK\",\"@id\":\"https:\/\/www.ikuchyne.sk\/eshop\/#\/schema\/logo\/image\/\",\"url\":\"https:\/\/www.ikuchyne.sk\/eshop\/wp-content\/uploads\/2017\/04\/ikuchyne-logo.jpg\",\"contentUrl\":\"https:\/\/www.ikuchyne.sk\/eshop\/wp-content\/uploads\/2017\/04\/ikuchyne-logo.jpg\",\"width\":200,\"height\":48,\"caption\":\"ikuchyne!\"},\"image\":{\"@id\":\"https:\/\/www.ikuchyne.sk\/eshop\/#\/schema\/logo\/image\/\"},\"sameAs\":[\"https:\/\/www.facebook.com\/ikuchyne\/\",\"https:\/\/www.instagram.com\/ikuchyne.sk\/\",\"https:\/\/sk.pinterest.com\/ikuchynesk\/\"]}]}<\/script>\n<!-- \/ Yoast SEO plugin. -->","yoast_head_json":{"title":"Komoda Amazonas 43 x 150 cm \u00bb &#187; iKuchyne iSHOP s n\u00e1bytkom","description":"Komoda Amazonas 43 x 150 cm \u00bb - r\u00fdchle dodanie, poradenstvo, n\u00e1bytok skladom v Bratislave s ikuchyne.sk - kuchyne na mieru.","robots":{"index":"index","follow":"follow","max-snippet":"max-snippet:-1","max-image-preview":"max-image-preview:large","max-video-preview":"max-video-preview:-1"},"canonical":"https:\/\/www.ikuchyne.sk\/eshop\/produkt\/komoda-amazonas-43-x-150-cm\/","og_locale":"sk_SK","og_type":"article","og_title":"Komoda Amazonas 43 x 150 cm \u00bb &#187; iKuchyne iSHOP s n\u00e1bytkom","og_description":"Komoda Amazonas 43 x 150 cm \u00bb - r\u00fdchle dodanie, poradenstvo, n\u00e1bytok skladom v Bratislave s ikuchyne.sk - kuchyne na mieru.","og_url":"https:\/\/www.ikuchyne.sk\/eshop\/produkt\/komoda-amazonas-43-x-150-cm\/","og_site_name":"iKuchyne iSHOP s n\u00e1bytkom","article_publisher":"https:\/\/www.facebook.com\/ikuchyne\/","article_modified_time":"2024-03-10T18:20:06+00:00","og_image":[{"width":800,"height":533,"url":"https:\/\/www.ikuchyne.sk\/eshop\/wp-content\/uploads\/2018\/05\/Pribornik-Amazonas-150cm-agat-38331.jpg","type":"image\/jpeg"}],"twitter_card":"summary_large_image","twitter_misc":{"Predpokladan\u00fd \u010das \u010d\u00edtania":"2 min\u00faty"},"schema":{"@context":"https:\/\/schema.org","@graph":[{"@type":"WebPage","@id":"https:\/\/www.ikuchyne.sk\/eshop\/produkt\/komoda-amazonas-43-x-150-cm\/","url":"https:\/\/www.ikuchyne.sk\/eshop\/produkt\/komoda-amazonas-43-x-150-cm\/","name":"Komoda Amazonas 43 x 150 cm \u00bb &#187; iKuchyne iSHOP s n\u00e1bytkom","isPartOf":{"@id":"https:\/\/www.ikuchyne.sk\/eshop\/#website"},"datePublished":"2018-06-05T09:19:22+00:00","dateModified":"2024-03-10T18:20:06+00:00","description":"Komoda Amazonas 43 x 150 cm \u00bb - r\u00fdchle dodanie, poradenstvo, n\u00e1bytok skladom v Bratislave s ikuchyne.sk - kuchyne na mieru.","breadcrumb":{"@id":"https:\/\/www.ikuchyne.sk\/eshop\/produkt\/komoda-amazonas-43-x-150-cm\/#breadcrumb"},"inLanguage":"sk-SK","potentialAction":[{"@type":"ReadAction","target":["https:\/\/www.ikuchyne.sk\/eshop\/produkt\/komoda-amazonas-43-x-150-cm\/"]}]},{"@type":"BreadcrumbList","@id":"https:\/\/www.ikuchyne.sk\/eshop\/produkt\/komoda-amazonas-43-x-150-cm\/#breadcrumb","itemListElement":[{"@type":"ListItem","position":1,"name":"Home","item":"https:\/\/www.ikuchyne.sk\/eshop\/"},{"@type":"ListItem","position":2,"name":"Obchod","item":"https:\/\/www.ikuchyne.sk\/eshop\/obchod\/"},{"@type":"ListItem","position":3,"name":"Komoda Amazonas 43 x 150 cm \u00bb"}]},{"@type":"WebSite","@id":"https:\/\/www.ikuchyne.sk\/eshop\/#website","url":"https:\/\/www.ikuchyne.sk\/eshop\/","name":"iKuchyne iSHOP s n\u00e1bytkom","description":"Jed\u00e1lensk\u00e9 stoly, stoli\u010dky, n\u00e1bytok, svietidl\u00e1...","publisher":{"@id":"https:\/\/www.ikuchyne.sk\/eshop\/#organization"},"potentialAction":[{"@type":"SearchAction","target":{"@type":"EntryPoint","urlTemplate":"https:\/\/www.ikuchyne.sk\/eshop\/?s={search_term_string}"},"query-input":"required name=search_term_string"}],"inLanguage":"sk-SK"},{"@type":"Organization","@id":"https:\/\/www.ikuchyne.sk\/eshop\/#organization","name":"ikuchyne!","url":"https:\/\/www.ikuchyne.sk\/eshop\/","logo":{"@type":"ImageObject","inLanguage":"sk-SK","@id":"https:\/\/www.ikuchyne.sk\/eshop\/#\/schema\/logo\/image\/","url":"https:\/\/www.ikuchyne.sk\/eshop\/wp-content\/uploads\/2017\/04\/ikuchyne-logo.jpg","contentUrl":"https:\/\/www.ikuchyne.sk\/eshop\/wp-content\/uploads\/2017\/04\/ikuchyne-logo.jpg","width":200,"height":48,"caption":"ikuchyne!"},"image":{"@id":"https:\/\/www.ikuchyne.sk\/eshop\/#\/schema\/logo\/image\/"},"sameAs":["https:\/\/www.facebook.com\/ikuchyne\/","https:\/\/www.instagram.com\/ikuchyne.sk\/","https:\/\/sk.pinterest.com\/ikuchynesk\/"]}]}},"_links":{"self":[{"href":"https:\/\/www.ikuchyne.sk\/eshop\/wp-json\/wp\/v2\/product\/77030"}],"collection":[{"href":"https:\/\/www.ikuchyne.sk\/eshop\/wp-json\/wp\/v2\/product"}],"about":[{"href":"https:\/\/www.ikuchyne.sk\/eshop\/wp-json\/wp\/v2\/types\/product"}],"replies":[{"embeddable":true,"href":"https:\/\/www.ikuchyne.sk\/eshop\/wp-json\/wp\/v2\/comments?post=77030"}],"wp:featuredmedia":[{"embeddable":true,"href":"https:\/\/www.ikuchyne.sk\/eshop\/wp-json\/wp\/v2\/media\/77031"}],"wp:attachment":[{"href":"https:\/\/www.ikuchyne.sk\/eshop\/wp-json\/wp\/v2\/media?parent=77030"}],"wp:term":[{"taxonomy":"product_cat","embeddable":true,"href":"https:\/\/www.ikuchyne.sk\/eshop\/wp-json\/wp\/v2\/product_cat?post=77030"},{"taxonomy":"product_tag","embeddable":true,"href":"https:\/\/www.ikuchyne.sk\/eshop\/wp-json\/wp\/v2\/product_tag?post=77030"}],"curies":[{"name":"wp","href":"https:\/\/api.w.org\/{rel}","templated":true}]}}