{"id":78765,"date":"2018-11-29T20:40:42","date_gmt":"2018-11-29T19:40:42","guid":{"rendered":"https:\/\/ikuchyne.sk\/eshop\/?post_type=product&#038;p=78765"},"modified":"2024-03-10T19:20:00","modified_gmt":"2024-03-10T18:20:00","slug":"hneda-jedalenska-stolicka-the-dutch-courtier","status":"publish","type":"product","link":"https:\/\/www.ikuchyne.sk\/eshop\/produkt\/hneda-jedalenska-stolicka-the-dutch-courtier\/","title":{"rendered":"Hned\u00e1 jed\u00e1lensk\u00e1 stoli\u010dka The Dutch Courtier \u00bb"},"content":{"rendered":"<h1>Hned\u00e1 jed\u00e1lensk\u00e1 stoli\u010dka The Dutch Courtier<\/h1>\n<p><strong>V\u0161eobecn\u00fd opis stoli\u010dky:<br \/>\n<\/strong>Hned\u00e1 jed\u00e1lensk\u00e1 stoli\u010dka s pohodln\u00fdm \u010dal\u00fanen\u00fdm sed\u00e1kom z m\u00e4kk\u00e9ho mikrovl\u00e1kna a \u00fazkymi kovov\u00fdmi nohami jednozna\u010dne zaujme a vynikne v ka\u017edej jed\u00e1lni, \u010di kuchyni. Povrch sed\u00e1ka tvor\u00ed hned\u00e9 mikrovl\u00e1kno, ktor\u00e9 je pre\u0161it\u00e9. Na operadle m\u00e1 vsaden\u00e9 gomb\u00edky pripom\u00ednaj\u00face \u0161t\u00fdl Chesterfield. Podno\u017e jed\u00e1lenskej stoli\u010dky tvoria \u010dierne \u00fazke kovov\u00e9 nohy, charakteristick\u00e9 pre modern\u00fd \u0161t\u00fdl b\u00fdvania.\u00a0T\u00e1to pohodln\u00e1 a zauj\u00edmav\u00e1 jed\u00e1lensk\u00e1 stoli\u010dka pritiahne nejeden poh\u013ead.<\/p>\n<p><strong>Sed\u00e1k stoli\u010dky:<br \/>\n<\/strong>Povrch \u010dal\u00fanen\u00e9ho sed\u00e1ka tvor\u00ed m\u00e4kk\u00e9 hned\u00e9 mikrovl\u00e1kno, ktor\u00e9 je prie\u010dne pre\u0161it\u00e9. Na operadle stoli\u010dky s\u00fa vsaden\u00e9 gomb\u00edky.<\/p>\n<p><strong>Podno\u017e stoli\u010dky:<br \/>\n<\/strong>Podno\u017e stoli\u010dky je tvoren\u00e1 \u010diernymi \u00fazkymi kovov\u00fdmi nohami pr\u00edzna\u010dn\u00fdmi pre modern\u00fd \u0161t\u00fdl.<\/p>\n<p><strong>\u010eal\u0161ie inform\u00e1cie:<br \/>\n<\/strong>Vhodne zvolen\u00fd v\u00fdber materi\u00e1lov rob\u00ed z tejto jed\u00e1lenskej stoli\u010dky \u013eahko udr\u017eiavan\u00fd kus n\u00e1bytku s dlhou \u017eivotnos\u0165ou. O\u0161etrujeme vlhkou handri\u010dkou namo\u010denou v mydlovej vode a vysu\u0161\u00edme dosucha.<\/p>\n<p><b>Rozmery stoli\u010dky:<br \/>\n<\/b>\u0160\u00edrka stoli\u010dky: 60 cm<br \/>\nV\u00fd\u0161ka stoli\u010dky: 80 cm<br \/>\nH\u013abka stoli\u010dky: 60 cm<br \/>\n<strong>Rozmery sedenia:<\/strong>\u00a040 x 45 x 45 cm (\u0160xVxH)<br \/>\n<strong>V\u00fd\u0161ka operadla:\u00a0<\/strong>35 cm<br \/>\n<strong>V\u00fd\u0161ka lak\u0165ovej opierky:<\/strong>\u00a018 cm<\/p>\n<p><b>Materi\u00e1l:\u00a0<\/b>mikrovl\u00e1kno, kov<\/p>\n<p><b>Farba:<\/b>\u00a0hned\u00e1 antik, \u010dierna<\/p>\n","protected":false},"excerpt":{"rendered":"<p>Hned\u00e1 jed\u00e1lensk\u00e1 stoli\u010dka The Dutch Courtier V\u0161eobecn\u00fd opis stoli\u010dky: Hned\u00e1 jed\u00e1lensk\u00e1 stoli\u010dka s pohodln\u00fdm \u010dal\u00fanen\u00fdm sed\u00e1kom z m\u00e4kk\u00e9ho mikrovl\u00e1kna a \u00fazkymi kovov\u00fdmi nohami jednozna\u010dne zaujme a vynikne v ka\u017edej jed\u00e1lni,<\/p>\n","protected":false},"featured_media":78766,"comment_status":"open","ping_status":"closed","template":"","meta":[],"product_cat":[288,310,823,826,830],"product_tag":[267],"yoast_head":"<!-- This site is optimized with the Yoast SEO plugin v22.1 - https:\/\/yoast.com\/wordpress\/plugins\/seo\/ -->\n<title>Hned\u00e1 jed\u00e1lensk\u00e1 stoli\u010dka The Dutch Courtier \u00bb &#187; iKuchyne iSHOP s n\u00e1bytkom<\/title>\n<meta name=\"description\" content=\"K\u00fapte si u n\u00e1s Hned\u00e1 jed\u00e1lensk\u00e1 stoli\u010dka The Dutch Courtier \u00bb za akciov\u00fa cenu. R\u00fdchle dodanie tovaru, odborn\u00e9 poradenstvo a stovky produktov skladom. Hned\u00e1 jed\u00e1lensk\u00e1 stoli\u010dka The Dutch Courtier \u00bb sa stane dominantou V\u00e1\u0161ho interi\u00e9ru. Internetov\u00fd obchod ikuchyne! pon\u00faka odber Hned\u00e1 jed\u00e1lensk\u00e1 stoli\u010dka The Dutch Courtier \u00bb u\u017e od 1 kusu.\" \/>\n<meta name=\"robots\" content=\"index, follow, max-snippet:-1, max-image-preview:large, max-video-preview:-1\" \/>\n<link rel=\"canonical\" href=\"https:\/\/www.ikuchyne.sk\/eshop\/produkt\/hneda-jedalenska-stolicka-the-dutch-courtier\/\" \/>\n<meta property=\"og:locale\" content=\"sk_SK\" \/>\n<meta property=\"og:type\" content=\"article\" \/>\n<meta property=\"og:title\" content=\"Hned\u00e1 jed\u00e1lensk\u00e1 stoli\u010dka The Dutch Courtier \u00bb &#187; iKuchyne iSHOP s n\u00e1bytkom\" \/>\n<meta property=\"og:description\" content=\"K\u00fapte si u n\u00e1s Hned\u00e1 jed\u00e1lensk\u00e1 stoli\u010dka The Dutch Courtier \u00bb za akciov\u00fa cenu. R\u00fdchle dodanie tovaru, odborn\u00e9 poradenstvo a stovky produktov skladom. Hned\u00e1 jed\u00e1lensk\u00e1 stoli\u010dka The Dutch Courtier \u00bb sa stane dominantou V\u00e1\u0161ho interi\u00e9ru. Internetov\u00fd obchod ikuchyne! pon\u00faka odber Hned\u00e1 jed\u00e1lensk\u00e1 stoli\u010dka The Dutch Courtier \u00bb u\u017e od 1 kusu.\" \/>\n<meta property=\"og:url\" content=\"https:\/\/www.ikuchyne.sk\/eshop\/produkt\/hneda-jedalenska-stolicka-the-dutch-courtier\/\" \/>\n<meta property=\"og:site_name\" content=\"iKuchyne iSHOP s n\u00e1bytkom\" \/>\n<meta property=\"article:publisher\" content=\"https:\/\/www.facebook.com\/ikuchyne\/\" \/>\n<meta property=\"article:modified_time\" content=\"2024-03-10T18:20:00+00:00\" \/>\n<meta property=\"og:image\" content=\"https:\/\/www.ikuchyne.sk\/eshop\/wp-content\/uploads\/2018\/07\/Stolicka-Dutch-Courturier-antik-hneda-37614.jpg\" \/>\n\t<meta property=\"og:image:width\" content=\"800\" \/>\n\t<meta property=\"og:image:height\" content=\"533\" \/>\n\t<meta property=\"og:image:type\" content=\"image\/jpeg\" \/>\n<meta name=\"twitter:card\" content=\"summary_large_image\" \/>\n<meta name=\"twitter:label1\" content=\"Predpokladan\u00fd \u010das \u010d\u00edtania\" \/>\n\t<meta name=\"twitter:data1\" content=\"1 min\u00fata\" \/>\n<script type=\"application\/ld+json\" class=\"yoast-schema-graph\">{\"@context\":\"https:\/\/schema.org\",\"@graph\":[{\"@type\":\"WebPage\",\"@id\":\"https:\/\/www.ikuchyne.sk\/eshop\/produkt\/hneda-jedalenska-stolicka-the-dutch-courtier\/\",\"url\":\"https:\/\/www.ikuchyne.sk\/eshop\/produkt\/hneda-jedalenska-stolicka-the-dutch-courtier\/\",\"name\":\"Hned\u00e1 jed\u00e1lensk\u00e1 stoli\u010dka The Dutch Courtier \u00bb &#187; iKuchyne iSHOP s n\u00e1bytkom\",\"isPartOf\":{\"@id\":\"https:\/\/www.ikuchyne.sk\/eshop\/#website\"},\"datePublished\":\"2018-11-29T19:40:42+00:00\",\"dateModified\":\"2024-03-10T18:20:00+00:00\",\"description\":\"K\u00fapte si u n\u00e1s Hned\u00e1 jed\u00e1lensk\u00e1 stoli\u010dka The Dutch Courtier \u00bb za akciov\u00fa cenu. R\u00fdchle dodanie tovaru, odborn\u00e9 poradenstvo a stovky produktov skladom. Hned\u00e1 jed\u00e1lensk\u00e1 stoli\u010dka The Dutch Courtier \u00bb sa stane dominantou V\u00e1\u0161ho interi\u00e9ru. Internetov\u00fd obchod ikuchyne! pon\u00faka odber Hned\u00e1 jed\u00e1lensk\u00e1 stoli\u010dka The Dutch Courtier \u00bb u\u017e od 1 kusu.\",\"breadcrumb\":{\"@id\":\"https:\/\/www.ikuchyne.sk\/eshop\/produkt\/hneda-jedalenska-stolicka-the-dutch-courtier\/#breadcrumb\"},\"inLanguage\":\"sk-SK\",\"potentialAction\":[{\"@type\":\"ReadAction\",\"target\":[\"https:\/\/www.ikuchyne.sk\/eshop\/produkt\/hneda-jedalenska-stolicka-the-dutch-courtier\/\"]}]},{\"@type\":\"BreadcrumbList\",\"@id\":\"https:\/\/www.ikuchyne.sk\/eshop\/produkt\/hneda-jedalenska-stolicka-the-dutch-courtier\/#breadcrumb\",\"itemListElement\":[{\"@type\":\"ListItem\",\"position\":1,\"name\":\"Home\",\"item\":\"https:\/\/www.ikuchyne.sk\/eshop\/\"},{\"@type\":\"ListItem\",\"position\":2,\"name\":\"Obchod\",\"item\":\"https:\/\/www.ikuchyne.sk\/eshop\/obchod\/\"},{\"@type\":\"ListItem\",\"position\":3,\"name\":\"Hned\u00e1 jed\u00e1lensk\u00e1 stoli\u010dka The Dutch Courtier \u00bb\"}]},{\"@type\":\"WebSite\",\"@id\":\"https:\/\/www.ikuchyne.sk\/eshop\/#website\",\"url\":\"https:\/\/www.ikuchyne.sk\/eshop\/\",\"name\":\"iKuchyne iSHOP s n\u00e1bytkom\",\"description\":\"Jed\u00e1lensk\u00e9 stoly, stoli\u010dky, n\u00e1bytok, svietidl\u00e1...\",\"publisher\":{\"@id\":\"https:\/\/www.ikuchyne.sk\/eshop\/#organization\"},\"potentialAction\":[{\"@type\":\"SearchAction\",\"target\":{\"@type\":\"EntryPoint\",\"urlTemplate\":\"https:\/\/www.ikuchyne.sk\/eshop\/?s={search_term_string}\"},\"query-input\":\"required name=search_term_string\"}],\"inLanguage\":\"sk-SK\"},{\"@type\":\"Organization\",\"@id\":\"https:\/\/www.ikuchyne.sk\/eshop\/#organization\",\"name\":\"ikuchyne!\",\"url\":\"https:\/\/www.ikuchyne.sk\/eshop\/\",\"logo\":{\"@type\":\"ImageObject\",\"inLanguage\":\"sk-SK\",\"@id\":\"https:\/\/www.ikuchyne.sk\/eshop\/#\/schema\/logo\/image\/\",\"url\":\"https:\/\/www.ikuchyne.sk\/eshop\/wp-content\/uploads\/2017\/04\/ikuchyne-logo.jpg\",\"contentUrl\":\"https:\/\/www.ikuchyne.sk\/eshop\/wp-content\/uploads\/2017\/04\/ikuchyne-logo.jpg\",\"width\":200,\"height\":48,\"caption\":\"ikuchyne!\"},\"image\":{\"@id\":\"https:\/\/www.ikuchyne.sk\/eshop\/#\/schema\/logo\/image\/\"},\"sameAs\":[\"https:\/\/www.facebook.com\/ikuchyne\/\",\"https:\/\/www.instagram.com\/ikuchyne.sk\/\",\"https:\/\/sk.pinterest.com\/ikuchynesk\/\"]}]}<\/script>\n<!-- \/ Yoast SEO plugin. -->","yoast_head_json":{"title":"Hned\u00e1 jed\u00e1lensk\u00e1 stoli\u010dka The Dutch Courtier \u00bb &#187; iKuchyne iSHOP s n\u00e1bytkom","description":"K\u00fapte si u n\u00e1s Hned\u00e1 jed\u00e1lensk\u00e1 stoli\u010dka The Dutch Courtier \u00bb za akciov\u00fa cenu. R\u00fdchle dodanie tovaru, odborn\u00e9 poradenstvo a stovky produktov skladom. Hned\u00e1 jed\u00e1lensk\u00e1 stoli\u010dka The Dutch Courtier \u00bb sa stane dominantou V\u00e1\u0161ho interi\u00e9ru. Internetov\u00fd obchod ikuchyne! pon\u00faka odber Hned\u00e1 jed\u00e1lensk\u00e1 stoli\u010dka The Dutch Courtier \u00bb u\u017e od 1 kusu.","robots":{"index":"index","follow":"follow","max-snippet":"max-snippet:-1","max-image-preview":"max-image-preview:large","max-video-preview":"max-video-preview:-1"},"canonical":"https:\/\/www.ikuchyne.sk\/eshop\/produkt\/hneda-jedalenska-stolicka-the-dutch-courtier\/","og_locale":"sk_SK","og_type":"article","og_title":"Hned\u00e1 jed\u00e1lensk\u00e1 stoli\u010dka The Dutch Courtier \u00bb &#187; iKuchyne iSHOP s n\u00e1bytkom","og_description":"K\u00fapte si u n\u00e1s Hned\u00e1 jed\u00e1lensk\u00e1 stoli\u010dka The Dutch Courtier \u00bb za akciov\u00fa cenu. R\u00fdchle dodanie tovaru, odborn\u00e9 poradenstvo a stovky produktov skladom. Hned\u00e1 jed\u00e1lensk\u00e1 stoli\u010dka The Dutch Courtier \u00bb sa stane dominantou V\u00e1\u0161ho interi\u00e9ru. Internetov\u00fd obchod ikuchyne! pon\u00faka odber Hned\u00e1 jed\u00e1lensk\u00e1 stoli\u010dka The Dutch Courtier \u00bb u\u017e od 1 kusu.","og_url":"https:\/\/www.ikuchyne.sk\/eshop\/produkt\/hneda-jedalenska-stolicka-the-dutch-courtier\/","og_site_name":"iKuchyne iSHOP s n\u00e1bytkom","article_publisher":"https:\/\/www.facebook.com\/ikuchyne\/","article_modified_time":"2024-03-10T18:20:00+00:00","og_image":[{"width":800,"height":533,"url":"https:\/\/www.ikuchyne.sk\/eshop\/wp-content\/uploads\/2018\/07\/Stolicka-Dutch-Courturier-antik-hneda-37614.jpg","type":"image\/jpeg"}],"twitter_card":"summary_large_image","twitter_misc":{"Predpokladan\u00fd \u010das \u010d\u00edtania":"1 min\u00fata"},"schema":{"@context":"https:\/\/schema.org","@graph":[{"@type":"WebPage","@id":"https:\/\/www.ikuchyne.sk\/eshop\/produkt\/hneda-jedalenska-stolicka-the-dutch-courtier\/","url":"https:\/\/www.ikuchyne.sk\/eshop\/produkt\/hneda-jedalenska-stolicka-the-dutch-courtier\/","name":"Hned\u00e1 jed\u00e1lensk\u00e1 stoli\u010dka The Dutch Courtier \u00bb &#187; iKuchyne iSHOP s n\u00e1bytkom","isPartOf":{"@id":"https:\/\/www.ikuchyne.sk\/eshop\/#website"},"datePublished":"2018-11-29T19:40:42+00:00","dateModified":"2024-03-10T18:20:00+00:00","description":"K\u00fapte si u n\u00e1s Hned\u00e1 jed\u00e1lensk\u00e1 stoli\u010dka The Dutch Courtier \u00bb za akciov\u00fa cenu. R\u00fdchle dodanie tovaru, odborn\u00e9 poradenstvo a stovky produktov skladom. Hned\u00e1 jed\u00e1lensk\u00e1 stoli\u010dka The Dutch Courtier \u00bb sa stane dominantou V\u00e1\u0161ho interi\u00e9ru. Internetov\u00fd obchod ikuchyne! pon\u00faka odber Hned\u00e1 jed\u00e1lensk\u00e1 stoli\u010dka The Dutch Courtier \u00bb u\u017e od 1 kusu.","breadcrumb":{"@id":"https:\/\/www.ikuchyne.sk\/eshop\/produkt\/hneda-jedalenska-stolicka-the-dutch-courtier\/#breadcrumb"},"inLanguage":"sk-SK","potentialAction":[{"@type":"ReadAction","target":["https:\/\/www.ikuchyne.sk\/eshop\/produkt\/hneda-jedalenska-stolicka-the-dutch-courtier\/"]}]},{"@type":"BreadcrumbList","@id":"https:\/\/www.ikuchyne.sk\/eshop\/produkt\/hneda-jedalenska-stolicka-the-dutch-courtier\/#breadcrumb","itemListElement":[{"@type":"ListItem","position":1,"name":"Home","item":"https:\/\/www.ikuchyne.sk\/eshop\/"},{"@type":"ListItem","position":2,"name":"Obchod","item":"https:\/\/www.ikuchyne.sk\/eshop\/obchod\/"},{"@type":"ListItem","position":3,"name":"Hned\u00e1 jed\u00e1lensk\u00e1 stoli\u010dka The Dutch Courtier \u00bb"}]},{"@type":"WebSite","@id":"https:\/\/www.ikuchyne.sk\/eshop\/#website","url":"https:\/\/www.ikuchyne.sk\/eshop\/","name":"iKuchyne iSHOP s n\u00e1bytkom","description":"Jed\u00e1lensk\u00e9 stoly, stoli\u010dky, n\u00e1bytok, svietidl\u00e1...","publisher":{"@id":"https:\/\/www.ikuchyne.sk\/eshop\/#organization"},"potentialAction":[{"@type":"SearchAction","target":{"@type":"EntryPoint","urlTemplate":"https:\/\/www.ikuchyne.sk\/eshop\/?s={search_term_string}"},"query-input":"required name=search_term_string"}],"inLanguage":"sk-SK"},{"@type":"Organization","@id":"https:\/\/www.ikuchyne.sk\/eshop\/#organization","name":"ikuchyne!","url":"https:\/\/www.ikuchyne.sk\/eshop\/","logo":{"@type":"ImageObject","inLanguage":"sk-SK","@id":"https:\/\/www.ikuchyne.sk\/eshop\/#\/schema\/logo\/image\/","url":"https:\/\/www.ikuchyne.sk\/eshop\/wp-content\/uploads\/2017\/04\/ikuchyne-logo.jpg","contentUrl":"https:\/\/www.ikuchyne.sk\/eshop\/wp-content\/uploads\/2017\/04\/ikuchyne-logo.jpg","width":200,"height":48,"caption":"ikuchyne!"},"image":{"@id":"https:\/\/www.ikuchyne.sk\/eshop\/#\/schema\/logo\/image\/"},"sameAs":["https:\/\/www.facebook.com\/ikuchyne\/","https:\/\/www.instagram.com\/ikuchyne.sk\/","https:\/\/sk.pinterest.com\/ikuchynesk\/"]}]}},"_links":{"self":[{"href":"https:\/\/www.ikuchyne.sk\/eshop\/wp-json\/wp\/v2\/product\/78765"}],"collection":[{"href":"https:\/\/www.ikuchyne.sk\/eshop\/wp-json\/wp\/v2\/product"}],"about":[{"href":"https:\/\/www.ikuchyne.sk\/eshop\/wp-json\/wp\/v2\/types\/product"}],"replies":[{"embeddable":true,"href":"https:\/\/www.ikuchyne.sk\/eshop\/wp-json\/wp\/v2\/comments?post=78765"}],"wp:featuredmedia":[{"embeddable":true,"href":"https:\/\/www.ikuchyne.sk\/eshop\/wp-json\/wp\/v2\/media\/78766"}],"wp:attachment":[{"href":"https:\/\/www.ikuchyne.sk\/eshop\/wp-json\/wp\/v2\/media?parent=78765"}],"wp:term":[{"taxonomy":"product_cat","embeddable":true,"href":"https:\/\/www.ikuchyne.sk\/eshop\/wp-json\/wp\/v2\/product_cat?post=78765"},{"taxonomy":"product_tag","embeddable":true,"href":"https:\/\/www.ikuchyne.sk\/eshop\/wp-json\/wp\/v2\/product_tag?post=78765"}],"curies":[{"name":"wp","href":"https:\/\/api.w.org\/{rel}","templated":true}]}}