{"id":80800,"date":"2018-11-02T12:13:55","date_gmt":"2018-11-02T11:13:55","guid":{"rendered":"https:\/\/ikuchyne.sk\/eshop\/?post_type=product&#038;p=80800"},"modified":"2024-01-10T15:15:14","modified_gmt":"2024-01-10T14:15:14","slug":"taburet-modern-barock-35cm-fialovozlata","status":"publish","type":"product","link":"https:\/\/www.ikuchyne.sk\/eshop\/produkt\/taburet-modern-barock-35cm-fialovozlata\/","title":{"rendered":"Ru\u017eovo-zlat\u00fd taburet Modern Barock\u00a0\u00d8 35 cm \u00bb"},"content":{"rendered":"<h1>Ru\u017eovo-zlat\u00fd taburet Modern Barock\u00a0\u00d8 35 cm<\/h1>\n<p><strong>V\u0161eobecn\u00fd opis taburetu:<br \/>\n<\/strong>Fialovo-zlat\u00fd taburet s pohodln\u00fdm \u010dal\u00fanen\u00fdm sed\u00e1kom z m\u00e4kk\u00e9ho zamatu a zlat\u00fdm podstavcom p\u00f4sob\u00ed honosne a roz\u017eiari ka\u017ed\u00fd interi\u00e9r. Tento taburet je zo s\u00e9rie Modern Barock, ktorej\u00a0dizajn je s\u00edce in\u0161pirovan\u00fd hist\u00f3riou, no prostredn\u00edctvom modern\u00fdch materi\u00e1lov je nad\u010dasov\u00fd. Hoci patr\u00ed do modern\u00e9ho \u0161t\u00fdlu, vracia n\u00e1s do d\u00f4b pomp\u00e9zneho baroka. Svetl\u00e1 fialov\u00e1 farba sed\u00e1ka v kombin\u00e1cii so zamatom p\u00f4sob\u00ed romanticky a sl\u00e1vnostne. Podno\u017e taburetu je tvoren\u00e1 kovov\u00fdm podstavcom, ktor\u00fd je po kruhovom obvode pokryt\u00fd zlatou farbou. Tento jemn\u00fd fialovo-zlat\u00fd taburet je nielen pohodln\u00fd, ale s ur\u010ditos\u0165ou pritiahne poh\u013eady va\u0161ej n\u00e1v\u0161tevy.<\/p>\n<p><strong>Sed\u00e1k taburetu:<br \/>\n<\/strong>Povrch \u010dal\u00fanen\u00e9ho sed\u00e1ka tvor\u00ed m\u00e4kk\u00fd zamat svetlej fialovej farby.<\/p>\n<p><strong>Podno\u017e taburetu:<br \/>\n<\/strong>Podno\u017e taburetu je tvoren\u00e1 kovov\u00fdm podstavcom, ktor\u00fd je po kruhovom obvode pokryt\u00fd zlatou farbou.<\/p>\n<p><strong>\u010eal\u0161ie inform\u00e1cie:<br \/>\n<\/strong>V pr\u00edpade zne\u010distenia , pou\u017e\u00edvajte iba prostriedky na b\u00e1ze vody, ur\u010dite nepou\u017e\u00edvajte bielidl\u00e1. Ak nepom\u00f4\u017ee vysu\u0161enie suchou handri\u010dkou, naneste mal\u00e9 mno\u017estvo \u010distiaceho prostriedku na zne\u010disten\u00e9 plochy. \u010cakajte 2-3 min\u00faty a z\u013eahka vy\u010distite kr\u00fa\u017eiv\u00fdmi pohybmi, k\u00fdm \u0161kvrna nezmizne. \u0160kvrnu nechajte prirodzene vyschn\u00fa\u0165. Ke\u010f je povrch such\u00fd, vy\u010de\u0161te vlasy jemnou kefkou.<br \/>\nRada star\u00fdch m\u00e1m: so\u013e rozsypte po zamate a opatrne prekefujte.<\/p>\n<p><b>Rozmery taburetu:<br \/>\n<\/b>\u0160\u00edrka taburetu: 35 cm<br \/>\nD\u013a\u017eka taburetu: 35 cm<br \/>\nV\u00fd\u0161ka taburetu: 41 cm<\/p>\n<p><b>Materi\u00e1l:\u00a0<\/b>zamat, kov<\/p>\n<p><b>Farba:<\/b>\u00a0fialov\u00e1, zlat\u00e1<\/p>\n","protected":false},"excerpt":{"rendered":"<p><b>Rozmery<\/b> (cca): 35cm x 41cm x 35cm (\u0160xVxH)<br \/>\n<b>Farba:<\/b>\u00a0fialovozlat\u00e1<br \/>\n<b>Materi\u00e1l:<\/b> zamat<\/p>\n","protected":false},"featured_media":80801,"comment_status":"open","ping_status":"closed","template":"","meta":[],"product_cat":[604],"product_tag":[1057],"yoast_head":"<!-- This site is optimized with the Yoast SEO plugin v22.1 - https:\/\/yoast.com\/wordpress\/plugins\/seo\/ -->\n<title>Ru\u017eovo-zlat\u00fd taburet Modern Barock\u00a0\u00d8 35 cm \u00bb &#187; iKuchyne iSHOP s n\u00e1bytkom<\/title>\n<meta name=\"description\" content=\"K\u00fapte si u n\u00e1s Ru\u017eovo-zlat\u00fd taburet Modern Barock\u00a0\u00d8 35 cm \u00bb za akciov\u00fa cenu. R\u00fdchle dodanie tovaru, odborn\u00e9 poradenstvo a stovky produktov skladom. Ru\u017eovo-zlat\u00fd taburet Modern Barock\u00a0\u00d8 35 cm \u00bb sa stane dominantou V\u00e1\u0161ho interi\u00e9ru. Internetov\u00fd obchod ikuchyne! pon\u00faka odber Ru\u017eovo-zlat\u00fd taburet Modern Barock\u00a0\u00d8 35 cm \u00bb u\u017e od 1 kusu.\" \/>\n<meta name=\"robots\" content=\"index, follow, max-snippet:-1, max-image-preview:large, max-video-preview:-1\" \/>\n<link rel=\"canonical\" href=\"https:\/\/www.ikuchyne.sk\/eshop\/produkt\/taburet-modern-barock-35cm-fialovozlata\/\" \/>\n<meta property=\"og:locale\" content=\"sk_SK\" \/>\n<meta property=\"og:type\" content=\"article\" \/>\n<meta property=\"og:title\" content=\"Ru\u017eovo-zlat\u00fd taburet Modern Barock\u00a0\u00d8 35 cm \u00bb &#187; iKuchyne iSHOP s n\u00e1bytkom\" \/>\n<meta property=\"og:description\" content=\"K\u00fapte si u n\u00e1s Ru\u017eovo-zlat\u00fd taburet Modern Barock\u00a0\u00d8 35 cm \u00bb za akciov\u00fa cenu. R\u00fdchle dodanie tovaru, odborn\u00e9 poradenstvo a stovky produktov skladom. Ru\u017eovo-zlat\u00fd taburet Modern Barock\u00a0\u00d8 35 cm \u00bb sa stane dominantou V\u00e1\u0161ho interi\u00e9ru. Internetov\u00fd obchod ikuchyne! pon\u00faka odber Ru\u017eovo-zlat\u00fd taburet Modern Barock\u00a0\u00d8 35 cm \u00bb u\u017e od 1 kusu.\" \/>\n<meta property=\"og:url\" content=\"https:\/\/www.ikuchyne.sk\/eshop\/produkt\/taburet-modern-barock-35cm-fialovozlata\/\" \/>\n<meta property=\"og:site_name\" content=\"iKuchyne iSHOP s n\u00e1bytkom\" \/>\n<meta property=\"article:publisher\" content=\"https:\/\/www.facebook.com\/ikuchyne\/\" \/>\n<meta property=\"article:modified_time\" content=\"2024-01-10T14:15:14+00:00\" \/>\n<meta property=\"og:image\" content=\"https:\/\/www.ikuchyne.sk\/eshop\/wp-content\/uploads\/2018\/10\/Taburet-Modern-Barock-35cm-flieder-zlata-38904.jpg\" \/>\n\t<meta property=\"og:image:width\" content=\"800\" \/>\n\t<meta property=\"og:image:height\" content=\"533\" \/>\n\t<meta property=\"og:image:type\" content=\"image\/jpeg\" \/>\n<meta name=\"twitter:card\" content=\"summary_large_image\" \/>\n<meta name=\"twitter:label1\" content=\"Predpokladan\u00fd \u010das \u010d\u00edtania\" \/>\n\t<meta name=\"twitter:data1\" content=\"1 min\u00fata\" \/>\n<script type=\"application\/ld+json\" class=\"yoast-schema-graph\">{\"@context\":\"https:\/\/schema.org\",\"@graph\":[{\"@type\":\"WebPage\",\"@id\":\"https:\/\/www.ikuchyne.sk\/eshop\/produkt\/taburet-modern-barock-35cm-fialovozlata\/\",\"url\":\"https:\/\/www.ikuchyne.sk\/eshop\/produkt\/taburet-modern-barock-35cm-fialovozlata\/\",\"name\":\"Ru\u017eovo-zlat\u00fd taburet Modern Barock\u00a0\u00d8 35 cm \u00bb &#187; iKuchyne iSHOP s n\u00e1bytkom\",\"isPartOf\":{\"@id\":\"https:\/\/www.ikuchyne.sk\/eshop\/#website\"},\"datePublished\":\"2018-11-02T11:13:55+00:00\",\"dateModified\":\"2024-01-10T14:15:14+00:00\",\"description\":\"K\u00fapte si u n\u00e1s Ru\u017eovo-zlat\u00fd taburet Modern Barock\u00a0\u00d8 35 cm \u00bb za akciov\u00fa cenu. R\u00fdchle dodanie tovaru, odborn\u00e9 poradenstvo a stovky produktov skladom. Ru\u017eovo-zlat\u00fd taburet Modern Barock\u00a0\u00d8 35 cm \u00bb sa stane dominantou V\u00e1\u0161ho interi\u00e9ru. Internetov\u00fd obchod ikuchyne! pon\u00faka odber Ru\u017eovo-zlat\u00fd taburet Modern Barock\u00a0\u00d8 35 cm \u00bb u\u017e od 1 kusu.\",\"breadcrumb\":{\"@id\":\"https:\/\/www.ikuchyne.sk\/eshop\/produkt\/taburet-modern-barock-35cm-fialovozlata\/#breadcrumb\"},\"inLanguage\":\"sk-SK\",\"potentialAction\":[{\"@type\":\"ReadAction\",\"target\":[\"https:\/\/www.ikuchyne.sk\/eshop\/produkt\/taburet-modern-barock-35cm-fialovozlata\/\"]}]},{\"@type\":\"BreadcrumbList\",\"@id\":\"https:\/\/www.ikuchyne.sk\/eshop\/produkt\/taburet-modern-barock-35cm-fialovozlata\/#breadcrumb\",\"itemListElement\":[{\"@type\":\"ListItem\",\"position\":1,\"name\":\"Home\",\"item\":\"https:\/\/www.ikuchyne.sk\/eshop\/\"},{\"@type\":\"ListItem\",\"position\":2,\"name\":\"Obchod\",\"item\":\"https:\/\/www.ikuchyne.sk\/eshop\/obchod\/\"},{\"@type\":\"ListItem\",\"position\":3,\"name\":\"Ru\u017eovo-zlat\u00fd taburet Modern Barock\u00a0\u00d8 35 cm \u00bb\"}]},{\"@type\":\"WebSite\",\"@id\":\"https:\/\/www.ikuchyne.sk\/eshop\/#website\",\"url\":\"https:\/\/www.ikuchyne.sk\/eshop\/\",\"name\":\"iKuchyne iSHOP s n\u00e1bytkom\",\"description\":\"Jed\u00e1lensk\u00e9 stoly, stoli\u010dky, n\u00e1bytok, svietidl\u00e1...\",\"publisher\":{\"@id\":\"https:\/\/www.ikuchyne.sk\/eshop\/#organization\"},\"potentialAction\":[{\"@type\":\"SearchAction\",\"target\":{\"@type\":\"EntryPoint\",\"urlTemplate\":\"https:\/\/www.ikuchyne.sk\/eshop\/?s={search_term_string}\"},\"query-input\":\"required name=search_term_string\"}],\"inLanguage\":\"sk-SK\"},{\"@type\":\"Organization\",\"@id\":\"https:\/\/www.ikuchyne.sk\/eshop\/#organization\",\"name\":\"ikuchyne!\",\"url\":\"https:\/\/www.ikuchyne.sk\/eshop\/\",\"logo\":{\"@type\":\"ImageObject\",\"inLanguage\":\"sk-SK\",\"@id\":\"https:\/\/www.ikuchyne.sk\/eshop\/#\/schema\/logo\/image\/\",\"url\":\"https:\/\/www.ikuchyne.sk\/eshop\/wp-content\/uploads\/2017\/04\/ikuchyne-logo.jpg\",\"contentUrl\":\"https:\/\/www.ikuchyne.sk\/eshop\/wp-content\/uploads\/2017\/04\/ikuchyne-logo.jpg\",\"width\":200,\"height\":48,\"caption\":\"ikuchyne!\"},\"image\":{\"@id\":\"https:\/\/www.ikuchyne.sk\/eshop\/#\/schema\/logo\/image\/\"},\"sameAs\":[\"https:\/\/www.facebook.com\/ikuchyne\/\",\"https:\/\/www.instagram.com\/ikuchyne.sk\/\",\"https:\/\/sk.pinterest.com\/ikuchynesk\/\"]}]}<\/script>\n<!-- \/ Yoast SEO plugin. -->","yoast_head_json":{"title":"Ru\u017eovo-zlat\u00fd taburet Modern Barock\u00a0\u00d8 35 cm \u00bb &#187; iKuchyne iSHOP s n\u00e1bytkom","description":"K\u00fapte si u n\u00e1s Ru\u017eovo-zlat\u00fd taburet Modern Barock\u00a0\u00d8 35 cm \u00bb za akciov\u00fa cenu. R\u00fdchle dodanie tovaru, odborn\u00e9 poradenstvo a stovky produktov skladom. Ru\u017eovo-zlat\u00fd taburet Modern Barock\u00a0\u00d8 35 cm \u00bb sa stane dominantou V\u00e1\u0161ho interi\u00e9ru. Internetov\u00fd obchod ikuchyne! pon\u00faka odber Ru\u017eovo-zlat\u00fd taburet Modern Barock\u00a0\u00d8 35 cm \u00bb u\u017e od 1 kusu.","robots":{"index":"index","follow":"follow","max-snippet":"max-snippet:-1","max-image-preview":"max-image-preview:large","max-video-preview":"max-video-preview:-1"},"canonical":"https:\/\/www.ikuchyne.sk\/eshop\/produkt\/taburet-modern-barock-35cm-fialovozlata\/","og_locale":"sk_SK","og_type":"article","og_title":"Ru\u017eovo-zlat\u00fd taburet Modern Barock\u00a0\u00d8 35 cm \u00bb &#187; iKuchyne iSHOP s n\u00e1bytkom","og_description":"K\u00fapte si u n\u00e1s Ru\u017eovo-zlat\u00fd taburet Modern Barock\u00a0\u00d8 35 cm \u00bb za akciov\u00fa cenu. R\u00fdchle dodanie tovaru, odborn\u00e9 poradenstvo a stovky produktov skladom. Ru\u017eovo-zlat\u00fd taburet Modern Barock\u00a0\u00d8 35 cm \u00bb sa stane dominantou V\u00e1\u0161ho interi\u00e9ru. Internetov\u00fd obchod ikuchyne! pon\u00faka odber Ru\u017eovo-zlat\u00fd taburet Modern Barock\u00a0\u00d8 35 cm \u00bb u\u017e od 1 kusu.","og_url":"https:\/\/www.ikuchyne.sk\/eshop\/produkt\/taburet-modern-barock-35cm-fialovozlata\/","og_site_name":"iKuchyne iSHOP s n\u00e1bytkom","article_publisher":"https:\/\/www.facebook.com\/ikuchyne\/","article_modified_time":"2024-01-10T14:15:14+00:00","og_image":[{"width":800,"height":533,"url":"https:\/\/www.ikuchyne.sk\/eshop\/wp-content\/uploads\/2018\/10\/Taburet-Modern-Barock-35cm-flieder-zlata-38904.jpg","type":"image\/jpeg"}],"twitter_card":"summary_large_image","twitter_misc":{"Predpokladan\u00fd \u010das \u010d\u00edtania":"1 min\u00fata"},"schema":{"@context":"https:\/\/schema.org","@graph":[{"@type":"WebPage","@id":"https:\/\/www.ikuchyne.sk\/eshop\/produkt\/taburet-modern-barock-35cm-fialovozlata\/","url":"https:\/\/www.ikuchyne.sk\/eshop\/produkt\/taburet-modern-barock-35cm-fialovozlata\/","name":"Ru\u017eovo-zlat\u00fd taburet Modern Barock\u00a0\u00d8 35 cm \u00bb &#187; iKuchyne iSHOP s n\u00e1bytkom","isPartOf":{"@id":"https:\/\/www.ikuchyne.sk\/eshop\/#website"},"datePublished":"2018-11-02T11:13:55+00:00","dateModified":"2024-01-10T14:15:14+00:00","description":"K\u00fapte si u n\u00e1s Ru\u017eovo-zlat\u00fd taburet Modern Barock\u00a0\u00d8 35 cm \u00bb za akciov\u00fa cenu. R\u00fdchle dodanie tovaru, odborn\u00e9 poradenstvo a stovky produktov skladom. Ru\u017eovo-zlat\u00fd taburet Modern Barock\u00a0\u00d8 35 cm \u00bb sa stane dominantou V\u00e1\u0161ho interi\u00e9ru. Internetov\u00fd obchod ikuchyne! pon\u00faka odber Ru\u017eovo-zlat\u00fd taburet Modern Barock\u00a0\u00d8 35 cm \u00bb u\u017e od 1 kusu.","breadcrumb":{"@id":"https:\/\/www.ikuchyne.sk\/eshop\/produkt\/taburet-modern-barock-35cm-fialovozlata\/#breadcrumb"},"inLanguage":"sk-SK","potentialAction":[{"@type":"ReadAction","target":["https:\/\/www.ikuchyne.sk\/eshop\/produkt\/taburet-modern-barock-35cm-fialovozlata\/"]}]},{"@type":"BreadcrumbList","@id":"https:\/\/www.ikuchyne.sk\/eshop\/produkt\/taburet-modern-barock-35cm-fialovozlata\/#breadcrumb","itemListElement":[{"@type":"ListItem","position":1,"name":"Home","item":"https:\/\/www.ikuchyne.sk\/eshop\/"},{"@type":"ListItem","position":2,"name":"Obchod","item":"https:\/\/www.ikuchyne.sk\/eshop\/obchod\/"},{"@type":"ListItem","position":3,"name":"Ru\u017eovo-zlat\u00fd taburet Modern Barock\u00a0\u00d8 35 cm \u00bb"}]},{"@type":"WebSite","@id":"https:\/\/www.ikuchyne.sk\/eshop\/#website","url":"https:\/\/www.ikuchyne.sk\/eshop\/","name":"iKuchyne iSHOP s n\u00e1bytkom","description":"Jed\u00e1lensk\u00e9 stoly, stoli\u010dky, n\u00e1bytok, svietidl\u00e1...","publisher":{"@id":"https:\/\/www.ikuchyne.sk\/eshop\/#organization"},"potentialAction":[{"@type":"SearchAction","target":{"@type":"EntryPoint","urlTemplate":"https:\/\/www.ikuchyne.sk\/eshop\/?s={search_term_string}"},"query-input":"required name=search_term_string"}],"inLanguage":"sk-SK"},{"@type":"Organization","@id":"https:\/\/www.ikuchyne.sk\/eshop\/#organization","name":"ikuchyne!","url":"https:\/\/www.ikuchyne.sk\/eshop\/","logo":{"@type":"ImageObject","inLanguage":"sk-SK","@id":"https:\/\/www.ikuchyne.sk\/eshop\/#\/schema\/logo\/image\/","url":"https:\/\/www.ikuchyne.sk\/eshop\/wp-content\/uploads\/2017\/04\/ikuchyne-logo.jpg","contentUrl":"https:\/\/www.ikuchyne.sk\/eshop\/wp-content\/uploads\/2017\/04\/ikuchyne-logo.jpg","width":200,"height":48,"caption":"ikuchyne!"},"image":{"@id":"https:\/\/www.ikuchyne.sk\/eshop\/#\/schema\/logo\/image\/"},"sameAs":["https:\/\/www.facebook.com\/ikuchyne\/","https:\/\/www.instagram.com\/ikuchyne.sk\/","https:\/\/sk.pinterest.com\/ikuchynesk\/"]}]}},"_links":{"self":[{"href":"https:\/\/www.ikuchyne.sk\/eshop\/wp-json\/wp\/v2\/product\/80800"}],"collection":[{"href":"https:\/\/www.ikuchyne.sk\/eshop\/wp-json\/wp\/v2\/product"}],"about":[{"href":"https:\/\/www.ikuchyne.sk\/eshop\/wp-json\/wp\/v2\/types\/product"}],"replies":[{"embeddable":true,"href":"https:\/\/www.ikuchyne.sk\/eshop\/wp-json\/wp\/v2\/comments?post=80800"}],"wp:featuredmedia":[{"embeddable":true,"href":"https:\/\/www.ikuchyne.sk\/eshop\/wp-json\/wp\/v2\/media\/80801"}],"wp:attachment":[{"href":"https:\/\/www.ikuchyne.sk\/eshop\/wp-json\/wp\/v2\/media?parent=80800"}],"wp:term":[{"taxonomy":"product_cat","embeddable":true,"href":"https:\/\/www.ikuchyne.sk\/eshop\/wp-json\/wp\/v2\/product_cat?post=80800"},{"taxonomy":"product_tag","embeddable":true,"href":"https:\/\/www.ikuchyne.sk\/eshop\/wp-json\/wp\/v2\/product_tag?post=80800"}],"curies":[{"name":"wp","href":"https:\/\/api.w.org\/{rel}","templated":true}]}}