{"id":83116,"date":"2019-01-08T14:26:33","date_gmt":"2019-01-08T13:26:33","guid":{"rendered":"https:\/\/ikuchyne.sk\/eshop\/?post_type=product&#038;p=83116"},"modified":"2024-03-10T19:19:59","modified_gmt":"2024-03-10T18:19:59","slug":"cierny-jedalensky-stol-modern-barock-200cm-12-mm","status":"publish","type":"product","link":"https:\/\/www.ikuchyne.sk\/eshop\/produkt\/cierny-jedalensky-stol-modern-barock-200cm-12-mm\/","title":{"rendered":"\u010cierny jed\u00e1lensk\u00fd st\u00f4l Modern Barock 200cm \u2013 12 mm \u00bb"},"content":{"rendered":"<h1>\u010cierny jed\u00e1lensk\u00fd st\u00f4l Modern Barock 200cm \u2013 12 mm \u00bb<\/h1>\n<h4><strong>V\u0161eobecn\u00fd popis:<\/strong><\/h4>\n<p>Vysokokvalitn\u00fd \u010dierny jed\u00e1lensk\u00fd st\u00f4l Modern Barock 200cm \u2013 12 mm z \u010dierneho op\u00e1lov\u00e9ho skla. Zakriven\u00e9 nohy z nehrdzavej\u00facej ocele vytv\u00e1raj\u00fa typick\u00fd barokov\u00fd vzh\u013ead. Ide\u00e1lne na pomp\u00e9znu ve\u010deru. Nechajte dotiahnu\u0165 extravaganciu k sebe domov s t\u00fdmto barokov\u00fdm jed\u00e1lensk\u00fdm stolom!<\/p>\n<p>U\u0161\u013eachtil\u00fd barokov\u00fd jed\u00e1lensk\u00fd st\u00f4l sa stane vo va\u0161ej dom\u00e1cnosti extravagantn\u00fdm l\u00e1kadlom. Kusy n\u00e1bytku zo s\u00e9rie MODERN BAROCK zais\u0165uj\u00fa luxusn\u00fd a vynikaj\u00faci pocit b\u00fdvania. Ako u\u017e n\u00e1zov napoved\u00e1, s\u00fa navrhnut\u00e9 v barokovom \u0161t\u00fdle, pre ktor\u00fd s\u00fa charakteristick\u00e9 n\u00e1padne zakriven\u00e9 l\u00ednie a vysoko kvalitn\u00e9 kombin\u00e1cie materi\u00e1lov. Do o\u010d\u00ed bij\u00faci modern\u00fd \u0161t\u00fdl b\u00fdvania je vyjadren\u00edm v\u00e1\u0161ho \u0161t\u00fdlov\u00e9ho vkusu a dod\u00e1va v\u00e1\u0161mu dom\u00e1cemu prostrediu mimoriadnu a nezamenite\u013en\u00fa charizmu.<\/p>\n<p>Majest\u00e1tny dizajn: barokov\u00fd jed\u00e1lensk\u00fd st\u00f4l up\u00fata pozornos\u0165 ka\u017ed\u00e9ho. Luxusn\u00fd dizajn tohto barokov\u00e9ho jed\u00e1lensk\u00e9ho stola je definovan\u00fd elegantne zakriven\u00fdmi nohami stola a \u010diernym op\u00e1lov\u00fdm sklom stolovej dosky. V\u010faka tomu je n\u00e1bytok vo va\u0161om ob\u00fdvacom priestore skuto\u010dne zauj\u00edmav\u00fdm p\u00fata\u010dom pozornosti. Preto\u017ee sa materi\u00e1l obzvl\u00e1\u0161\u0165 \u013eahko udr\u017euje a doska stola m\u00e1 hr\u00fabku 15 mm, budete si ho dlho-predlho u\u017e\u00edva\u0165. Dajte svojmu prostrediu p\u00f4sobiv\u00fd vzh\u013ead s t\u00fdmto elegantn\u00fdm dizajnom.<\/p>\n<h4><strong>Detaily produktu:<\/strong><\/h4>\n<p>Vzne\u0161en\u00fd a barokov\u00fd. Ak sa v\u00e1m p\u00e1\u010di luxusn\u00fd dizajn, tento \u0161t\u00fdl je pre v\u00e1s ako stvoren\u00fd. Extravagantn\u00fd trend v zaria\u010fovan\u00ed ur\u010duj\u00fa povrchy zo zlata a striebra, zamatov\u00e9 materi\u00e1ly a umeleck\u00e9 dekor\u00e1cie. Barokov\u00fd n\u00e1bytok a doplnky robia z v\u00e1\u0161ho domova skuto\u010dne dizajnovo zauj\u00edmav\u00e9 miesto. Najv\u00e4\u010d\u0161ou v\u00fdhodou nehrdzavej\u00facej ocele je nepochybne to, \u017ee nehrdzavie. Oce\u013e je navy\u0161e mo\u017en\u00e9 pomocou r\u00f4znych povrchov\u00fdch \u00faprav (matn\u00fdch alebo leskl\u00fdch) dokonale prisp\u00f4sobi\u0165 individu\u00e1lnemu vzh\u013eadu r\u00f4znych \u010dast\u00ed n\u00e1bytku. Vhodn\u00e9 bytov\u00e9 doplnky pre kombinovanie interi\u00e9ru s t\u00fdmto jed\u00e1lensk\u00fdm stolom n\u00e1jdete na na\u0161om e-shope v sekcii Bytov\u00e9 doplnky. Kontaktujte n\u00e1s a my v\u00e1m radi pom\u00f4\u017eeme s v\u00fdberom vhodn\u00fdch dekor\u00e1ci\u00ed.<\/p>\n<div class=\"electro-description\">\n<p><strong>Povrch stola:<\/strong><br \/>\nPovrch tohto jed\u00e1lensk\u00e9ho stola je vyroben\u00fd z dosky z \u010dierneho op\u00e1lov\u00e9ho skla.<\/p>\n<p><strong>Podno\u017e stola:<br \/>\n<\/strong>Podno\u017e stola je tvoren\u00e1 elegantne zahnut\u00fdmi nohami vyroben\u00fdmi z le\u0161tenej u\u0161\u013eachtilej ocele.<\/p>\n<p><strong>\u010eal\u0161ie inform\u00e1cie:\u00a0<\/strong><br \/>\nTento sklenen\u00fd jed\u00e1lensk\u00fd st\u00f4l nie je n\u00e1ro\u010dn\u00fd na \u0161peci\u00e1lnu \u00fadr\u017ebu. V pr\u00edpade potreby posta\u010d\u00ed vlhk\u00e1 bavlnen\u00e1 handri\u010dka.<\/p>\n<p><b>Rozmery stola:<br \/>\n<\/b>\u0160\u00edrka stola: 100 cm<br \/>\nD\u013a\u017eka stola: 200 cm<br \/>\nV\u00fd\u0161ka stola: 75 cm<br \/>\n<b>Hr\u00fabka dosky stola: <\/b>12\u00a0mm<\/p>\n<p><strong>Tento jed\u00e1lensk\u00fd st\u00f4l sa tie\u017e vyr\u00e1ba aj v t\u00fdchto ve\u013ekostiach:<br \/>\n<\/strong>90 x 180 cm \u2013 12 mm<\/p>\n<p><b>Materi\u00e1l:\u00a0<\/b>mramor<b>,<\/b>\u00a0le\u0161ten\u00e1 u\u0161\u013eachtil\u00e1 oce\u013e<\/p>\n<p><b>Farba:<\/b>\u00a0\u010dierna, oce\u013eov\u00e1<\/p>\n<\/div>\n<p>Dodato\u010dn\u00e9 inform\u00e1cie:<\/p>\n<p>V pr\u00edpade z\u00e1ujmu o in\u00e9 jed\u00e1lensk\u00e9 stoly, nav\u0161t\u00edvte sekciu jed\u00e1lensk\u00e9 stoly na <a href=\"https:\/\/www.ikuchyne.sk\/eshop\/kategoria\/jedalenske-stoly\/\">www.ikuchyne.sk\/eshop<\/a><br \/>\nV pr\u00edpade z\u00e1ujmu o n\u00e1bytok na mieru n\u00e1s kontaktuje na <a href=\"http:\/\/www.ikuchyne.sk\">www.ikuchyne.sk<\/a><\/p>\n","protected":false},"excerpt":{"rendered":"<p>\u010cierny jed\u00e1lensk\u00fd st\u00f4l Modern Barock 200cm \u2013 12 mm \u00bb V\u0161eobecn\u00fd popis: Vysokokvalitn\u00fd \u010dierny jed\u00e1lensk\u00fd st\u00f4l Modern Barock 200cm \u2013 12 mm z \u010dierneho op\u00e1lov\u00e9ho skla. Zakriven\u00e9 nohy z nehrdzavej\u00facej<\/p>\n","protected":false},"featured_media":83117,"comment_status":"open","ping_status":"closed","template":"","meta":[],"product_cat":[298,853,846,287],"product_tag":[256,610],"yoast_head":"<!-- This site is optimized with the Yoast SEO plugin v22.1 - https:\/\/yoast.com\/wordpress\/plugins\/seo\/ -->\n<title>\u010cierny jed\u00e1lensk\u00fd st\u00f4l Modern Barock 200cm &#187; iKuchyne iSHOP s n\u00e1bytkom<\/title>\n<meta name=\"description\" content=\"\u010cierny jed\u00e1lensk\u00fd st\u00f4l Modern Barock 200cm \u2013 12 mm \u00bb - r\u00fdchle dodanie, poradenstvo, n\u00e1bytok skladom v Bratislave s ikuchyne.sk - kuchyne na mieru.\" \/>\n<meta name=\"robots\" content=\"index, follow, max-snippet:-1, max-image-preview:large, max-video-preview:-1\" \/>\n<link rel=\"canonical\" href=\"https:\/\/www.ikuchyne.sk\/eshop\/produkt\/cierny-jedalensky-stol-modern-barock-200cm-12-mm\/\" \/>\n<meta property=\"og:locale\" content=\"sk_SK\" \/>\n<meta property=\"og:type\" content=\"article\" \/>\n<meta property=\"og:title\" content=\"\u010cierny jed\u00e1lensk\u00fd st\u00f4l Modern Barock 200cm &#187; iKuchyne iSHOP s n\u00e1bytkom\" \/>\n<meta property=\"og:description\" content=\"\u010cierny jed\u00e1lensk\u00fd st\u00f4l Modern Barock 200cm \u2013 12 mm \u00bb - r\u00fdchle dodanie, poradenstvo, n\u00e1bytok skladom v Bratislave s ikuchyne.sk - kuchyne na mieru.\" \/>\n<meta property=\"og:url\" content=\"https:\/\/www.ikuchyne.sk\/eshop\/produkt\/cierny-jedalensky-stol-modern-barock-200cm-12-mm\/\" \/>\n<meta property=\"og:site_name\" content=\"iKuchyne iSHOP s n\u00e1bytkom\" \/>\n<meta property=\"article:publisher\" content=\"https:\/\/www.facebook.com\/ikuchyne\/\" \/>\n<meta property=\"article:modified_time\" content=\"2024-03-10T18:19:59+00:00\" \/>\n<meta property=\"og:image\" content=\"https:\/\/www.ikuchyne.sk\/eshop\/wp-content\/uploads\/2019\/01\/Jedalensky-stol-Modern-Barock-200cm-cierna-37356.jpg\" \/>\n\t<meta property=\"og:image:width\" content=\"800\" \/>\n\t<meta property=\"og:image:height\" content=\"533\" \/>\n\t<meta property=\"og:image:type\" content=\"image\/jpeg\" \/>\n<meta name=\"twitter:card\" content=\"summary_large_image\" \/>\n<meta name=\"twitter:label1\" content=\"Predpokladan\u00fd \u010das \u010d\u00edtania\" \/>\n\t<meta name=\"twitter:data1\" content=\"2 min\u00faty\" \/>\n<script type=\"application\/ld+json\" class=\"yoast-schema-graph\">{\"@context\":\"https:\/\/schema.org\",\"@graph\":[{\"@type\":\"WebPage\",\"@id\":\"https:\/\/www.ikuchyne.sk\/eshop\/produkt\/cierny-jedalensky-stol-modern-barock-200cm-12-mm\/\",\"url\":\"https:\/\/www.ikuchyne.sk\/eshop\/produkt\/cierny-jedalensky-stol-modern-barock-200cm-12-mm\/\",\"name\":\"\u010cierny jed\u00e1lensk\u00fd st\u00f4l Modern Barock 200cm &#187; iKuchyne iSHOP s n\u00e1bytkom\",\"isPartOf\":{\"@id\":\"https:\/\/www.ikuchyne.sk\/eshop\/#website\"},\"datePublished\":\"2019-01-08T13:26:33+00:00\",\"dateModified\":\"2024-03-10T18:19:59+00:00\",\"description\":\"\u010cierny jed\u00e1lensk\u00fd st\u00f4l Modern Barock 200cm \u2013 12 mm \u00bb - r\u00fdchle dodanie, poradenstvo, n\u00e1bytok skladom v Bratislave s ikuchyne.sk - kuchyne na mieru.\",\"breadcrumb\":{\"@id\":\"https:\/\/www.ikuchyne.sk\/eshop\/produkt\/cierny-jedalensky-stol-modern-barock-200cm-12-mm\/#breadcrumb\"},\"inLanguage\":\"sk-SK\",\"potentialAction\":[{\"@type\":\"ReadAction\",\"target\":[\"https:\/\/www.ikuchyne.sk\/eshop\/produkt\/cierny-jedalensky-stol-modern-barock-200cm-12-mm\/\"]}]},{\"@type\":\"BreadcrumbList\",\"@id\":\"https:\/\/www.ikuchyne.sk\/eshop\/produkt\/cierny-jedalensky-stol-modern-barock-200cm-12-mm\/#breadcrumb\",\"itemListElement\":[{\"@type\":\"ListItem\",\"position\":1,\"name\":\"Home\",\"item\":\"https:\/\/www.ikuchyne.sk\/eshop\/\"},{\"@type\":\"ListItem\",\"position\":2,\"name\":\"Obchod\",\"item\":\"https:\/\/www.ikuchyne.sk\/eshop\/obchod\/\"},{\"@type\":\"ListItem\",\"position\":3,\"name\":\"\u010cierny jed\u00e1lensk\u00fd st\u00f4l Modern Barock 200cm \u2013 12 mm \u00bb\"}]},{\"@type\":\"WebSite\",\"@id\":\"https:\/\/www.ikuchyne.sk\/eshop\/#website\",\"url\":\"https:\/\/www.ikuchyne.sk\/eshop\/\",\"name\":\"iKuchyne iSHOP s n\u00e1bytkom\",\"description\":\"Jed\u00e1lensk\u00e9 stoly, stoli\u010dky, n\u00e1bytok, svietidl\u00e1...\",\"publisher\":{\"@id\":\"https:\/\/www.ikuchyne.sk\/eshop\/#organization\"},\"potentialAction\":[{\"@type\":\"SearchAction\",\"target\":{\"@type\":\"EntryPoint\",\"urlTemplate\":\"https:\/\/www.ikuchyne.sk\/eshop\/?s={search_term_string}\"},\"query-input\":\"required name=search_term_string\"}],\"inLanguage\":\"sk-SK\"},{\"@type\":\"Organization\",\"@id\":\"https:\/\/www.ikuchyne.sk\/eshop\/#organization\",\"name\":\"ikuchyne!\",\"url\":\"https:\/\/www.ikuchyne.sk\/eshop\/\",\"logo\":{\"@type\":\"ImageObject\",\"inLanguage\":\"sk-SK\",\"@id\":\"https:\/\/www.ikuchyne.sk\/eshop\/#\/schema\/logo\/image\/\",\"url\":\"https:\/\/www.ikuchyne.sk\/eshop\/wp-content\/uploads\/2017\/04\/ikuchyne-logo.jpg\",\"contentUrl\":\"https:\/\/www.ikuchyne.sk\/eshop\/wp-content\/uploads\/2017\/04\/ikuchyne-logo.jpg\",\"width\":200,\"height\":48,\"caption\":\"ikuchyne!\"},\"image\":{\"@id\":\"https:\/\/www.ikuchyne.sk\/eshop\/#\/schema\/logo\/image\/\"},\"sameAs\":[\"https:\/\/www.facebook.com\/ikuchyne\/\",\"https:\/\/www.instagram.com\/ikuchyne.sk\/\",\"https:\/\/sk.pinterest.com\/ikuchynesk\/\"]}]}<\/script>\n<!-- \/ Yoast SEO plugin. -->","yoast_head_json":{"title":"\u010cierny jed\u00e1lensk\u00fd st\u00f4l Modern Barock 200cm &#187; iKuchyne iSHOP s n\u00e1bytkom","description":"\u010cierny jed\u00e1lensk\u00fd st\u00f4l Modern Barock 200cm \u2013 12 mm \u00bb - r\u00fdchle dodanie, poradenstvo, n\u00e1bytok skladom v Bratislave s ikuchyne.sk - kuchyne na mieru.","robots":{"index":"index","follow":"follow","max-snippet":"max-snippet:-1","max-image-preview":"max-image-preview:large","max-video-preview":"max-video-preview:-1"},"canonical":"https:\/\/www.ikuchyne.sk\/eshop\/produkt\/cierny-jedalensky-stol-modern-barock-200cm-12-mm\/","og_locale":"sk_SK","og_type":"article","og_title":"\u010cierny jed\u00e1lensk\u00fd st\u00f4l Modern Barock 200cm &#187; iKuchyne iSHOP s n\u00e1bytkom","og_description":"\u010cierny jed\u00e1lensk\u00fd st\u00f4l Modern Barock 200cm \u2013 12 mm \u00bb - r\u00fdchle dodanie, poradenstvo, n\u00e1bytok skladom v Bratislave s ikuchyne.sk - kuchyne na mieru.","og_url":"https:\/\/www.ikuchyne.sk\/eshop\/produkt\/cierny-jedalensky-stol-modern-barock-200cm-12-mm\/","og_site_name":"iKuchyne iSHOP s n\u00e1bytkom","article_publisher":"https:\/\/www.facebook.com\/ikuchyne\/","article_modified_time":"2024-03-10T18:19:59+00:00","og_image":[{"width":800,"height":533,"url":"https:\/\/www.ikuchyne.sk\/eshop\/wp-content\/uploads\/2019\/01\/Jedalensky-stol-Modern-Barock-200cm-cierna-37356.jpg","type":"image\/jpeg"}],"twitter_card":"summary_large_image","twitter_misc":{"Predpokladan\u00fd \u010das \u010d\u00edtania":"2 min\u00faty"},"schema":{"@context":"https:\/\/schema.org","@graph":[{"@type":"WebPage","@id":"https:\/\/www.ikuchyne.sk\/eshop\/produkt\/cierny-jedalensky-stol-modern-barock-200cm-12-mm\/","url":"https:\/\/www.ikuchyne.sk\/eshop\/produkt\/cierny-jedalensky-stol-modern-barock-200cm-12-mm\/","name":"\u010cierny jed\u00e1lensk\u00fd st\u00f4l Modern Barock 200cm &#187; iKuchyne iSHOP s n\u00e1bytkom","isPartOf":{"@id":"https:\/\/www.ikuchyne.sk\/eshop\/#website"},"datePublished":"2019-01-08T13:26:33+00:00","dateModified":"2024-03-10T18:19:59+00:00","description":"\u010cierny jed\u00e1lensk\u00fd st\u00f4l Modern Barock 200cm \u2013 12 mm \u00bb - r\u00fdchle dodanie, poradenstvo, n\u00e1bytok skladom v Bratislave s ikuchyne.sk - kuchyne na mieru.","breadcrumb":{"@id":"https:\/\/www.ikuchyne.sk\/eshop\/produkt\/cierny-jedalensky-stol-modern-barock-200cm-12-mm\/#breadcrumb"},"inLanguage":"sk-SK","potentialAction":[{"@type":"ReadAction","target":["https:\/\/www.ikuchyne.sk\/eshop\/produkt\/cierny-jedalensky-stol-modern-barock-200cm-12-mm\/"]}]},{"@type":"BreadcrumbList","@id":"https:\/\/www.ikuchyne.sk\/eshop\/produkt\/cierny-jedalensky-stol-modern-barock-200cm-12-mm\/#breadcrumb","itemListElement":[{"@type":"ListItem","position":1,"name":"Home","item":"https:\/\/www.ikuchyne.sk\/eshop\/"},{"@type":"ListItem","position":2,"name":"Obchod","item":"https:\/\/www.ikuchyne.sk\/eshop\/obchod\/"},{"@type":"ListItem","position":3,"name":"\u010cierny jed\u00e1lensk\u00fd st\u00f4l Modern Barock 200cm \u2013 12 mm \u00bb"}]},{"@type":"WebSite","@id":"https:\/\/www.ikuchyne.sk\/eshop\/#website","url":"https:\/\/www.ikuchyne.sk\/eshop\/","name":"iKuchyne iSHOP s n\u00e1bytkom","description":"Jed\u00e1lensk\u00e9 stoly, stoli\u010dky, n\u00e1bytok, svietidl\u00e1...","publisher":{"@id":"https:\/\/www.ikuchyne.sk\/eshop\/#organization"},"potentialAction":[{"@type":"SearchAction","target":{"@type":"EntryPoint","urlTemplate":"https:\/\/www.ikuchyne.sk\/eshop\/?s={search_term_string}"},"query-input":"required name=search_term_string"}],"inLanguage":"sk-SK"},{"@type":"Organization","@id":"https:\/\/www.ikuchyne.sk\/eshop\/#organization","name":"ikuchyne!","url":"https:\/\/www.ikuchyne.sk\/eshop\/","logo":{"@type":"ImageObject","inLanguage":"sk-SK","@id":"https:\/\/www.ikuchyne.sk\/eshop\/#\/schema\/logo\/image\/","url":"https:\/\/www.ikuchyne.sk\/eshop\/wp-content\/uploads\/2017\/04\/ikuchyne-logo.jpg","contentUrl":"https:\/\/www.ikuchyne.sk\/eshop\/wp-content\/uploads\/2017\/04\/ikuchyne-logo.jpg","width":200,"height":48,"caption":"ikuchyne!"},"image":{"@id":"https:\/\/www.ikuchyne.sk\/eshop\/#\/schema\/logo\/image\/"},"sameAs":["https:\/\/www.facebook.com\/ikuchyne\/","https:\/\/www.instagram.com\/ikuchyne.sk\/","https:\/\/sk.pinterest.com\/ikuchynesk\/"]}]}},"_links":{"self":[{"href":"https:\/\/www.ikuchyne.sk\/eshop\/wp-json\/wp\/v2\/product\/83116"}],"collection":[{"href":"https:\/\/www.ikuchyne.sk\/eshop\/wp-json\/wp\/v2\/product"}],"about":[{"href":"https:\/\/www.ikuchyne.sk\/eshop\/wp-json\/wp\/v2\/types\/product"}],"replies":[{"embeddable":true,"href":"https:\/\/www.ikuchyne.sk\/eshop\/wp-json\/wp\/v2\/comments?post=83116"}],"wp:featuredmedia":[{"embeddable":true,"href":"https:\/\/www.ikuchyne.sk\/eshop\/wp-json\/wp\/v2\/media\/83117"}],"wp:attachment":[{"href":"https:\/\/www.ikuchyne.sk\/eshop\/wp-json\/wp\/v2\/media?parent=83116"}],"wp:term":[{"taxonomy":"product_cat","embeddable":true,"href":"https:\/\/www.ikuchyne.sk\/eshop\/wp-json\/wp\/v2\/product_cat?post=83116"},{"taxonomy":"product_tag","embeddable":true,"href":"https:\/\/www.ikuchyne.sk\/eshop\/wp-json\/wp\/v2\/product_tag?post=83116"}],"curies":[{"name":"wp","href":"https:\/\/api.w.org\/{rel}","templated":true}]}}