{"id":86189,"date":"2019-04-17T07:51:01","date_gmt":"2019-04-17T05:51:01","guid":{"rendered":"https:\/\/ikuchyne.sk\/eshop\/?post_type=product&#038;p=86189"},"modified":"2022-01-28T12:36:45","modified_gmt":"2022-01-28T11:36:45","slug":"zamatkissen-zlataene-blatter-mint","status":"publish","type":"product","link":"https:\/\/www.ikuchyne.sk\/eshop\/produkt\/zamatkissen-zlataene-blatter-mint\/","title":{"rendered":"Mentolov\u00fd zamatov\u00fd vank\u00fa\u0161ik so zlatou potla\u010dou \u2013 ginko"},"content":{"rendered":"<h1>Mentolov\u00fd zamatov\u00fd vank\u00fa\u0161ik so zlatou potla\u010dou \u2013 ginko<\/h1>\n<p><strong>Rozmery:<\/strong><br \/>\n\u0160\u00edrka: 40 cm<br \/>\nV\u00fd\u0161ka: 40 cm<br \/>\nH\u013abka: 10 cm<\/p>\n<p><strong>Farba:<\/strong> mentolov\u00e1, zlat\u00e1<br \/>\n<strong>Po\u0165ah:<\/strong>\u00a0zamat (100% polyester)<br \/>\n<strong>V\u00fdpl\u0148:<\/strong>\u00a0pena (100% polyuret\u00e1n)<\/p>\n","protected":false},"excerpt":{"rendered":"<p>Mentolov\u00fd zamatov\u00fd vank\u00fa\u0161ik so zlatou potla\u010dou \u2013 ginko Rozmery: \u0160\u00edrka: 40 cm V\u00fd\u0161ka: 40 cm H\u013abka: 10 cm Farba: mentolov\u00e1, zlat\u00e1 Po\u0165ah:\u00a0zamat (100% polyester) V\u00fdpl\u0148:\u00a0pena (100% polyuret\u00e1n)<\/p>\n","protected":false},"featured_media":86190,"comment_status":"open","ping_status":"closed","template":"","meta":[],"product_cat":[289,319],"product_tag":[],"yoast_head":"<!-- This site is optimized with the Yoast SEO plugin v22.1 - https:\/\/yoast.com\/wordpress\/plugins\/seo\/ -->\n<title>Mentolov\u00fd zamatov\u00fd vank\u00fa\u0161ik so zlatou potla\u010dou \u2013 ginko &#187; iKuchyne iSHOP s n\u00e1bytkom<\/title>\n<meta name=\"description\" content=\"K\u00fapte si u n\u00e1s Mentolov\u00fd zamatov\u00fd vank\u00fa\u0161ik so zlatou potla\u010dou \u2013 ginko za akciov\u00fa cenu. R\u00fdchle dodanie tovaru, odborn\u00e9 poradenstvo a stovky produktov skladom. Mentolov\u00fd zamatov\u00fd vank\u00fa\u0161ik so zlatou potla\u010dou \u2013 ginko sa stane dominantou V\u00e1\u0161ho interi\u00e9ru. Internetov\u00fd obchod ikuchyne! pon\u00faka odber Mentolov\u00fd zamatov\u00fd vank\u00fa\u0161ik so zlatou potla\u010dou \u2013 ginko u\u017e od 1 kusu.\" \/>\n<meta name=\"robots\" content=\"index, follow, max-snippet:-1, max-image-preview:large, max-video-preview:-1\" \/>\n<link rel=\"canonical\" href=\"https:\/\/www.ikuchyne.sk\/eshop\/produkt\/zamatkissen-zlataene-blatter-mint\/\" \/>\n<meta property=\"og:locale\" content=\"sk_SK\" \/>\n<meta property=\"og:type\" content=\"article\" \/>\n<meta property=\"og:title\" content=\"Mentolov\u00fd zamatov\u00fd vank\u00fa\u0161ik so zlatou potla\u010dou \u2013 ginko &#187; iKuchyne iSHOP s n\u00e1bytkom\" \/>\n<meta property=\"og:description\" content=\"K\u00fapte si u n\u00e1s Mentolov\u00fd zamatov\u00fd vank\u00fa\u0161ik so zlatou potla\u010dou \u2013 ginko za akciov\u00fa cenu. R\u00fdchle dodanie tovaru, odborn\u00e9 poradenstvo a stovky produktov skladom. Mentolov\u00fd zamatov\u00fd vank\u00fa\u0161ik so zlatou potla\u010dou \u2013 ginko sa stane dominantou V\u00e1\u0161ho interi\u00e9ru. Internetov\u00fd obchod ikuchyne! pon\u00faka odber Mentolov\u00fd zamatov\u00fd vank\u00fa\u0161ik so zlatou potla\u010dou \u2013 ginko u\u017e od 1 kusu.\" \/>\n<meta property=\"og:url\" content=\"https:\/\/www.ikuchyne.sk\/eshop\/produkt\/zamatkissen-zlataene-blatter-mint\/\" \/>\n<meta property=\"og:site_name\" content=\"iKuchyne iSHOP s n\u00e1bytkom\" \/>\n<meta property=\"article:publisher\" content=\"https:\/\/www.facebook.com\/ikuchyne\/\" \/>\n<meta property=\"article:modified_time\" content=\"2022-01-28T11:36:45+00:00\" \/>\n<meta property=\"og:image\" content=\"https:\/\/www.ikuchyne.sk\/eshop\/wp-content\/uploads\/2019\/04\/zamatkissen-zlataene-Blatter-mint-39212.jpg\" \/>\n\t<meta property=\"og:image:width\" content=\"800\" \/>\n\t<meta property=\"og:image:height\" content=\"533\" \/>\n\t<meta property=\"og:image:type\" content=\"image\/jpeg\" \/>\n<meta name=\"twitter:card\" content=\"summary_large_image\" \/>\n<script type=\"application\/ld+json\" class=\"yoast-schema-graph\">{\"@context\":\"https:\/\/schema.org\",\"@graph\":[{\"@type\":\"WebPage\",\"@id\":\"https:\/\/www.ikuchyne.sk\/eshop\/produkt\/zamatkissen-zlataene-blatter-mint\/\",\"url\":\"https:\/\/www.ikuchyne.sk\/eshop\/produkt\/zamatkissen-zlataene-blatter-mint\/\",\"name\":\"Mentolov\u00fd zamatov\u00fd vank\u00fa\u0161ik so zlatou potla\u010dou \u2013 ginko &#187; iKuchyne iSHOP s n\u00e1bytkom\",\"isPartOf\":{\"@id\":\"https:\/\/www.ikuchyne.sk\/eshop\/#website\"},\"datePublished\":\"2019-04-17T05:51:01+00:00\",\"dateModified\":\"2022-01-28T11:36:45+00:00\",\"description\":\"K\u00fapte si u n\u00e1s Mentolov\u00fd zamatov\u00fd vank\u00fa\u0161ik so zlatou potla\u010dou \u2013 ginko za akciov\u00fa cenu. R\u00fdchle dodanie tovaru, odborn\u00e9 poradenstvo a stovky produktov skladom. Mentolov\u00fd zamatov\u00fd vank\u00fa\u0161ik so zlatou potla\u010dou \u2013 ginko sa stane dominantou V\u00e1\u0161ho interi\u00e9ru. Internetov\u00fd obchod ikuchyne! pon\u00faka odber Mentolov\u00fd zamatov\u00fd vank\u00fa\u0161ik so zlatou potla\u010dou \u2013 ginko u\u017e od 1 kusu.\",\"breadcrumb\":{\"@id\":\"https:\/\/www.ikuchyne.sk\/eshop\/produkt\/zamatkissen-zlataene-blatter-mint\/#breadcrumb\"},\"inLanguage\":\"sk-SK\",\"potentialAction\":[{\"@type\":\"ReadAction\",\"target\":[\"https:\/\/www.ikuchyne.sk\/eshop\/produkt\/zamatkissen-zlataene-blatter-mint\/\"]}]},{\"@type\":\"BreadcrumbList\",\"@id\":\"https:\/\/www.ikuchyne.sk\/eshop\/produkt\/zamatkissen-zlataene-blatter-mint\/#breadcrumb\",\"itemListElement\":[{\"@type\":\"ListItem\",\"position\":1,\"name\":\"Home\",\"item\":\"https:\/\/www.ikuchyne.sk\/eshop\/\"},{\"@type\":\"ListItem\",\"position\":2,\"name\":\"Obchod\",\"item\":\"https:\/\/www.ikuchyne.sk\/eshop\/obchod\/\"},{\"@type\":\"ListItem\",\"position\":3,\"name\":\"Mentolov\u00fd zamatov\u00fd vank\u00fa\u0161ik so zlatou potla\u010dou \u2013 ginko\"}]},{\"@type\":\"WebSite\",\"@id\":\"https:\/\/www.ikuchyne.sk\/eshop\/#website\",\"url\":\"https:\/\/www.ikuchyne.sk\/eshop\/\",\"name\":\"iKuchyne iSHOP s n\u00e1bytkom\",\"description\":\"Jed\u00e1lensk\u00e9 stoly, stoli\u010dky, n\u00e1bytok, svietidl\u00e1...\",\"publisher\":{\"@id\":\"https:\/\/www.ikuchyne.sk\/eshop\/#organization\"},\"potentialAction\":[{\"@type\":\"SearchAction\",\"target\":{\"@type\":\"EntryPoint\",\"urlTemplate\":\"https:\/\/www.ikuchyne.sk\/eshop\/?s={search_term_string}\"},\"query-input\":\"required name=search_term_string\"}],\"inLanguage\":\"sk-SK\"},{\"@type\":\"Organization\",\"@id\":\"https:\/\/www.ikuchyne.sk\/eshop\/#organization\",\"name\":\"ikuchyne!\",\"url\":\"https:\/\/www.ikuchyne.sk\/eshop\/\",\"logo\":{\"@type\":\"ImageObject\",\"inLanguage\":\"sk-SK\",\"@id\":\"https:\/\/www.ikuchyne.sk\/eshop\/#\/schema\/logo\/image\/\",\"url\":\"https:\/\/www.ikuchyne.sk\/eshop\/wp-content\/uploads\/2017\/04\/ikuchyne-logo.jpg\",\"contentUrl\":\"https:\/\/www.ikuchyne.sk\/eshop\/wp-content\/uploads\/2017\/04\/ikuchyne-logo.jpg\",\"width\":200,\"height\":48,\"caption\":\"ikuchyne!\"},\"image\":{\"@id\":\"https:\/\/www.ikuchyne.sk\/eshop\/#\/schema\/logo\/image\/\"},\"sameAs\":[\"https:\/\/www.facebook.com\/ikuchyne\/\",\"https:\/\/www.instagram.com\/ikuchyne.sk\/\",\"https:\/\/sk.pinterest.com\/ikuchynesk\/\"]}]}<\/script>\n<!-- \/ Yoast SEO plugin. -->","yoast_head_json":{"title":"Mentolov\u00fd zamatov\u00fd vank\u00fa\u0161ik so zlatou potla\u010dou \u2013 ginko &#187; iKuchyne iSHOP s n\u00e1bytkom","description":"K\u00fapte si u n\u00e1s Mentolov\u00fd zamatov\u00fd vank\u00fa\u0161ik so zlatou potla\u010dou \u2013 ginko za akciov\u00fa cenu. R\u00fdchle dodanie tovaru, odborn\u00e9 poradenstvo a stovky produktov skladom. Mentolov\u00fd zamatov\u00fd vank\u00fa\u0161ik so zlatou potla\u010dou \u2013 ginko sa stane dominantou V\u00e1\u0161ho interi\u00e9ru. Internetov\u00fd obchod ikuchyne! pon\u00faka odber Mentolov\u00fd zamatov\u00fd vank\u00fa\u0161ik so zlatou potla\u010dou \u2013 ginko u\u017e od 1 kusu.","robots":{"index":"index","follow":"follow","max-snippet":"max-snippet:-1","max-image-preview":"max-image-preview:large","max-video-preview":"max-video-preview:-1"},"canonical":"https:\/\/www.ikuchyne.sk\/eshop\/produkt\/zamatkissen-zlataene-blatter-mint\/","og_locale":"sk_SK","og_type":"article","og_title":"Mentolov\u00fd zamatov\u00fd vank\u00fa\u0161ik so zlatou potla\u010dou \u2013 ginko &#187; iKuchyne iSHOP s n\u00e1bytkom","og_description":"K\u00fapte si u n\u00e1s Mentolov\u00fd zamatov\u00fd vank\u00fa\u0161ik so zlatou potla\u010dou \u2013 ginko za akciov\u00fa cenu. R\u00fdchle dodanie tovaru, odborn\u00e9 poradenstvo a stovky produktov skladom. Mentolov\u00fd zamatov\u00fd vank\u00fa\u0161ik so zlatou potla\u010dou \u2013 ginko sa stane dominantou V\u00e1\u0161ho interi\u00e9ru. Internetov\u00fd obchod ikuchyne! pon\u00faka odber Mentolov\u00fd zamatov\u00fd vank\u00fa\u0161ik so zlatou potla\u010dou \u2013 ginko u\u017e od 1 kusu.","og_url":"https:\/\/www.ikuchyne.sk\/eshop\/produkt\/zamatkissen-zlataene-blatter-mint\/","og_site_name":"iKuchyne iSHOP s n\u00e1bytkom","article_publisher":"https:\/\/www.facebook.com\/ikuchyne\/","article_modified_time":"2022-01-28T11:36:45+00:00","og_image":[{"width":800,"height":533,"url":"https:\/\/www.ikuchyne.sk\/eshop\/wp-content\/uploads\/2019\/04\/zamatkissen-zlataene-Blatter-mint-39212.jpg","type":"image\/jpeg"}],"twitter_card":"summary_large_image","schema":{"@context":"https:\/\/schema.org","@graph":[{"@type":"WebPage","@id":"https:\/\/www.ikuchyne.sk\/eshop\/produkt\/zamatkissen-zlataene-blatter-mint\/","url":"https:\/\/www.ikuchyne.sk\/eshop\/produkt\/zamatkissen-zlataene-blatter-mint\/","name":"Mentolov\u00fd zamatov\u00fd vank\u00fa\u0161ik so zlatou potla\u010dou \u2013 ginko &#187; iKuchyne iSHOP s n\u00e1bytkom","isPartOf":{"@id":"https:\/\/www.ikuchyne.sk\/eshop\/#website"},"datePublished":"2019-04-17T05:51:01+00:00","dateModified":"2022-01-28T11:36:45+00:00","description":"K\u00fapte si u n\u00e1s Mentolov\u00fd zamatov\u00fd vank\u00fa\u0161ik so zlatou potla\u010dou \u2013 ginko za akciov\u00fa cenu. R\u00fdchle dodanie tovaru, odborn\u00e9 poradenstvo a stovky produktov skladom. Mentolov\u00fd zamatov\u00fd vank\u00fa\u0161ik so zlatou potla\u010dou \u2013 ginko sa stane dominantou V\u00e1\u0161ho interi\u00e9ru. Internetov\u00fd obchod ikuchyne! pon\u00faka odber Mentolov\u00fd zamatov\u00fd vank\u00fa\u0161ik so zlatou potla\u010dou \u2013 ginko u\u017e od 1 kusu.","breadcrumb":{"@id":"https:\/\/www.ikuchyne.sk\/eshop\/produkt\/zamatkissen-zlataene-blatter-mint\/#breadcrumb"},"inLanguage":"sk-SK","potentialAction":[{"@type":"ReadAction","target":["https:\/\/www.ikuchyne.sk\/eshop\/produkt\/zamatkissen-zlataene-blatter-mint\/"]}]},{"@type":"BreadcrumbList","@id":"https:\/\/www.ikuchyne.sk\/eshop\/produkt\/zamatkissen-zlataene-blatter-mint\/#breadcrumb","itemListElement":[{"@type":"ListItem","position":1,"name":"Home","item":"https:\/\/www.ikuchyne.sk\/eshop\/"},{"@type":"ListItem","position":2,"name":"Obchod","item":"https:\/\/www.ikuchyne.sk\/eshop\/obchod\/"},{"@type":"ListItem","position":3,"name":"Mentolov\u00fd zamatov\u00fd vank\u00fa\u0161ik so zlatou potla\u010dou \u2013 ginko"}]},{"@type":"WebSite","@id":"https:\/\/www.ikuchyne.sk\/eshop\/#website","url":"https:\/\/www.ikuchyne.sk\/eshop\/","name":"iKuchyne iSHOP s n\u00e1bytkom","description":"Jed\u00e1lensk\u00e9 stoly, stoli\u010dky, n\u00e1bytok, svietidl\u00e1...","publisher":{"@id":"https:\/\/www.ikuchyne.sk\/eshop\/#organization"},"potentialAction":[{"@type":"SearchAction","target":{"@type":"EntryPoint","urlTemplate":"https:\/\/www.ikuchyne.sk\/eshop\/?s={search_term_string}"},"query-input":"required name=search_term_string"}],"inLanguage":"sk-SK"},{"@type":"Organization","@id":"https:\/\/www.ikuchyne.sk\/eshop\/#organization","name":"ikuchyne!","url":"https:\/\/www.ikuchyne.sk\/eshop\/","logo":{"@type":"ImageObject","inLanguage":"sk-SK","@id":"https:\/\/www.ikuchyne.sk\/eshop\/#\/schema\/logo\/image\/","url":"https:\/\/www.ikuchyne.sk\/eshop\/wp-content\/uploads\/2017\/04\/ikuchyne-logo.jpg","contentUrl":"https:\/\/www.ikuchyne.sk\/eshop\/wp-content\/uploads\/2017\/04\/ikuchyne-logo.jpg","width":200,"height":48,"caption":"ikuchyne!"},"image":{"@id":"https:\/\/www.ikuchyne.sk\/eshop\/#\/schema\/logo\/image\/"},"sameAs":["https:\/\/www.facebook.com\/ikuchyne\/","https:\/\/www.instagram.com\/ikuchyne.sk\/","https:\/\/sk.pinterest.com\/ikuchynesk\/"]}]}},"_links":{"self":[{"href":"https:\/\/www.ikuchyne.sk\/eshop\/wp-json\/wp\/v2\/product\/86189"}],"collection":[{"href":"https:\/\/www.ikuchyne.sk\/eshop\/wp-json\/wp\/v2\/product"}],"about":[{"href":"https:\/\/www.ikuchyne.sk\/eshop\/wp-json\/wp\/v2\/types\/product"}],"replies":[{"embeddable":true,"href":"https:\/\/www.ikuchyne.sk\/eshop\/wp-json\/wp\/v2\/comments?post=86189"}],"wp:featuredmedia":[{"embeddable":true,"href":"https:\/\/www.ikuchyne.sk\/eshop\/wp-json\/wp\/v2\/media\/86190"}],"wp:attachment":[{"href":"https:\/\/www.ikuchyne.sk\/eshop\/wp-json\/wp\/v2\/media?parent=86189"}],"wp:term":[{"taxonomy":"product_cat","embeddable":true,"href":"https:\/\/www.ikuchyne.sk\/eshop\/wp-json\/wp\/v2\/product_cat?post=86189"},{"taxonomy":"product_tag","embeddable":true,"href":"https:\/\/www.ikuchyne.sk\/eshop\/wp-json\/wp\/v2\/product_tag?post=86189"}],"curies":[{"name":"wp","href":"https:\/\/api.w.org\/{rel}","templated":true}]}}