{"id":86873,"date":"2019-07-29T12:05:01","date_gmt":"2019-07-29T10:05:01","guid":{"rendered":"https:\/\/ikuchyne.sk\/eshop\/?post_type=product&#038;p=86873"},"modified":"2024-03-10T19:19:56","modified_gmt":"2024-03-10T18:19:56","slug":"jedalensky-stol-euphoria-barracuda-240cm","status":"publish","type":"product","link":"https:\/\/www.ikuchyne.sk\/eshop\/produkt\/jedalensky-stol-euphoria-barracuda-240cm\/","title":{"rendered":"Jed\u00e1lensk\u00fd st\u00f4l Euphoria Barracuda 240cm \u00bb"},"content":{"rendered":"<h1>Dreven\u00fd jed\u00e1lensk\u00fd st\u00f4l Euphoria Barracuda 100 x 240 cm<\/h1>\n<p><strong>V\u0161eobecn\u00fd opis stola:<br \/>\n<\/strong>Tento dreven\u00fd jed\u00e1lensk\u00fd st\u00f4l je skuto\u010dn\u00fd unik\u00e1t medzi n\u00e1bytkom. Je vyroben\u00fd z recyklovan\u00e9ho teakov\u00e9ho dreva, ktor\u00e9 je ve\u013emi tvrd\u00e9, no pru\u017en\u00e9. Teakov\u00e9 drevo sa z\u00edskava z\u00a0tropickej dreviny\u00a0<i>Tectona grandis<\/i>. Obsahuje ve\u013ea olejnat\u00fdch \u017eiv\u00edc, ktor\u00e9 zachov\u00e1vaj\u00fa jeho stabilitu a odolnos\u0165. Podno\u017e stola je tvoren\u00e1 pevn\u00fdm ly\u017einov\u00fdm podstavcom z kvalitnej chr\u00f3movanej ocele. Povrch jed\u00e1lensk\u00e9ho stola je tvoren\u00fd mas\u00edvnym teakov\u00fdm drevom. Medenohned\u00e1 farba m\u00f4\u017ee prech\u00e1dza\u0165 do striebornosivej farby. Ve\u013ek\u00fdm plus je, \u017ee recyklovan\u00e9 drevo \u0161etr\u00ed na\u0161e \u017eivotn\u00e9 prostredie.<\/p>\n<p><strong>Povrch stola:<br \/>\n<\/strong>Povrch jed\u00e1lensk\u00e9ho stola je tvoren\u00fd recyklovan\u00fdm teakov\u00fdm drevom, ktor\u00e9 je \u010diasto\u010dne zvetran\u00e9.<\/p>\n<p><strong>Podno\u017e stola:<br \/>\n<\/strong>Podno\u017e stola pozost\u00e1va z pevn\u00e9ho ly\u017einov\u00e9ho podstavca z kvalitnej ocele, ktor\u00e1 je pochr\u00f3movan\u00e1.<\/p>\n<p><strong>\u010eal\u0161ie inform\u00e1cie:<br \/>\n<\/strong>Vzh\u013eadom na pou\u017eit\u00e9 drevo, je ka\u017ed\u00fd st\u00f4l unik\u00e1t, tak\u017ee jednotliv\u00e9 kusy sa m\u00f4\u017eu od seba mierne l\u00ed\u0161i\u0165. Hrbole a trhliny s\u00fa \u017eiad\u00facim prvkom tejto s\u00e9rie.<br \/>\nSt\u00f4l o\u0161etrujeme vlhkou handrou a pr\u00edpravkami ur\u010den\u00fdmi na \u010distenie dreva. Dvakr\u00e1t ro\u010dne odpor\u00fa\u010dame st\u00f4l o\u0161etri\u0165 teakov\u00fdm olejom.<\/p>\n<p><b>Rozmery stola<\/b>:<br \/>\n\u0160\u00edrka stola: 100 cm<br \/>\nD\u013a\u017eka stola: 240 cm<br \/>\nV\u00fd\u0161ka stola: 75 cm<br \/>\n<strong>Hr\u00fabka dosky stola: <\/strong>35 mm<\/p>\n<p><b>Materi\u00e1l: <\/b>teakov\u00e9 drevo, oce\u013e<\/p>\n<p><b>Farba:<\/b>\u00a0pr\u00edrodn\u00e1, ly\u017einov\u00fd podstavec \u2013 chr\u00f3movan\u00e1 oce\u013e<\/p>\n","protected":false},"excerpt":{"rendered":"<p>Dreven\u00fd jed\u00e1lensk\u00fd st\u00f4l Euphoria Barracuda 100 x 240 cm V\u0161eobecn\u00fd opis stola: Tento dreven\u00fd jed\u00e1lensk\u00fd st\u00f4l je skuto\u010dn\u00fd unik\u00e1t medzi n\u00e1bytkom. Je vyroben\u00fd z recyklovan\u00e9ho teakov\u00e9ho dreva, ktor\u00e9 je ve\u013emi<\/p>\n","protected":false},"featured_media":86874,"comment_status":"open","ping_status":"closed","template":"","meta":[],"product_cat":[591,298,853,287],"product_tag":[261],"yoast_head":"<!-- This site is optimized with the Yoast SEO plugin v22.1 - https:\/\/yoast.com\/wordpress\/plugins\/seo\/ -->\n<title>Jed\u00e1lensk\u00fd st\u00f4l Euphoria Barracuda 240cm \u00bb &#187; iKuchyne iSHOP s n\u00e1bytkom<\/title>\n<meta name=\"description\" content=\"K\u00fapte si u n\u00e1s Jed\u00e1lensk\u00fd st\u00f4l Euphoria Barracuda 240cm \u00bb za akciov\u00fa cenu. R\u00fdchle dodanie tovaru, odborn\u00e9 poradenstvo a stovky produktov skladom. Jed\u00e1lensk\u00fd st\u00f4l Euphoria Barracuda 240cm \u00bb sa stane dominantou V\u00e1\u0161ho interi\u00e9ru. Internetov\u00fd obchod ikuchyne! pon\u00faka odber Jed\u00e1lensk\u00fd st\u00f4l Euphoria Barracuda 240cm \u00bb u\u017e od 1 kusu.\" \/>\n<meta name=\"robots\" content=\"index, follow, max-snippet:-1, max-image-preview:large, max-video-preview:-1\" \/>\n<link rel=\"canonical\" href=\"https:\/\/www.ikuchyne.sk\/eshop\/produkt\/jedalensky-stol-euphoria-barracuda-240cm\/\" \/>\n<meta property=\"og:locale\" content=\"sk_SK\" \/>\n<meta property=\"og:type\" content=\"article\" \/>\n<meta property=\"og:title\" content=\"Jed\u00e1lensk\u00fd st\u00f4l Euphoria Barracuda 240cm \u00bb &#187; iKuchyne iSHOP s n\u00e1bytkom\" \/>\n<meta property=\"og:description\" content=\"K\u00fapte si u n\u00e1s Jed\u00e1lensk\u00fd st\u00f4l Euphoria Barracuda 240cm \u00bb za akciov\u00fa cenu. R\u00fdchle dodanie tovaru, odborn\u00e9 poradenstvo a stovky produktov skladom. Jed\u00e1lensk\u00fd st\u00f4l Euphoria Barracuda 240cm \u00bb sa stane dominantou V\u00e1\u0161ho interi\u00e9ru. Internetov\u00fd obchod ikuchyne! pon\u00faka odber Jed\u00e1lensk\u00fd st\u00f4l Euphoria Barracuda 240cm \u00bb u\u017e od 1 kusu.\" \/>\n<meta property=\"og:url\" content=\"https:\/\/www.ikuchyne.sk\/eshop\/produkt\/jedalensky-stol-euphoria-barracuda-240cm\/\" \/>\n<meta property=\"og:site_name\" content=\"iKuchyne iSHOP s n\u00e1bytkom\" \/>\n<meta property=\"article:publisher\" content=\"https:\/\/www.facebook.com\/ikuchyne\/\" \/>\n<meta property=\"article:modified_time\" content=\"2024-03-10T18:19:56+00:00\" \/>\n<meta property=\"og:image\" content=\"https:\/\/www.ikuchyne.sk\/eshop\/wp-content\/uploads\/2019\/05\/Jedalensky-stol-Euphoria-Barracuda-240cm-35099.jpg\" \/>\n\t<meta property=\"og:image:width\" content=\"800\" \/>\n\t<meta property=\"og:image:height\" content=\"533\" \/>\n\t<meta property=\"og:image:type\" content=\"image\/jpeg\" \/>\n<meta name=\"twitter:card\" content=\"summary_large_image\" \/>\n<meta name=\"twitter:label1\" content=\"Predpokladan\u00fd \u010das \u010d\u00edtania\" \/>\n\t<meta name=\"twitter:data1\" content=\"1 min\u00fata\" \/>\n<script type=\"application\/ld+json\" class=\"yoast-schema-graph\">{\"@context\":\"https:\/\/schema.org\",\"@graph\":[{\"@type\":\"WebPage\",\"@id\":\"https:\/\/www.ikuchyne.sk\/eshop\/produkt\/jedalensky-stol-euphoria-barracuda-240cm\/\",\"url\":\"https:\/\/www.ikuchyne.sk\/eshop\/produkt\/jedalensky-stol-euphoria-barracuda-240cm\/\",\"name\":\"Jed\u00e1lensk\u00fd st\u00f4l Euphoria Barracuda 240cm \u00bb &#187; iKuchyne iSHOP s n\u00e1bytkom\",\"isPartOf\":{\"@id\":\"https:\/\/www.ikuchyne.sk\/eshop\/#website\"},\"datePublished\":\"2019-07-29T10:05:01+00:00\",\"dateModified\":\"2024-03-10T18:19:56+00:00\",\"description\":\"K\u00fapte si u n\u00e1s Jed\u00e1lensk\u00fd st\u00f4l Euphoria Barracuda 240cm \u00bb za akciov\u00fa cenu. R\u00fdchle dodanie tovaru, odborn\u00e9 poradenstvo a stovky produktov skladom. Jed\u00e1lensk\u00fd st\u00f4l Euphoria Barracuda 240cm \u00bb sa stane dominantou V\u00e1\u0161ho interi\u00e9ru. Internetov\u00fd obchod ikuchyne! pon\u00faka odber Jed\u00e1lensk\u00fd st\u00f4l Euphoria Barracuda 240cm \u00bb u\u017e od 1 kusu.\",\"breadcrumb\":{\"@id\":\"https:\/\/www.ikuchyne.sk\/eshop\/produkt\/jedalensky-stol-euphoria-barracuda-240cm\/#breadcrumb\"},\"inLanguage\":\"sk-SK\",\"potentialAction\":[{\"@type\":\"ReadAction\",\"target\":[\"https:\/\/www.ikuchyne.sk\/eshop\/produkt\/jedalensky-stol-euphoria-barracuda-240cm\/\"]}]},{\"@type\":\"BreadcrumbList\",\"@id\":\"https:\/\/www.ikuchyne.sk\/eshop\/produkt\/jedalensky-stol-euphoria-barracuda-240cm\/#breadcrumb\",\"itemListElement\":[{\"@type\":\"ListItem\",\"position\":1,\"name\":\"Home\",\"item\":\"https:\/\/www.ikuchyne.sk\/eshop\/\"},{\"@type\":\"ListItem\",\"position\":2,\"name\":\"Obchod\",\"item\":\"https:\/\/www.ikuchyne.sk\/eshop\/obchod\/\"},{\"@type\":\"ListItem\",\"position\":3,\"name\":\"Jed\u00e1lensk\u00fd st\u00f4l Euphoria Barracuda 240cm \u00bb\"}]},{\"@type\":\"WebSite\",\"@id\":\"https:\/\/www.ikuchyne.sk\/eshop\/#website\",\"url\":\"https:\/\/www.ikuchyne.sk\/eshop\/\",\"name\":\"iKuchyne iSHOP s n\u00e1bytkom\",\"description\":\"Jed\u00e1lensk\u00e9 stoly, stoli\u010dky, n\u00e1bytok, svietidl\u00e1...\",\"publisher\":{\"@id\":\"https:\/\/www.ikuchyne.sk\/eshop\/#organization\"},\"potentialAction\":[{\"@type\":\"SearchAction\",\"target\":{\"@type\":\"EntryPoint\",\"urlTemplate\":\"https:\/\/www.ikuchyne.sk\/eshop\/?s={search_term_string}\"},\"query-input\":\"required name=search_term_string\"}],\"inLanguage\":\"sk-SK\"},{\"@type\":\"Organization\",\"@id\":\"https:\/\/www.ikuchyne.sk\/eshop\/#organization\",\"name\":\"ikuchyne!\",\"url\":\"https:\/\/www.ikuchyne.sk\/eshop\/\",\"logo\":{\"@type\":\"ImageObject\",\"inLanguage\":\"sk-SK\",\"@id\":\"https:\/\/www.ikuchyne.sk\/eshop\/#\/schema\/logo\/image\/\",\"url\":\"https:\/\/www.ikuchyne.sk\/eshop\/wp-content\/uploads\/2017\/04\/ikuchyne-logo.jpg\",\"contentUrl\":\"https:\/\/www.ikuchyne.sk\/eshop\/wp-content\/uploads\/2017\/04\/ikuchyne-logo.jpg\",\"width\":200,\"height\":48,\"caption\":\"ikuchyne!\"},\"image\":{\"@id\":\"https:\/\/www.ikuchyne.sk\/eshop\/#\/schema\/logo\/image\/\"},\"sameAs\":[\"https:\/\/www.facebook.com\/ikuchyne\/\",\"https:\/\/www.instagram.com\/ikuchyne.sk\/\",\"https:\/\/sk.pinterest.com\/ikuchynesk\/\"]}]}<\/script>\n<!-- \/ Yoast SEO plugin. -->","yoast_head_json":{"title":"Jed\u00e1lensk\u00fd st\u00f4l Euphoria Barracuda 240cm \u00bb &#187; iKuchyne iSHOP s n\u00e1bytkom","description":"K\u00fapte si u n\u00e1s Jed\u00e1lensk\u00fd st\u00f4l Euphoria Barracuda 240cm \u00bb za akciov\u00fa cenu. R\u00fdchle dodanie tovaru, odborn\u00e9 poradenstvo a stovky produktov skladom. Jed\u00e1lensk\u00fd st\u00f4l Euphoria Barracuda 240cm \u00bb sa stane dominantou V\u00e1\u0161ho interi\u00e9ru. Internetov\u00fd obchod ikuchyne! pon\u00faka odber Jed\u00e1lensk\u00fd st\u00f4l Euphoria Barracuda 240cm \u00bb u\u017e od 1 kusu.","robots":{"index":"index","follow":"follow","max-snippet":"max-snippet:-1","max-image-preview":"max-image-preview:large","max-video-preview":"max-video-preview:-1"},"canonical":"https:\/\/www.ikuchyne.sk\/eshop\/produkt\/jedalensky-stol-euphoria-barracuda-240cm\/","og_locale":"sk_SK","og_type":"article","og_title":"Jed\u00e1lensk\u00fd st\u00f4l Euphoria Barracuda 240cm \u00bb &#187; iKuchyne iSHOP s n\u00e1bytkom","og_description":"K\u00fapte si u n\u00e1s Jed\u00e1lensk\u00fd st\u00f4l Euphoria Barracuda 240cm \u00bb za akciov\u00fa cenu. R\u00fdchle dodanie tovaru, odborn\u00e9 poradenstvo a stovky produktov skladom. Jed\u00e1lensk\u00fd st\u00f4l Euphoria Barracuda 240cm \u00bb sa stane dominantou V\u00e1\u0161ho interi\u00e9ru. Internetov\u00fd obchod ikuchyne! pon\u00faka odber Jed\u00e1lensk\u00fd st\u00f4l Euphoria Barracuda 240cm \u00bb u\u017e od 1 kusu.","og_url":"https:\/\/www.ikuchyne.sk\/eshop\/produkt\/jedalensky-stol-euphoria-barracuda-240cm\/","og_site_name":"iKuchyne iSHOP s n\u00e1bytkom","article_publisher":"https:\/\/www.facebook.com\/ikuchyne\/","article_modified_time":"2024-03-10T18:19:56+00:00","og_image":[{"width":800,"height":533,"url":"https:\/\/www.ikuchyne.sk\/eshop\/wp-content\/uploads\/2019\/05\/Jedalensky-stol-Euphoria-Barracuda-240cm-35099.jpg","type":"image\/jpeg"}],"twitter_card":"summary_large_image","twitter_misc":{"Predpokladan\u00fd \u010das \u010d\u00edtania":"1 min\u00fata"},"schema":{"@context":"https:\/\/schema.org","@graph":[{"@type":"WebPage","@id":"https:\/\/www.ikuchyne.sk\/eshop\/produkt\/jedalensky-stol-euphoria-barracuda-240cm\/","url":"https:\/\/www.ikuchyne.sk\/eshop\/produkt\/jedalensky-stol-euphoria-barracuda-240cm\/","name":"Jed\u00e1lensk\u00fd st\u00f4l Euphoria Barracuda 240cm \u00bb &#187; iKuchyne iSHOP s n\u00e1bytkom","isPartOf":{"@id":"https:\/\/www.ikuchyne.sk\/eshop\/#website"},"datePublished":"2019-07-29T10:05:01+00:00","dateModified":"2024-03-10T18:19:56+00:00","description":"K\u00fapte si u n\u00e1s Jed\u00e1lensk\u00fd st\u00f4l Euphoria Barracuda 240cm \u00bb za akciov\u00fa cenu. R\u00fdchle dodanie tovaru, odborn\u00e9 poradenstvo a stovky produktov skladom. Jed\u00e1lensk\u00fd st\u00f4l Euphoria Barracuda 240cm \u00bb sa stane dominantou V\u00e1\u0161ho interi\u00e9ru. Internetov\u00fd obchod ikuchyne! pon\u00faka odber Jed\u00e1lensk\u00fd st\u00f4l Euphoria Barracuda 240cm \u00bb u\u017e od 1 kusu.","breadcrumb":{"@id":"https:\/\/www.ikuchyne.sk\/eshop\/produkt\/jedalensky-stol-euphoria-barracuda-240cm\/#breadcrumb"},"inLanguage":"sk-SK","potentialAction":[{"@type":"ReadAction","target":["https:\/\/www.ikuchyne.sk\/eshop\/produkt\/jedalensky-stol-euphoria-barracuda-240cm\/"]}]},{"@type":"BreadcrumbList","@id":"https:\/\/www.ikuchyne.sk\/eshop\/produkt\/jedalensky-stol-euphoria-barracuda-240cm\/#breadcrumb","itemListElement":[{"@type":"ListItem","position":1,"name":"Home","item":"https:\/\/www.ikuchyne.sk\/eshop\/"},{"@type":"ListItem","position":2,"name":"Obchod","item":"https:\/\/www.ikuchyne.sk\/eshop\/obchod\/"},{"@type":"ListItem","position":3,"name":"Jed\u00e1lensk\u00fd st\u00f4l Euphoria Barracuda 240cm \u00bb"}]},{"@type":"WebSite","@id":"https:\/\/www.ikuchyne.sk\/eshop\/#website","url":"https:\/\/www.ikuchyne.sk\/eshop\/","name":"iKuchyne iSHOP s n\u00e1bytkom","description":"Jed\u00e1lensk\u00e9 stoly, stoli\u010dky, n\u00e1bytok, svietidl\u00e1...","publisher":{"@id":"https:\/\/www.ikuchyne.sk\/eshop\/#organization"},"potentialAction":[{"@type":"SearchAction","target":{"@type":"EntryPoint","urlTemplate":"https:\/\/www.ikuchyne.sk\/eshop\/?s={search_term_string}"},"query-input":"required name=search_term_string"}],"inLanguage":"sk-SK"},{"@type":"Organization","@id":"https:\/\/www.ikuchyne.sk\/eshop\/#organization","name":"ikuchyne!","url":"https:\/\/www.ikuchyne.sk\/eshop\/","logo":{"@type":"ImageObject","inLanguage":"sk-SK","@id":"https:\/\/www.ikuchyne.sk\/eshop\/#\/schema\/logo\/image\/","url":"https:\/\/www.ikuchyne.sk\/eshop\/wp-content\/uploads\/2017\/04\/ikuchyne-logo.jpg","contentUrl":"https:\/\/www.ikuchyne.sk\/eshop\/wp-content\/uploads\/2017\/04\/ikuchyne-logo.jpg","width":200,"height":48,"caption":"ikuchyne!"},"image":{"@id":"https:\/\/www.ikuchyne.sk\/eshop\/#\/schema\/logo\/image\/"},"sameAs":["https:\/\/www.facebook.com\/ikuchyne\/","https:\/\/www.instagram.com\/ikuchyne.sk\/","https:\/\/sk.pinterest.com\/ikuchynesk\/"]}]}},"_links":{"self":[{"href":"https:\/\/www.ikuchyne.sk\/eshop\/wp-json\/wp\/v2\/product\/86873"}],"collection":[{"href":"https:\/\/www.ikuchyne.sk\/eshop\/wp-json\/wp\/v2\/product"}],"about":[{"href":"https:\/\/www.ikuchyne.sk\/eshop\/wp-json\/wp\/v2\/types\/product"}],"replies":[{"embeddable":true,"href":"https:\/\/www.ikuchyne.sk\/eshop\/wp-json\/wp\/v2\/comments?post=86873"}],"wp:featuredmedia":[{"embeddable":true,"href":"https:\/\/www.ikuchyne.sk\/eshop\/wp-json\/wp\/v2\/media\/86874"}],"wp:attachment":[{"href":"https:\/\/www.ikuchyne.sk\/eshop\/wp-json\/wp\/v2\/media?parent=86873"}],"wp:term":[{"taxonomy":"product_cat","embeddable":true,"href":"https:\/\/www.ikuchyne.sk\/eshop\/wp-json\/wp\/v2\/product_cat?post=86873"},{"taxonomy":"product_tag","embeddable":true,"href":"https:\/\/www.ikuchyne.sk\/eshop\/wp-json\/wp\/v2\/product_tag?post=86873"}],"curies":[{"name":"wp","href":"https:\/\/api.w.org\/{rel}","templated":true}]}}