{"id":87055,"date":"2019-07-29T15:00:53","date_gmt":"2019-07-29T13:00:53","guid":{"rendered":"https:\/\/ikuchyne.sk\/eshop\/?post_type=product&#038;p=87055"},"modified":"2024-02-21T07:56:03","modified_gmt":"2024-02-21T06:56:03","slug":"skleneny-konferencny-stolik-ocean-85cm","status":"publish","type":"product","link":"https:\/\/www.ikuchyne.sk\/eshop\/produkt\/skleneny-konferencny-stolik-ocean-85cm\/","title":{"rendered":"Sklenen\u00e1 doska na konferen\u010dn\u00fd stol\u00edk Ocean 85cm \u00bb"},"content":{"rendered":"<h1>Sklenen\u00e1 doska na konferen\u010dn\u00fd stol\u00edk Ocean 85cm<\/h1>\n<p><b>V\u0161eobecn\u00fd opis sklenenej dosky:<br \/>\n<\/b>Sklenen\u00e1 doska o ve\u013ekosti takmer 1m \u0161tvorcov\u00fd je produkt pre konferen\u010dn\u00fd stol\u00edk Ocean. Sklenen\u00fd pl\u00e1t s dan\u00fdm konferen\u010dn\u00fdm stol\u00edkom dod\u00e1 v\u00e1\u0161mu interi\u00e9ru zauj\u00edmav\u00fd \u0161mernc a pocit akoby ste boli st\u00e1le na dovolenke. Podno\u017e konferen\u010dn\u00e9ho stol\u00edka v tvare lodnej vrtule si m\u00f4\u017eete taktie\u017e zak\u00fapi\u0165 na na\u0161om eshope &#8211; v <a href=\"https:\/\/ikuchyne.sk\/eshop\/produkt\/strieborna-podnoz-ku-konferencnemu-stoliku-ocean-85cm\/\" class=\"broken_link\">striebornej<\/a>, alebobo <a href=\"https:\/\/ikuchyne.sk\/eshop\/produkt\/medena-podnoz-ku-konferencnemu-stoliku-ocean-85cm\/\" class=\"broken_link\">medenej<\/a> farbe.<\/p>\n<p><b>\u010eal\u0161ie inform\u00e1cie:<br \/>\n<\/b>Sklenen\u00fa dosku je mo\u017en\u00e9 um\u00fdva\u0165 prostriedkom na zrkadl\u00e1\/okn\u00e1, aby sa zachoval jej lesk a neostali na stole \u010dmuhy.<\/p>\n<p><b>Rozmery sklenenej dosky:<\/b><br \/>\n\u0160\u00edrka: 85 cm<br \/>\nV\u00fd\u0161ka: 0,8 cm<br \/>\nH\u013abka: 85 cm<\/p>\n<p><b>Materi\u00e1l:<\/b> tvrden\u00e9 sklo<br \/>\n<b>Farba:<\/b> \u010d\u00edra<\/p>\n","protected":false},"excerpt":{"rendered":"<p>Sklenen\u00e1 doska na konferen\u010dn\u00fd stol\u00edk Ocean 85cm V\u0161eobecn\u00fd opis sklenenej dosky: Sklenen\u00e1 doska o ve\u013ekosti takmer 1m \u0161tvorcov\u00fd je produkt pre konferen\u010dn\u00fd stol\u00edk Ocean. Sklenen\u00fd pl\u00e1t s dan\u00fdm konferen\u010dn\u00fdm stol\u00edkom<\/p>\n","protected":false},"featured_media":87056,"comment_status":"open","ping_status":"closed","template":"","meta":[],"product_cat":[842,304,839,772,835,287],"product_tag":[],"yoast_head":"<!-- This site is optimized with the Yoast SEO plugin v22.1 - https:\/\/yoast.com\/wordpress\/plugins\/seo\/ -->\n<title>Sklenen\u00e1 doska na konferen\u010dn\u00fd stol\u00edk Ocean 85cm \u00bb &#187; iKuchyne iSHOP s n\u00e1bytkom<\/title>\n<meta name=\"description\" content=\"K\u00fapte si u n\u00e1s Sklenen\u00e1 doska na konferen\u010dn\u00fd stol\u00edk Ocean 85cm \u00bb za akciov\u00fa cenu. R\u00fdchle dodanie tovaru, odborn\u00e9 poradenstvo a stovky produktov skladom. Sklenen\u00e1 doska na konferen\u010dn\u00fd stol\u00edk Ocean 85cm \u00bb sa stane dominantou V\u00e1\u0161ho interi\u00e9ru. Internetov\u00fd obchod ikuchyne! pon\u00faka odber Sklenen\u00e1 doska na konferen\u010dn\u00fd stol\u00edk Ocean 85cm \u00bb u\u017e od 1 kusu.\" \/>\n<meta name=\"robots\" content=\"index, follow, max-snippet:-1, max-image-preview:large, max-video-preview:-1\" \/>\n<link rel=\"canonical\" href=\"https:\/\/www.ikuchyne.sk\/eshop\/?post_type=product&p=87055\" \/>\n<meta property=\"og:locale\" content=\"sk_SK\" \/>\n<meta property=\"og:type\" content=\"article\" \/>\n<meta property=\"og:title\" content=\"Sklenen\u00e1 doska na konferen\u010dn\u00fd stol\u00edk Ocean 85cm \u00bb &#187; iKuchyne iSHOP s n\u00e1bytkom\" \/>\n<meta property=\"og:description\" content=\"K\u00fapte si u n\u00e1s Sklenen\u00e1 doska na konferen\u010dn\u00fd stol\u00edk Ocean 85cm \u00bb za akciov\u00fa cenu. R\u00fdchle dodanie tovaru, odborn\u00e9 poradenstvo a stovky produktov skladom. Sklenen\u00e1 doska na konferen\u010dn\u00fd stol\u00edk Ocean 85cm \u00bb sa stane dominantou V\u00e1\u0161ho interi\u00e9ru. Internetov\u00fd obchod ikuchyne! pon\u00faka odber Sklenen\u00e1 doska na konferen\u010dn\u00fd stol\u00edk Ocean 85cm \u00bb u\u017e od 1 kusu.\" \/>\n<meta property=\"og:url\" content=\"https:\/\/www.ikuchyne.sk\/eshop\/?post_type=product&amp;p=87055\" \/>\n<meta property=\"og:site_name\" content=\"iKuchyne iSHOP s n\u00e1bytkom\" \/>\n<meta property=\"article:publisher\" content=\"https:\/\/www.facebook.com\/ikuchyne\/\" \/>\n<meta property=\"article:modified_time\" content=\"2024-02-21T06:56:03+00:00\" \/>\n<meta property=\"og:image\" content=\"https:\/\/www.ikuchyne.sk\/eshop\/wp-content\/uploads\/2019\/05\/sklo-Konferencny-stolik-Ocean-85cm-36469G-36469G.jpg\" \/>\n\t<meta property=\"og:image:width\" content=\"800\" \/>\n\t<meta property=\"og:image:height\" content=\"533\" \/>\n\t<meta property=\"og:image:type\" content=\"image\/jpeg\" \/>\n<meta name=\"twitter:card\" content=\"summary_large_image\" \/>\n<meta name=\"twitter:label1\" content=\"Predpokladan\u00fd \u010das \u010d\u00edtania\" \/>\n\t<meta name=\"twitter:data1\" content=\"1 min\u00fata\" \/>\n<script type=\"application\/ld+json\" class=\"yoast-schema-graph\">{\"@context\":\"https:\/\/schema.org\",\"@graph\":[{\"@type\":\"WebPage\",\"@id\":\"https:\/\/www.ikuchyne.sk\/eshop\/?post_type=product&p=87055\",\"url\":\"https:\/\/www.ikuchyne.sk\/eshop\/?post_type=product&p=87055\",\"name\":\"Sklenen\u00e1 doska na konferen\u010dn\u00fd stol\u00edk Ocean 85cm \u00bb &#187; iKuchyne iSHOP s n\u00e1bytkom\",\"isPartOf\":{\"@id\":\"https:\/\/www.ikuchyne.sk\/eshop\/#website\"},\"datePublished\":\"2019-07-29T13:00:53+00:00\",\"dateModified\":\"2024-02-21T06:56:03+00:00\",\"description\":\"K\u00fapte si u n\u00e1s Sklenen\u00e1 doska na konferen\u010dn\u00fd stol\u00edk Ocean 85cm \u00bb za akciov\u00fa cenu. R\u00fdchle dodanie tovaru, odborn\u00e9 poradenstvo a stovky produktov skladom. Sklenen\u00e1 doska na konferen\u010dn\u00fd stol\u00edk Ocean 85cm \u00bb sa stane dominantou V\u00e1\u0161ho interi\u00e9ru. Internetov\u00fd obchod ikuchyne! pon\u00faka odber Sklenen\u00e1 doska na konferen\u010dn\u00fd stol\u00edk Ocean 85cm \u00bb u\u017e od 1 kusu.\",\"breadcrumb\":{\"@id\":\"https:\/\/www.ikuchyne.sk\/eshop\/?post_type=product&p=87055#breadcrumb\"},\"inLanguage\":\"sk-SK\",\"potentialAction\":[{\"@type\":\"ReadAction\",\"target\":[\"https:\/\/www.ikuchyne.sk\/eshop\/?post_type=product&p=87055\"]}]},{\"@type\":\"BreadcrumbList\",\"@id\":\"https:\/\/www.ikuchyne.sk\/eshop\/?post_type=product&p=87055#breadcrumb\",\"itemListElement\":[{\"@type\":\"ListItem\",\"position\":1,\"name\":\"Home\",\"item\":\"https:\/\/www.ikuchyne.sk\/eshop\/\"},{\"@type\":\"ListItem\",\"position\":2,\"name\":\"Obchod\",\"item\":\"https:\/\/www.ikuchyne.sk\/eshop\/obchod\/\"},{\"@type\":\"ListItem\",\"position\":3,\"name\":\"Sklenen\u00e1 doska na konferen\u010dn\u00fd stol\u00edk Ocean 85cm \u00bb\"}]},{\"@type\":\"WebSite\",\"@id\":\"https:\/\/www.ikuchyne.sk\/eshop\/#website\",\"url\":\"https:\/\/www.ikuchyne.sk\/eshop\/\",\"name\":\"iKuchyne iSHOP s n\u00e1bytkom\",\"description\":\"Jed\u00e1lensk\u00e9 stoly, stoli\u010dky, n\u00e1bytok, svietidl\u00e1...\",\"publisher\":{\"@id\":\"https:\/\/www.ikuchyne.sk\/eshop\/#organization\"},\"potentialAction\":[{\"@type\":\"SearchAction\",\"target\":{\"@type\":\"EntryPoint\",\"urlTemplate\":\"https:\/\/www.ikuchyne.sk\/eshop\/?s={search_term_string}\"},\"query-input\":\"required name=search_term_string\"}],\"inLanguage\":\"sk-SK\"},{\"@type\":\"Organization\",\"@id\":\"https:\/\/www.ikuchyne.sk\/eshop\/#organization\",\"name\":\"ikuchyne!\",\"url\":\"https:\/\/www.ikuchyne.sk\/eshop\/\",\"logo\":{\"@type\":\"ImageObject\",\"inLanguage\":\"sk-SK\",\"@id\":\"https:\/\/www.ikuchyne.sk\/eshop\/#\/schema\/logo\/image\/\",\"url\":\"https:\/\/www.ikuchyne.sk\/eshop\/wp-content\/uploads\/2017\/04\/ikuchyne-logo.jpg\",\"contentUrl\":\"https:\/\/www.ikuchyne.sk\/eshop\/wp-content\/uploads\/2017\/04\/ikuchyne-logo.jpg\",\"width\":200,\"height\":48,\"caption\":\"ikuchyne!\"},\"image\":{\"@id\":\"https:\/\/www.ikuchyne.sk\/eshop\/#\/schema\/logo\/image\/\"},\"sameAs\":[\"https:\/\/www.facebook.com\/ikuchyne\/\",\"https:\/\/www.instagram.com\/ikuchyne.sk\/\",\"https:\/\/sk.pinterest.com\/ikuchynesk\/\"]}]}<\/script>\n<!-- \/ Yoast SEO plugin. -->","yoast_head_json":{"title":"Sklenen\u00e1 doska na konferen\u010dn\u00fd stol\u00edk Ocean 85cm \u00bb &#187; iKuchyne iSHOP s n\u00e1bytkom","description":"K\u00fapte si u n\u00e1s Sklenen\u00e1 doska na konferen\u010dn\u00fd stol\u00edk Ocean 85cm \u00bb za akciov\u00fa cenu. R\u00fdchle dodanie tovaru, odborn\u00e9 poradenstvo a stovky produktov skladom. Sklenen\u00e1 doska na konferen\u010dn\u00fd stol\u00edk Ocean 85cm \u00bb sa stane dominantou V\u00e1\u0161ho interi\u00e9ru. Internetov\u00fd obchod ikuchyne! pon\u00faka odber Sklenen\u00e1 doska na konferen\u010dn\u00fd stol\u00edk Ocean 85cm \u00bb u\u017e od 1 kusu.","robots":{"index":"index","follow":"follow","max-snippet":"max-snippet:-1","max-image-preview":"max-image-preview:large","max-video-preview":"max-video-preview:-1"},"canonical":"https:\/\/www.ikuchyne.sk\/eshop\/?post_type=product&p=87055","og_locale":"sk_SK","og_type":"article","og_title":"Sklenen\u00e1 doska na konferen\u010dn\u00fd stol\u00edk Ocean 85cm \u00bb &#187; iKuchyne iSHOP s n\u00e1bytkom","og_description":"K\u00fapte si u n\u00e1s Sklenen\u00e1 doska na konferen\u010dn\u00fd stol\u00edk Ocean 85cm \u00bb za akciov\u00fa cenu. R\u00fdchle dodanie tovaru, odborn\u00e9 poradenstvo a stovky produktov skladom. Sklenen\u00e1 doska na konferen\u010dn\u00fd stol\u00edk Ocean 85cm \u00bb sa stane dominantou V\u00e1\u0161ho interi\u00e9ru. Internetov\u00fd obchod ikuchyne! pon\u00faka odber Sklenen\u00e1 doska na konferen\u010dn\u00fd stol\u00edk Ocean 85cm \u00bb u\u017e od 1 kusu.","og_url":"https:\/\/www.ikuchyne.sk\/eshop\/?post_type=product&p=87055","og_site_name":"iKuchyne iSHOP s n\u00e1bytkom","article_publisher":"https:\/\/www.facebook.com\/ikuchyne\/","article_modified_time":"2024-02-21T06:56:03+00:00","og_image":[{"width":800,"height":533,"url":"https:\/\/www.ikuchyne.sk\/eshop\/wp-content\/uploads\/2019\/05\/sklo-Konferencny-stolik-Ocean-85cm-36469G-36469G.jpg","type":"image\/jpeg"}],"twitter_card":"summary_large_image","twitter_misc":{"Predpokladan\u00fd \u010das \u010d\u00edtania":"1 min\u00fata"},"schema":{"@context":"https:\/\/schema.org","@graph":[{"@type":"WebPage","@id":"https:\/\/www.ikuchyne.sk\/eshop\/?post_type=product&p=87055","url":"https:\/\/www.ikuchyne.sk\/eshop\/?post_type=product&p=87055","name":"Sklenen\u00e1 doska na konferen\u010dn\u00fd stol\u00edk Ocean 85cm \u00bb &#187; iKuchyne iSHOP s n\u00e1bytkom","isPartOf":{"@id":"https:\/\/www.ikuchyne.sk\/eshop\/#website"},"datePublished":"2019-07-29T13:00:53+00:00","dateModified":"2024-02-21T06:56:03+00:00","description":"K\u00fapte si u n\u00e1s Sklenen\u00e1 doska na konferen\u010dn\u00fd stol\u00edk Ocean 85cm \u00bb za akciov\u00fa cenu. R\u00fdchle dodanie tovaru, odborn\u00e9 poradenstvo a stovky produktov skladom. Sklenen\u00e1 doska na konferen\u010dn\u00fd stol\u00edk Ocean 85cm \u00bb sa stane dominantou V\u00e1\u0161ho interi\u00e9ru. Internetov\u00fd obchod ikuchyne! pon\u00faka odber Sklenen\u00e1 doska na konferen\u010dn\u00fd stol\u00edk Ocean 85cm \u00bb u\u017e od 1 kusu.","breadcrumb":{"@id":"https:\/\/www.ikuchyne.sk\/eshop\/?post_type=product&p=87055#breadcrumb"},"inLanguage":"sk-SK","potentialAction":[{"@type":"ReadAction","target":["https:\/\/www.ikuchyne.sk\/eshop\/?post_type=product&p=87055"]}]},{"@type":"BreadcrumbList","@id":"https:\/\/www.ikuchyne.sk\/eshop\/?post_type=product&p=87055#breadcrumb","itemListElement":[{"@type":"ListItem","position":1,"name":"Home","item":"https:\/\/www.ikuchyne.sk\/eshop\/"},{"@type":"ListItem","position":2,"name":"Obchod","item":"https:\/\/www.ikuchyne.sk\/eshop\/obchod\/"},{"@type":"ListItem","position":3,"name":"Sklenen\u00e1 doska na konferen\u010dn\u00fd stol\u00edk Ocean 85cm \u00bb"}]},{"@type":"WebSite","@id":"https:\/\/www.ikuchyne.sk\/eshop\/#website","url":"https:\/\/www.ikuchyne.sk\/eshop\/","name":"iKuchyne iSHOP s n\u00e1bytkom","description":"Jed\u00e1lensk\u00e9 stoly, stoli\u010dky, n\u00e1bytok, svietidl\u00e1...","publisher":{"@id":"https:\/\/www.ikuchyne.sk\/eshop\/#organization"},"potentialAction":[{"@type":"SearchAction","target":{"@type":"EntryPoint","urlTemplate":"https:\/\/www.ikuchyne.sk\/eshop\/?s={search_term_string}"},"query-input":"required name=search_term_string"}],"inLanguage":"sk-SK"},{"@type":"Organization","@id":"https:\/\/www.ikuchyne.sk\/eshop\/#organization","name":"ikuchyne!","url":"https:\/\/www.ikuchyne.sk\/eshop\/","logo":{"@type":"ImageObject","inLanguage":"sk-SK","@id":"https:\/\/www.ikuchyne.sk\/eshop\/#\/schema\/logo\/image\/","url":"https:\/\/www.ikuchyne.sk\/eshop\/wp-content\/uploads\/2017\/04\/ikuchyne-logo.jpg","contentUrl":"https:\/\/www.ikuchyne.sk\/eshop\/wp-content\/uploads\/2017\/04\/ikuchyne-logo.jpg","width":200,"height":48,"caption":"ikuchyne!"},"image":{"@id":"https:\/\/www.ikuchyne.sk\/eshop\/#\/schema\/logo\/image\/"},"sameAs":["https:\/\/www.facebook.com\/ikuchyne\/","https:\/\/www.instagram.com\/ikuchyne.sk\/","https:\/\/sk.pinterest.com\/ikuchynesk\/"]}]}},"_links":{"self":[{"href":"https:\/\/www.ikuchyne.sk\/eshop\/wp-json\/wp\/v2\/product\/87055"}],"collection":[{"href":"https:\/\/www.ikuchyne.sk\/eshop\/wp-json\/wp\/v2\/product"}],"about":[{"href":"https:\/\/www.ikuchyne.sk\/eshop\/wp-json\/wp\/v2\/types\/product"}],"replies":[{"embeddable":true,"href":"https:\/\/www.ikuchyne.sk\/eshop\/wp-json\/wp\/v2\/comments?post=87055"}],"wp:featuredmedia":[{"embeddable":true,"href":"https:\/\/www.ikuchyne.sk\/eshop\/wp-json\/wp\/v2\/media\/87056"}],"wp:attachment":[{"href":"https:\/\/www.ikuchyne.sk\/eshop\/wp-json\/wp\/v2\/media?parent=87055"}],"wp:term":[{"taxonomy":"product_cat","embeddable":true,"href":"https:\/\/www.ikuchyne.sk\/eshop\/wp-json\/wp\/v2\/product_cat?post=87055"},{"taxonomy":"product_tag","embeddable":true,"href":"https:\/\/www.ikuchyne.sk\/eshop\/wp-json\/wp\/v2\/product_tag?post=87055"}],"curies":[{"name":"wp","href":"https:\/\/api.w.org\/{rel}","templated":true}]}}